Blahová 12/15/2019
 Last update: 16:33
Updated every 10 minutes
 Cold 
 Akt.temp: 5.1°C
 Max.temp: 6.9°C
 Min.temp: 1.0°C
 Devpoint: 2.1 °C
 Wind speed: 0.9m/s
 Wind direction: N-NE
 Max wind gust: 5.0m/s
 Precipitation: 0.0mm
 Pressure: 1011.3 hPa
 P.tendency: +0.7 hPa/3h
 Humidity: 81%
 Abs.humidity: 5.54 g/m3
Ground temperature
Min.temp 1.1°C /07:46
Akt.temp
3.9°C

2019: Jan | Feb | Mar | Apr | May | Jun | Jul | Aug | Sep | Oct | Nov | Dec 
2018: Jan | Feb | Mar | Apr | May | Jun | Jul | Aug | Sep | Oct | Nov | Dec 
2017: Jan | Feb | Mar | Apr | May | Jun | Jul | Aug | Sep | Oct | Nov | Dec 
2016: Jan | Feb | Mar | Apr | May | Jun | Jul | Aug | Sep | Oct | Nov | Dec 
2015: Jan | Feb | Mar | Apr | May | Jun | Jul | Aug | Sep | Oct | Nov | Dec 
2014: Jan | Feb | Mar | Apr | May | Jun | Jul | Aug | Sep | Oct | Nov | Dec 
2013: Jan | Feb | Mar | Apr | May | Jun | Jul | Aug | Sep | Oct | Nov | Dec 
2012: Jan | Feb | Mar | Apr | May | Jun | Jul | Aug | Sep | Oct | Nov | Dec 
2011: Jan | Feb | Mar | Apr | May | Jun | Jul | Aug | Sep | Oct | Nov | Dec 
2010: Jan | Feb | Mar | Apr | May | Jun | Jul | Aug | Sep | Oct | Nov | Dec 
2009: Jan | Feb | Mar | Apr | May | Jun | Jul | Aug | Sep | Oct | Nov | Dec 
2008: Jan | Feb | Mar | Apr | May | Jun | Jul | Aug | Sep | Oct | Nov | Dec 
2007: Jan | Feb | Mar | Apr | May | Jun | Jul | Aug | Sep | Oct | Nov | Dec 

Report for 2008 02
MONTHLY CLIMATOLOGICAL SUMMARY for február 2008 CITY: ELEV: 117 m LAT: 48° 1' 9" Sever LONG: 17° 2' 2" Východ TEMPERATURE (°C), BAROMETER (hPa), RAIN (mm), WIND SPEED (m/s) MEAN TEMPERATURE WIND DOM trans Ground DAY TEMP HIGH TIME LOW TIME HUM Baro Rain SPEED HIGH TIME DIR pirat min.temp time ------------------------------------------------------------------------------------------------------------------------------ 1 2.3 6.3 15:00 -2.0 02:00 85 1005.7 0.0 1.9 5.1 13:40 V-JV 0.419 -- - - 2 3.2 4.5 10:59 2.5 00:00 83 1011.4 2.7 0.0 4.1 01:00 V-SV 0.215 -- - - 3 3.2 9.1 12:39 -3.3 06:59 76 1020.4 0.0 2.3 5.4 15:39 V-JV 0.836 -- - - 4 5.5 8.5 14:19 1.7 05:59 84 1010.9 0.0 2.4 6.9 13:59 V-JV 0.494 -- - - 5 3.6 11.4 13:59 -1.2 23:59 83 1017.3 0.0 0.2 1.9 12:59 JZ 0.821 -- - - 6 5.0 7.7 15:39 -1.6 00:59 85 1012.3 0.0 1.2 3.6 13:39 V 0.329 -- - - 7 4.0 9.3 12:19 1.1 19:39 71 1028.0 0.0 0.7 5.3 10:59 Z 0.935 -- - - 8 3.2 10.3 13:59 -1.0 23:59 74 1032.7 0.0 0.4 3.4 15:39 Z-SZ 1.080 -- - - 9 0.8 10.8 13:38 -3.8 06:18 79 1032.7 0.0 0.1 1.9 13:18 S 1.071 -- - - 10 0.3 10.7 13:18 -4.0 06:58 77 1030.4 0.0 0.1 2.4 10:38 S 1.208 -- - - 11 -1.0 9.2 14:18 -5.9 06:38 80 1031.5 0.0 0.1 1.3 10:58 V 0.955 -- - - 12 -1.4 5.5 14:58 -5.4 23:58 84 1032.8 0.0 0.1 1.2 02:18 SV 0.522 -- - - 13 -2.2 0.3 15:58 -4.9 03:38 88 1029.2 0.0 0.2 1.6 21:18 V-SV 0.169 -- - - 14 0.7 3.3 14:18 -3.6 00:18 82 1026.3 0.0 0.3 2.2 14:18 V-SV 0.370 -- - - 15 -0.6 4.9 11:38 -4.4 23:58 65 1027.5 0.0 1.1 6.4 08:58 S-SZ 0.761 -- - - 16 -4.4 1.1 12:17 -7.0 22:37 52 1037.0 0.0 1.4 7.5 10:37 S-SZ 0.816 -- - - 17 -3.7 4.8 12:17 -12.4 06:37 53 1034.3 0.0 0.3 3.4 12:17 Z 1.058 -- - - 18 3.5 9.0 11:57 -3.6 05:57 52 1021.6 0.0 0.2 3.4 01:57 Z-JZ 1.312 -- - - 19 3.3 10.8 10:17 -2.1 23:57 72 1020.2 0.0 0.6 2.7 10:57 Z 0.995 -- - - 20 1.9 13.5 13:37 -4.8 04:57 75 1018.3 0.0 0.7 3.0 12:57 V-JV 1.524 -- - - 21 3.3 10.0 14:57 -3.6 01:57 80 1020.7 0.0 0.4 2.1 15:17 JV 0.803 -- - - 22 8.9 13.4 15:37 2.9 00:17 72 1018.9 0.0 0.8 3.4 04:37 Z-JZ 1.143 -- - - 23 10.3 14.4 13:36 5.1 23:56 62 1020.9 0.0 1.1 5.1 07:36 Z 1.509 -- - - 24 8.3 19.0 13:56 0.6 07:16 68 1019.3 0.0 1.1 5.3 15:36 V 2.544 -- - - 25 9.1 21.1 13:36 -0.8 06:36 66 1016.2 0.0 0.4 2.3 17:36 V-SV 2.995 -- - - 26 7.0 19.6 13:56 -0.8 06:36 69 1011.3 0.0 0.5 2.9 10:56 JV 2.563 -- - - 27 7.8 16.5 11:56 -0.8 04:56 63 1011.6 0.0 1.0 6.4 13:16 Z 1.815 -- - - 28 5.2 14.8 11:56 0.5 23:56 63 1018.1 0.0 0.3 3.3 11:56 Z-SZ 1.835 -- - - 29 4.3 7.9 23:55 -2.4 04:36 87 1010.6 3.4 0.1 3.0 22:56 V-SV 0.356 -- - - ------------------------------------------------------------------------------------------------------------------------------ Avg: 3.2 21.1 25 -12.4 17 73 1021.7 6.2 0.7 7.5 16 Z 31.454 Wind Run 2607.0 km Calm Values 890 Calm in % 42.6 % Sun Distribution WD Values 1199 Distribution WD N-NO 3.7 % Distribution WD NO 1.6 % Distribution WD NO-O 7.3 % Distribution WD O 10.6 % Distribution WD O-SO 10.7 % Distribution WD SO 7.2 % Distribution WD SO-S 2.6 % Distribution WD S 2.9 % Distribution WD S-SW 4.2 % Distribution WD SW 6.2 % Distribution WD SW-W 8.0 % Distribution WD W 11.1 % Distribution WD W-NW 7.8 % Distribution WD NW 2.1 % Distribution WD NW-N 7.7 % Distribution WD N 6.5 % Rain days >0.0 mm Month 2 Rain days >2.0 mm Month 2 Rain days >20.0 mm Month 0 Ice days max < 0°C 0 Cold days min < 0°C 22 Cool days max < 10°C 15 Summer days max >=25°C 0 Hot days max >=30°C 0 Last year same Month: Ice days max < 0°C - - Last year same Month: Cold days min < 0°C - - Last year same Month: Cool days max < 10°C - - Last year same Month: Summer days max >=25°C - - Last year same Month: Hot days max >=30°C - - © 1999-2011 Werner Krenn / Mischa Thurnherr - Meteostanice Obsluzný a vyhodnocovací software - V2.96.7


  ©UMa Astronomy

Creative Commons License
Meteo by UMa Astronomy is licensed under a Creative Commons Attribution-NonCommercial-NoDerivs 3.0 Unported License.