Blahová 11/12/2019
 Last update: 16:48
Updated every 10 minutes
 Cold 
 Akt.temp: 8.8°C
 Max.temp: 10.1°C
 Min.temp: 6.1°C
 Devpoint: 5.2 °C
 Wind speed: 0.4m/s
 Wind direction: NE
 Max wind gust: 6.7m/s
 Precipitation: 10.0mm
 Pressure: 1005.6 hPa
 P.tendency: -1.7 hPa/3h
 Humidity: 78%
 Abs.humidity: 6.79 g/m3
Ground temperature
Min.temp 6.1°C /06:05
Akt.temp
9.3°C

2019: Jan | Feb | Mar | Apr | May | Jun | Jul | Aug | Sep | Oct | Nov | Dec 
2018: Jan | Feb | Mar | Apr | May | Jun | Jul | Aug | Sep | Oct | Nov | Dec 
2017: Jan | Feb | Mar | Apr | May | Jun | Jul | Aug | Sep | Oct | Nov | Dec 
2016: Jan | Feb | Mar | Apr | May | Jun | Jul | Aug | Sep | Oct | Nov | Dec 
2015: Jan | Feb | Mar | Apr | May | Jun | Jul | Aug | Sep | Oct | Nov | Dec 
2014: Jan | Feb | Mar | Apr | May | Jun | Jul | Aug | Sep | Oct | Nov | Dec 
2013: Jan | Feb | Mar | Apr | May | Jun | Jul | Aug | Sep | Oct | Nov | Dec 
2012: Jan | Feb | Mar | Apr | May | Jun | Jul | Aug | Sep | Oct | Nov | Dec 
2011: Jan | Feb | Mar | Apr | May | Jun | Jul | Aug | Sep | Oct | Nov | Dec 
2010: Jan | Feb | Mar | Apr | May | Jun | Jul | Aug | Sep | Oct | Nov | Dec 
2009: Jan | Feb | Mar | Apr | May | Jun | Jul | Aug | Sep | Oct | Nov | Dec 
2008: Jan | Feb | Mar | Apr | May | Jun | Jul | Aug | Sep | Oct | Nov | Dec 
2007: Jan | Feb | Mar | Apr | May | Jun | Jul | Aug | Sep | Oct | Nov | Dec 

Report for 2011 10
MONTHLY CLIMATOLOGICAL SUMMARY for October 2011 CITY: Blahová ELEV: 117 m LAT: 48° 5' 7" North LONG: 17° 32' 48" East TEMPERATURE (°C), BAROMETER (hPa), RAIN (mm), WIND SPEED (m/s) MEAN TEMPERATURE WIND DOM trans Ground DAY TEMP HIGH TIME LOW TIME HUM Baro Rain SPEED HIGH TIME DIR pirat min.temp time ------------------------------------------------------------------------------------------------------------------------------ 1 17.4 27.9 15:06 8.1 06:25 60 1024.8 0.0 1.3 5.0 16:50 N-NW 4.747 0.0 00:00 2 16.9 25.7 14:54 8.4 07:02 62 1023.1 0.0 1.2 7.1 17:08 N-NW 3.849 0.0 00:00 3 13.5 25.2 15:36 7.2 07:07 71 1022.4 0.0 0.1 3.0 02:39 N-NW 3.605 0.0 00:00 4 15.2 26.1 14:34 6.3 06:37 72 1020.4 0.0 0.4 7.0 14:09 W-NW 3.844 0.0 00:00 5 15.0 23.6 13:56 9.5 07:03 70 1020.8 0.0 1.3 9.3 14:37 W-NW 2.857 0.0 00:00 6 16.5 24.1 16:03 9.0 07:05 69 1013.4 0.0 2.1 7.6 15:44 S 2.927 0.0 00:00 7 9.2 14.3 00:00 7.5 19:54 85 1008.3 13.1 2.0 9.0 07:39 W-NW 0.453 0.0 00:00 8 7.9 12.4 13:00 4.4 06:12 80 1010.1 0.0 2.1 8.4 15:59 W 0.896 0.0 00:00 9 8.0 12.5 13:09 3.8 03:42 78 1017.7 0.0 2.6 9.8 10:49 W-NW 1.038 0.0 00:00 10 7.8 11.7 13:36 2.6 05:32 82 1017.3 3.3 1.1 6.3 00:29 S-SW 0.955 0.0 00:00 11 14.9 18.9 15:43 8.5 00:23 78 1015.2 0.1 1.7 7.5 15:17 S-SW 1.218 0.0 00:00 12 11.5 14.9 08:36 9.5 20:49 82 1016.3 2.9 1.6 8.8 05:30 W 0.782 0.0 00:00 13 8.1 14.7 14:29 4.5 22:00 74 1024.3 1.2 1.1 8.4 15:10 W-NW 1.707 0.0 00:00 14 6.5 11.0 14:03 3.3 03:31 68 1031.2 0.0 2.5 8.7 09:46 N-NW 1.388 3.1 03:19 15 6.2 12.5 13:41 -0.5 05:13 67 1030.8 0.0 3.2 7.9 13:36 N-NW 1.513 -0.4 05:18 16 3.2 11.5 15:14 -1.5 23:43 67 1031.4 0.0 0.1 4.5 10:15 E-NE 1.565 -1.5 23:48 17 4.3 12.9 15:01 -2.4 05:29 64 1025.7 0.0 0.9 3.9 13:41 NE 1.818 -2.5 05:23 18 5.3 14.5 15:23 -3.2 07:23 61 1018.8 0.0 1.2 5.7 12:24 E-NE 2.110 -2.9 06:38 19 8.3 15.0 15:41 0.8 06:59 64 1014.0 0.0 1.4 6.8 13:38 NE 1.653 0.4 06:54 20 7.5 10.4 15:17 4.0 23:48 79 1022.5 1.4 2.0 7.9 04:38 W 0.800 3.7 23:43 21 5.7 11.2 14:05 0.9 23:42 67 1026.7 0.0 2.3 9.2 14:50 NW 1.406 0.2 23:54 22 3.4 12.3 14:48 -0.3 07:45 72 1026.0 0.0 0.3 3.0 15:10 NE 1.503 -0.4 07:46 23 6.7 8.7 23:44 2.9 00:01 87 1023.6 0.5 0.8 3.5 18:30 NE 0.254 1.2 00:05 24 9.5 11.9 12:09 8.6 01:54 86 1019.6 0.4 2.8 8.7 18:30 E-NE 0.585 8.8 07:09 25 9.1 10.4 22:42 7.6 07:47 88 1016.2 7.8 3.4 10.4 11:30 E 0.262 8.2 07:31 26 10.4 12.3 15:29 7.9 07:01 77 1020.0 0.4 2.7 9.5 04:50 E-NE 0.842 8.0 06:43 27 10.6 13.4 16:30 8.2 08:17 73 1022.6 0.0 2.6 8.1 16:27 E-NE 0.957 8.4 07:40 28 9.0 11.1 16:31 7.7 07:45 75 1027.3 0.0 1.0 7.5 03:23 E 0.838 8.3 07:40 29 10.1 13.1 13:37 6.4 01:27 78 1027.1 0.0 0.2 2.1 12:39 NE 1.084 5.8 01:02 30 8.8 12.6 13:54 5.4 23:59 75 1024.4 0.0 0.4 2.5 10:53 E-NE 1.109 4.5 23:49 31 6.9 15.0 14:04 2.9 23:53 81 1022.0 0.0 0.0 2.8 11:41 N-NW 1.271 2.0 23:50 ------------------------------------------------------------------------------------------------------------------------------ Avg: 9.5 27.9 1 -3.2 18 74 1021.4 31.3 1.5 10.4 25 E-NE 49.833 Wind Run 5375.7 km Calm Values 8625 Calm in % 19.3 % Sun 151:48 h Distribution WD Values 35990 Distribution WD N-NO 3.0 % Distribution WD NO 7.8 % Distribution WD NO-O 12.5 % Distribution WD O 9.3 % Distribution WD O-SO 5.1 % Distribution WD SO 2.1 % Distribution WD SO-S 1.9 % Distribution WD S 2.8 % Distribution WD S-SW 3.2 % Distribution WD SW 3.0 % Distribution WD SW-W 5.2 % Distribution WD W 10.1 % Distribution WD W-NW 10.7 % Distribution WD NW 6.5 % Distribution WD NW-N 10.8 % Distribution WD N 6.0 % Rain days >0.0 mm Month 11 Rain days >2.0 mm Month 4 Rain days >20.0 mm Month 0 Ice days max < 0°C 0 Cold days min < 0°C 5 Cool days max < 10°C 1 Summer days max >=25°C 4 Hot days max >=30°C 0 Last year same Month: Ice days max < 0°C 0 Last year same Month: Cold days min < 0°C 4 Last year same Month: Cool days max < 10°C 2 Last year same Month: Summer days max >=25°C 0 Last year same Month: Hot days max >=30°C 0 © 1999-2011 Werner Krenn / Mischa Thurnherr - Weatherstation Operating- and Data Acquisition Software - V2.96.7


  ©UMa Astronomy

Creative Commons License
Meteo by UMa Astronomy is licensed under a Creative Commons Attribution-NonCommercial-NoDerivs 3.0 Unported License.