Blahová 09/20/2019
 Last update: 09:18
Updated every 10 minutes
 Cold 
 Akt.temp: 13.3°C
 Max.temp: 13.3°C
 Min.temp: 3.3°C
 Devpoint: 7.3 °C
 Wind speed: 1.7m/s
 Wind direction: N-NW
 Max wind gust: 3.2m/s
 Precipitation: 0.0mm
 Pressure: 1028.4 hPa
 P.tendency: +1.5 hPa/3h
 Humidity: 67%
 Abs.humidity: 7.74 g/m3
Ground temperature
Min.temp 2.5°C /05:08
Akt.temp
14.1°C

2019: Jan | Feb | Mar | Apr | May | Jun | Jul | Aug | Sep | Oct | Nov | Dec 
2018: Jan | Feb | Mar | Apr | May | Jun | Jul | Aug | Sep | Oct | Nov | Dec 
2017: Jan | Feb | Mar | Apr | May | Jun | Jul | Aug | Sep | Oct | Nov | Dec 
2016: Jan | Feb | Mar | Apr | May | Jun | Jul | Aug | Sep | Oct | Nov | Dec 
2015: Jan | Feb | Mar | Apr | May | Jun | Jul | Aug | Sep | Oct | Nov | Dec 
2014: Jan | Feb | Mar | Apr | May | Jun | Jul | Aug | Sep | Oct | Nov | Dec 
2013: Jan | Feb | Mar | Apr | May | Jun | Jul | Aug | Sep | Oct | Nov | Dec 
2012: Jan | Feb | Mar | Apr | May | Jun | Jul | Aug | Sep | Oct | Nov | Dec 
2011: Jan | Feb | Mar | Apr | May | Jun | Jul | Aug | Sep | Oct | Nov | Dec 
2010: Jan | Feb | Mar | Apr | May | Jun | Jul | Aug | Sep | Oct | Nov | Dec 
2009: Jan | Feb | Mar | Apr | May | Jun | Jul | Aug | Sep | Oct | Nov | Dec 
2008: Jan | Feb | Mar | Apr | May | Jun | Jul | Aug | Sep | Oct | Nov | Dec 
2007: Jan | Feb | Mar | Apr | May | Jun | Jul | Aug | Sep | Oct | Nov | Dec 

Report for 2012 10
MONTHLY CLIMATOLOGICAL SUMMARY for October 2012 CITY: Blahová ELEV: 118 m LAT: 48° 5' 7" North LONG: 17° 32' 48" East TEMPERATURE (°C), BAROMETER (hPa), RAIN (mm), WIND SPEED (m/s) MEAN TEMPERATURE WIND DOM trans Ground DAY TEMP HIGH TIME LOW TIME HUM Baro Rain SPEED HIGH TIME DIR pirat min.temp time ------------------------------------------------------------------------------------------------------------------------------ 1 17.9 24.7 16:03 11.8 01:00 75 1016.5 0.1 0.9 6.2 11:47 E 2.640 11.9 00:37 2 14.2 16.5 11:33 12.9 02:00 83 1016.7 2.1 0.7 3.7 03:53 W-SW 0.613 12.8 01:53 3 12.9 22.0 15:52 8.5 23:36 73 1016.7 0.0 1.0 6.2 09:41 W-SW 2.733 8.4 23:37 4 16.2 23.1 15:04 6.3 05:47 71 1013.7 0.4 1.8 9.3 23:41 E-SE 2.892 6.7 05:39 5 14.5 19.9 15:09 7.2 07:07 65 1018.3 0.0 2.6 9.7 01:16 S-SE 2.352 6.8 07:04 6 15.5 24.8 15:53 7.4 07:26 72 1015.2 0.0 0.6 6.6 16:05 S-SE 3.184 7.2 07:01 7 11.9 19.3 12:29 8.1 22:09 79 1013.6 7.5 3.2 14.7 16:50 W-SW 1.316 8.2 22:12 8 7.0 14.8 14:05 2.7 23:35 74 1018.7 0.0 0.9 8.1 11:59 W-SW 1.666 3.1 23:32 9 10.7 15.0 14:19 2.6 00:16 73 1010.3 0.0 1.5 6.3 11:32 NE 1.592 3.3 06:42 10 7.9 15.2 15:15 2.1 06:55 72 1013.2 0.0 0.4 4.8 17:30 W-SW 1.757 2.4 06:18 11 8.3 15.2 14:39 0.9 06:42 71 1014.0 0.0 0.6 4.4 16:38 NE 1.851 1.2 06:46 12 10.4 12.4 15:19 8.2 03:13 68 1013.1 0.0 1.6 6.4 12:12 E-NE 1.142 8.8 02:58 13 10.7 15.3 14:41 7.6 07:08 78 1013.6 1.5 0.3 4.2 12:59 NW 1.235 7.6 07:07 14 13.1 16.1 13:45 10.3 00:23 78 1006.8 0.0 2.2 7.3 22:26 E-NE 1.239 10.7 23:47 15 13.4 19.9 15:06 9.6 23:58 76 1006.8 3.2 2.9 9.4 14:00 E 1.565 9.9 23:57 16 7.9 9.5 00:00 7.5 19:41 84 1010.8 28.3 1.8 7.4 16:54 W-SW 0.357 8.1 19:54 17 9.2 13.3 16:12 4.4 07:13 84 1019.6 0.2 1.3 4.5 23:49 NE 0.465 4.9 04:56 18 13.2 19.2 15:28 8.9 07:13 74 1019.2 0.1 3.0 9.3 14:49 E-NE 1.612 8.0 06:45 19 13.1 19.3 15:12 7.7 07:12 75 1019.1 0.0 1.5 4.3 01:19 NE 1.802 6.7 07:26 20 9.5 17.7 12:37 7.0 07:20 81 1019.1 0.1 0.4 3.4 12:49 NE 1.127 5.5 07:21 21 10.9 19.3 15:55 7.0 02:14 84 1019.0 0.3 0.3 4.2 13:10 E-NE 0.817 8.3 00:25 22 10.6 19.6 15:30 4.8 04:11 81 1021.8 0.2 0.6 2.1 13:05 W 1.461 5.9 04:08 23 6.9 13.3 15:11 3.4 07:36 86 1022.4 0.2 0.8 4.2 14:06 S-SE 0.429 4.2 07:33 24 8.5 9.3 15:42 6.9 00:00 87 1018.9 0.6 0.2 2.4 13:39 W 0.322 8.1 00:00 25 9.3 10.3 13:21 8.1 04:00 82 1012.1 0.0 1.3 5.8 23:13 S 0.626 9.0 22:20 26 9.4 11.1 13:03 7.5 02:53 78 1006.7 3.9 1.5 5.0 02:44 S 0.872 8.0 00:43 27 6.9 12.3 15:56 1.9 23:54 86 991.6 20.8 3.7 10.3 21:28 E-NE 0.388 2.4 23:49 28 2.7 3.9 13:23 1.1 03:53 76 1007.4 0.3 4.8 12.4 14:12 W 0.450 1.4 03:46 29 1.0 2.5 13:30 -0.1 05:56 83 1010.8 4.5 2.6 7.2 00:54 W 0.251 0.1 23:50 30 3.5 5.7 14:00 -1.5 02:13 75 1009.7 0.0 1.4 4.3 11:36 E-SE 0.676 -1.2 01:42 31 4.4 9.7 14:20 -0.5 06:34 79 1010.1 0.0 2.7 8.2 16:35 E-NE 0.805 -0.7 06:52 ------------------------------------------------------------------------------------------------------------------------------ Avg: 10.0 24.8 6 -1.5 30 77 1013.7 74.6 1.6 14.7 7 E-NE 40.235 Wind Run 5029.4 km Calm Values 11751 Calm in % 26.5 % Sun 147:05 h Distribution WD Values 32656 Distribution WD N-NO 2.7 % Distribution WD NO 11.1 % Distribution WD NO-O 12.3 % Distribution WD O 7.5 % Distribution WD O-SO 6.5 % Distribution WD SO 3.7 % Distribution WD SO-S 6.3 % Distribution WD S 6.6 % Distribution WD S-SW 5.4 % Distribution WD SW 5.2 % Distribution WD SW-W 11.9 % Distribution WD W 9.4 % Distribution WD W-NW 2.3 % Distribution WD NW 4.5 % Distribution WD NW-N 2.2 % Distribution WD N 2.6 % Rain days >0.0 mm Month 18 Rain days >2.0 mm Month 7 Rain days >20.0 mm Month 2 Ice days max < 0°C 0 Cold days min < 0°C 3 Cool days max < 10°C 6 Summer days max >=25°C 0 Hot days max >=30°C 0 Last year same Month: Ice days max < 0°C 0 Last year same Month: Cold days min < 0°C 5 Last year same Month: Cool days max < 10°C 1 Last year same Month: Summer days max >=25°C 4 Last year same Month: Hot days max >=30°C 0 © 1999-2012 Werner Krenn / Mischa Thurnherr - Weatherstation Operating- and Data Acquisition Software - V2.96.10


  ©UMa Astronomy

Creative Commons License
Meteo by UMa Astronomy is licensed under a Creative Commons Attribution-NonCommercial-NoDerivs 3.0 Unported License.