Blahová 11/13/2019
 Last update: 20:28
Updated every 10 minutes
 Cold 
 Akt.temp: 5.3°C
 Max.temp: 9.9°C
 Min.temp: 4.8°C
 Devpoint: 2 °C
 Wind speed: 1.9m/s
 Wind direction: W-SW
 Max wind gust: 7.7m/s
 Precipitation: 11.8mm
 Pressure: 1005.5 hPa
 P.tendency: +3.9 hPa/3h
 Humidity: 79%
 Abs.humidity: 5.48 g/m3
Ground temperature
Min.temp 5.8°C /18:24
Akt.temp
6.5°C

2019: Jan | Feb | Mar | Apr | May | Jun | Jul | Aug | Sep | Oct | Nov | Dec 
2018: Jan | Feb | Mar | Apr | May | Jun | Jul | Aug | Sep | Oct | Nov | Dec 
2017: Jan | Feb | Mar | Apr | May | Jun | Jul | Aug | Sep | Oct | Nov | Dec 
2016: Jan | Feb | Mar | Apr | May | Jun | Jul | Aug | Sep | Oct | Nov | Dec 
2015: Jan | Feb | Mar | Apr | May | Jun | Jul | Aug | Sep | Oct | Nov | Dec 
2014: Jan | Feb | Mar | Apr | May | Jun | Jul | Aug | Sep | Oct | Nov | Dec 
2013: Jan | Feb | Mar | Apr | May | Jun | Jul | Aug | Sep | Oct | Nov | Dec 
2012: Jan | Feb | Mar | Apr | May | Jun | Jul | Aug | Sep | Oct | Nov | Dec 
2011: Jan | Feb | Mar | Apr | May | Jun | Jul | Aug | Sep | Oct | Nov | Dec 
2010: Jan | Feb | Mar | Apr | May | Jun | Jul | Aug | Sep | Oct | Nov | Dec 
2009: Jan | Feb | Mar | Apr | May | Jun | Jul | Aug | Sep | Oct | Nov | Dec 
2008: Jan | Feb | Mar | Apr | May | Jun | Jul | Aug | Sep | Oct | Nov | Dec 
2007: Jan | Feb | Mar | Apr | May | Jun | Jul | Aug | Sep | Oct | Nov | Dec 

Report for 2014 06
MONTHLY CLIMATOLOGICAL SUMMARY for June 2014 CITY: Blahová ELEV: 118 m LAT: 48° 5' 7" North LONG: 17° 32' 48" East TEMPERATURE (°C), BAROMETER (hPa), RAIN (mm), WIND SPEED (m/s) MEAN TEMPERATURE WIND DOM trans Ground DAY TEMP HIGH TIME LOW TIME HUM Baro Rain SPEED HIGH TIME DIR pirat min.temp time ------------------------------------------------------------------------------------------------------------------------------ 1 15.9 23.3 13:48 12.3 02:18 64 1014.7 0.1 2.1 9.8 11:55 NW 4.431 12.4 02:28 2 16.0 21.7 13:58 11.0 04:25 65 1015.0 0.0 1.4 7.7 09:40 NW 3.906 10.7 04:26 3 15.6 21.7 14:23 10.5 03:43 73 1014.1 0.8 0.6 3.9 19:34 NE 3.551 11.2 00:22 4 17.4 23.9 15:52 9.8 03:25 68 1010.6 0.1 0.8 5.4 15:52 E-SE 4.199 9.9 03:32 5 18.8 24.6 13:48 10.7 04:20 68 1015.0 0.0 0.5 6.4 08:39 W-NW 3.860 11.1 04:11 6 18.9 27.2 16:03 11.5 03:56 62 1017.9 0.0 1.0 6.3 12:18 N 5.819 11.6 03:32 7 20.9 29.2 16:00 10.9 02:09 65 1018.4 0.0 0.4 3.3 11:57 N 6.139 10.3 03:57 8 22.7 32.1 16:47 12.9 03:35 62 1020.3 0.0 0.1 5.1 15:44 N 8.669 12.8 03:49 9 23.8 32.9 15:07 13.9 03:49 65 1019.3 0.0 0.4 5.1 12:50 S-SE 8.352 13.8 03:48 10 25.2 34.6 16:22 15.3 03:42 65 1017.8 0.0 0.2 4.4 15:04 N-NE 9.224 15.4 03:37 11 26.2 34.4 14:23 16.8 02:32 57 1018.5 0.0 1.3 5.8 17:34 N 9.032 16.1 03:46 12 23.5 29.9 13:38 17.8 23:29 66 1019.0 0.0 1.0 8.4 13:04 N 5.448 17.2 03:41 13 21.4 26.6 15:31 16.7 01:46 52 1014.6 0.0 2.1 8.6 15:58 N 5.779 16.5 01:40 14 17.8 23.7 15:39 12.3 23:17 57 1013.6 0.0 2.7 10.3 14:53 NW 4.803 12.2 23:22 15 17.8 23.8 14:04 8.8 04:19 57 1015.4 0.0 2.9 8.7 14:24 N 4.646 9.3 04:15 16 17.3 23.7 14:15 10.4 04:18 57 1015.5 0.0 0.2 4.5 13:02 N 4.639 10.5 04:20 17 17.0 25.5 12:43 10.4 04:33 65 1015.1 0.0 0.8 4.8 16:02 N 4.305 10.4 02:36 18 18.8 27.3 13:54 11.0 01:11 54 1015.7 0.0 0.7 5.5 16:30 N 6.553 10.2 02:03 19 19.2 27.4 13:27 11.9 03:08 58 1011.5 0.0 0.8 7.7 16:22 N 6.280 11.0 02:47 20 17.1 22.3 14:53 10.9 23:59 57 1012.5 0.0 2.9 10.1 15:46 W-NW 4.026 10.9 23:59 21 16.3 21.5 14:09 9.5 03:51 57 1015.9 0.0 1.0 7.9 12:22 W-NW 3.717 9.6 03:46 22 18.9 26.7 16:47 10.9 02:20 53 1017.1 0.0 0.8 7.9 12:17 W-NW 6.366 10.9 01:35 23 21.3 28.3 16:54 9.8 04:29 52 1017.3 0.0 1.3 6.9 14:02 W-NW 6.265 10.0 04:07 24 17.8 23.5 17:06 12.0 23:59 63 1013.6 0.0 1.6 6.7 10:52 W-NW 4.125 11.7 23:52 25 18.6 25.1 14:22 9.3 04:15 65 1007.9 0.2 1.9 10.0 19:57 W-NW 4.739 10.0 04:17 26 15.4 21.9 16:47 11.3 04:22 63 1014.2 0.0 2.4 11.5 09:44 W-NW 3.811 11.0 23:43 27 18.9 26.2 15:10 7.8 02:26 53 1017.7 0.0 0.8 4.8 13:01 N 5.363 8.2 02:37 28 22.1 27.7 13:45 11.6 02:32 54 1014.6 0.0 2.7 11.4 14:20 S-SE 6.164 11.2 02:06 29 20.8 28.9 12:18 15.4 23:07 72 1008.7 12.0 2.3 14.3 14:51 SE 4.417 15.3 03:47 30 15.6 19.3 16:58 13.4 23:35 82 1011.2 19.7 2.4 7.9 16:51 W-NW 1.108 13.3 23:42 ------------------------------------------------------------------------------------------------------------------------------ Avg: 19.2 34.6 10 7.8 27 62 1015.1 32.9 1.3 14.3 29 N 159.736 Wind Run 4916.7 km Calm Values 8978 Calm in % 20.9 % Sun 343:56 h Distribution WD Values 34024 Distribution WD N-NO 8.6 % Distribution WD NO 4.9 % Distribution WD NO-O 1.9 % Distribution WD O 3.5 % Distribution WD O-SO 4.0 % Distribution WD SO 3.7 % Distribution WD SO-S 3.9 % Distribution WD S 2.0 % Distribution WD S-SW 2.5 % Distribution WD SW 3.3 % Distribution WD SW-W 3.6 % Distribution WD W 3.9 % Distribution WD W-NW 16.0 % Distribution WD NW 14.7 % Distribution WD NW-N 5.9 % Distribution WD N 17.4 % Rain days >0.0 mm Month 6 Rain days >2.0 mm Month 2 Rain days >20.0 mm Month 0 Ice days max < 0°C 0 Cold days min < 0°C 0 Cool days max < 10°C 0 Summer days max >=25°C 17 Hot days max >=30°C 4 Last year same Month: Ice days max < 0°C 0 Last year same Month: Cold days min < 0°C 0 Last year same Month: Cool days max < 10°C 0 Last year same Month: Summer days max >=25°C 14 Last year same Month: Hot days max >=30°C 6 © 1999-2013 Werner Krenn / Mischa Thurnherr - Weatherstation Operating- and Data Acquisition Software - V2.97.8


  ©UMa Astronomy

Creative Commons License
Meteo by UMa Astronomy is licensed under a Creative Commons Attribution-NonCommercial-NoDerivs 3.0 Unported License.