Blahová 10/18/2019
 Last update: 00:53
Updated every 10 minutes
 Cold 
 Akt.temp: 10.2°C
 Max.temp: 10.2°C
 Min.temp: 9.8°C
 Devpoint: 6.4 °C
 Wind speed: 0.0m/s
 Wind direction: 000
 Max wind gust: 0.0m/s
 Precipitation: 0.0mm
 Pressure: 1016.1 hPa
 P.tendency: -- hPa/3h
 Humidity: 77%
 Abs.humidity: 7.33 g/m3
Ground temperature
Min.temp 7.2°C /00:50
Akt.temp
7.3°C

2019: Jan | Feb | Mar | Apr | May | Jun | Jul | Aug | Sep | Oct | Nov | Dec 
2018: Jan | Feb | Mar | Apr | May | Jun | Jul | Aug | Sep | Oct | Nov | Dec 
2017: Jan | Feb | Mar | Apr | May | Jun | Jul | Aug | Sep | Oct | Nov | Dec 
2016: Jan | Feb | Mar | Apr | May | Jun | Jul | Aug | Sep | Oct | Nov | Dec 
2015: Jan | Feb | Mar | Apr | May | Jun | Jul | Aug | Sep | Oct | Nov | Dec 
2014: Jan | Feb | Mar | Apr | May | Jun | Jul | Aug | Sep | Oct | Nov | Dec 
2013: Jan | Feb | Mar | Apr | May | Jun | Jul | Aug | Sep | Oct | Nov | Dec 
2012: Jan | Feb | Mar | Apr | May | Jun | Jul | Aug | Sep | Oct | Nov | Dec 
2011: Jan | Feb | Mar | Apr | May | Jun | Jul | Aug | Sep | Oct | Nov | Dec 
2010: Jan | Feb | Mar | Apr | May | Jun | Jul | Aug | Sep | Oct | Nov | Dec 
2009: Jan | Feb | Mar | Apr | May | Jun | Jul | Aug | Sep | Oct | Nov | Dec 
2008: Jan | Feb | Mar | Apr | May | Jun | Jul | Aug | Sep | Oct | Nov | Dec 
2007: Jan | Feb | Mar | Apr | May | Jun | Jul | Aug | Sep | Oct | Nov | Dec 

Report for 2014 09
MONTHLY CLIMATOLOGICAL SUMMARY for September 2014 CITY: Blahová ELEV: 118 m LAT: 48° 5' 7" North LONG: 17° 32' 48" East TEMPERATURE (°C), BAROMETER (hPa), RAIN (mm), WIND SPEED (m/s) MEAN TEMPERATURE WIND DOM trans Ground DAY TEMP HIGH TIME LOW TIME HUM Baro Rain SPEED HIGH TIME DIR pirat min.temp time ------------------------------------------------------------------------------------------------------------------------------ 1 15.3 16.9 16:08 14.3 06:03 89 1010.8 13.1 1.8 5.4 10:51 W-NW 0.482 14.9 05:53 2 14.9 16.3 16:29 13.3 05:17 88 1013.6 5.7 2.3 8.2 04:36 W-NW 0.487 13.6 05:24 3 18.3 23.2 15:17 13.4 05:27 81 1015.0 0.1 3.2 10.3 13:31 N 1.665 13.4 05:25 4 19.9 27.3 14:38 14.6 05:02 77 1016.3 0.0 1.1 6.2 14:56 N 3.640 14.2 04:40 5 19.9 27.1 13:24 14.7 05:18 76 1014.2 0.0 0.6 4.1 16:36 E 3.842 14.0 05:15 6 19.1 24.8 14:44 15.0 05:34 79 1014.0 0.1 0.3 4.5 21:56 W-SW 2.508 14.8 05:27 7 17.8 23.0 13:18 14.2 23:57 82 1015.1 0.1 0.1 3.7 16:20 S-SW 2.113 14.6 23:37 8 18.9 26.6 14:37 12.0 05:22 78 1016.0 0.1 0.7 4.8 14:45 S-SW 3.775 12.0 05:21 9 20.1 27.5 13:36 13.0 05:30 80 1014.9 0.6 1.2 4.6 15:04 E 3.454 12.8 03:59 10 16.9 23.9 14:39 13.0 22:26 76 1012.8 0.1 0.5 5.1 16:08 W-NW 3.109 13.0 22:12 11 14.9 15.8 05:32 13.6 00:00 88 1009.8 33.4 1.3 5.9 16:03 N-NW 0.475 13.6 00:00 12 14.3 16.4 15:31 12.9 06:16 90 1013.8 39.6 0.8 5.7 04:38 W 0.366 13.6 06:11 13 17.2 21.0 14:02 14.3 05:00 86 1015.1 27.5 1.0 8.9 02:47 N-NE 1.231 14.9 04:50 14 16.9 19.9 13:45 14.1 23:59 87 1015.0 2.9 0.9 4.5 14:54 E-NE 0.917 13.9 23:56 15 17.0 20.8 12:43 12.9 01:19 86 1016.7 0.1 0.8 3.8 12:58 N-NW 1.303 13.2 00:29 16 15.5 21.5 12:09 12.2 22:09 83 1018.2 0.1 0.5 3.5 13:07 N 1.916 12.2 22:27 17 15.6 23.3 13:35 10.6 05:55 79 1019.3 0.1 1.2 4.5 12:32 E 2.705 11.1 05:43 18 16.7 21.8 13:46 10.9 04:47 75 1018.4 0.2 2.3 9.2 11:34 E 2.530 10.8 04:51 19 16.6 21.6 14:13 12.9 01:01 79 1016.3 0.0 1.9 5.9 10:21 E-NE 1.881 12.4 01:57 20 19.2 25.5 13:45 12.7 03:05 80 1013.2 7.3 0.6 9.5 21:48 S 2.810 12.9 03:00 21 18.4 25.3 13:46 14.0 03:50 80 1010.5 2.7 1.4 11.1 15:08 S-SW 2.478 13.6 03:50 22 12.8 17.5 13:38 9.6 23:23 76 1011.0 0.1 3.1 11.0 12:09 W 1.604 9.4 23:25 23 11.0 16.5 13:04 5.5 23:59 73 1016.9 0.0 2.4 12.8 12:34 W 1.624 5.6 23:56 24 12.3 18.1 14:40 1.7 05:21 74 1015.8 0.0 1.7 7.7 15:05 E-SE 2.094 2.5 05:40 25 12.8 16.7 12:01 7.7 05:25 80 1017.0 0.0 0.9 6.2 11:56 W 1.394 7.8 05:29 26 12.3 15.5 15:06 10.4 22:38 83 1020.5 0.2 1.2 6.1 13:57 W 0.990 10.4 22:26 27 14.1 20.1 13:38 10.0 23:59 83 1025.7 0.5 0.9 7.3 13:07 W 1.683 9.9 23:59 28 13.3 21.7 14:11 6.7 05:42 78 1027.7 0.2 0.9 3.4 14:57 E 2.597 7.2 05:22 29 13.9 22.3 13:46 8.1 04:46 80 1025.9 0.1 1.4 7.1 12:47 E-NE 2.592 8.0 05:44 30 15.1 23.1 14:14 8.1 05:56 79 1024.3 0.1 0.4 2.2 07:08 N-NW 2.786 8.2 04:10 ------------------------------------------------------------------------------------------------------------------------------ Avg: 16.0 27.5 9 1.7 24 81 1016.5 135.2 1.2 12.8 23 W 61.052 Wind Run 4334.6 km Calm Values 8545 Calm in % 19.8 % Sun 193:14 h Distribution WD Values 34609 Distribution WD N-NO 5.5 % Distribution WD NO 3.4 % Distribution WD NO-O 7.9 % Distribution WD O 9.7 % Distribution WD O-SO 5.6 % Distribution WD SO 4.5 % Distribution WD SO-S 2.5 % Distribution WD S 3.2 % Distribution WD S-SW 4.9 % Distribution WD SW 5.3 % Distribution WD SW-W 4.7 % Distribution WD W 11.5 % Distribution WD W-NW 11.3 % Distribution WD NW 5.4 % Distribution WD NW-N 6.5 % Distribution WD N 8.1 % Rain days >0.0 mm Month 24 Rain days >2.0 mm Month 8 Rain days >20.0 mm Month 3 Ice days max < 0°C 0 Cold days min < 0°C 0 Cool days max < 10°C 0 Summer days max >=25°C 6 Hot days max >=30°C 0 Last year same Month: Ice days max < 0°C 0 Last year same Month: Cold days min < 0°C 0 Last year same Month: Cool days max < 10°C 0 Last year same Month: Summer days max >=25°C 4 Last year same Month: Hot days max >=30°C 0 © 1999-2013 Werner Krenn / Mischa Thurnherr - Weatherstation Operating- and Data Acquisition Software - V2.97.8


  ©UMa Astronomy

Creative Commons License
Meteo by UMa Astronomy is licensed under a Creative Commons Attribution-NonCommercial-NoDerivs 3.0 Unported License.