Blahová 12/09/2019
 Last update: 12:02
Updated every 10 minutes
 Cold 
 Akt.temp: 4.1°C
 Max.temp: 4.1°C
 Min.temp: 2.5°C
 Devpoint: 1.1 °C
 Wind speed: 0.8m/s
 Wind direction: E-SE
 Max wind gust: 4.3m/s
 Precipitation: 0.0mm
 Pressure: 1008.4 hPa
 P.tendency: -0.6 hPa/3h
 Humidity: 81%
 Abs.humidity: 5.18 g/m3
Ground temperature
Min.temp 2.6°C /03:03
Akt.temp
5.1°C

2019: Jan | Feb | Mar | Apr | May | Jun | Jul | Aug | Sep | Oct | Nov | Dec 
2018: Jan | Feb | Mar | Apr | May | Jun | Jul | Aug | Sep | Oct | Nov | Dec 
2017: Jan | Feb | Mar | Apr | May | Jun | Jul | Aug | Sep | Oct | Nov | Dec 
2016: Jan | Feb | Mar | Apr | May | Jun | Jul | Aug | Sep | Oct | Nov | Dec 
2015: Jan | Feb | Mar | Apr | May | Jun | Jul | Aug | Sep | Oct | Nov | Dec 
2014: Jan | Feb | Mar | Apr | May | Jun | Jul | Aug | Sep | Oct | Nov | Dec 
2013: Jan | Feb | Mar | Apr | May | Jun | Jul | Aug | Sep | Oct | Nov | Dec 
2012: Jan | Feb | Mar | Apr | May | Jun | Jul | Aug | Sep | Oct | Nov | Dec 
2011: Jan | Feb | Mar | Apr | May | Jun | Jul | Aug | Sep | Oct | Nov | Dec 
2010: Jan | Feb | Mar | Apr | May | Jun | Jul | Aug | Sep | Oct | Nov | Dec 
2009: Jan | Feb | Mar | Apr | May | Jun | Jul | Aug | Sep | Oct | Nov | Dec 
2008: Jan | Feb | Mar | Apr | May | Jun | Jul | Aug | Sep | Oct | Nov | Dec 
2007: Jan | Feb | Mar | Apr | May | Jun | Jul | Aug | Sep | Oct | Nov | Dec 

Report for 2016 04
MONTHLY CLIMATOLOGICAL SUMMARY for April 2016 CITY: Blahová ELEV: 118 m LAT: 48° 5' 7" North LONG: 17° 32' 48" East TEMPERATURE (°C), BAROMETER (hPa), RAIN (mm), WIND SPEED (m/s) MEAN TEMPERATURE WIND DOM trans Ground DAY TEMP HIGH TIME LOW TIME HUM Baro Rain SPEED HIGH TIME DIR pirat min.temp time ------------------------------------------------------------------------------------------------------------------------------ 1 10.0 17.5 11:36 4.5 23:53 66 1015.9 0.0 3.8 12.8 15:45 W-NW 2.0 3.4 23:56 2 8.9 15.0 14:45 1.0 05:27 54 1023.3 0.0 2.4 9.3 13:24 E-SE 3.0 -0.8 05:26 3 13.0 20.3 15:16 3.8 05:41 55 1015.4 0.0 2.8 9.2 11:23 E 4.4 2.9 05:31 4 15.0 23.9 15:01 9.9 05:20 63 1007.2 0.0 1.3 6.6 08:14 E 4.8 7.5 23:54 5 15.8 25.1 14:02 7.1 03:54 67 1005.9 0.0 0.6 4.4 10:39 E-NE 5.2 4.8 03:58 6 14.0 21.2 12:35 7.2 04:04 69 1009.8 0.0 2.5 10.4 11:20 W 3.6 6.1 04:55 7 14.6 21.2 13:36 7.8 05:28 65 1009.4 0.0 1.3 5.9 18:34 W 3.7 5.9 05:14 8 10.7 14.8 11:58 8.0 23:38 82 1003.6 4.8 3.7 8.3 14:38 W 1.3 8.5 23:35 9 8.1 9.5 13:47 7.4 04:40 85 1003.8 0.1 3.5 9.4 17:14 W 0.6 7.7 04:50 10 9.2 12.0 12:58 7.2 03:19 79 1010.2 0.0 3.7 9.7 16:52 W 1.1 7.5 04:45 11 10.1 16.0 14:34 5.2 23:58 78 1011.5 0.0 1.2 6.3 09:03 W 1.8 3.7 23:59 12 9.7 19.3 13:50 2.5 03:32 81 1010.3 0.1 1.3 8.8 14:23 W 1.8 2.3 02:56 13 15.5 21.7 14:46 2.9 05:01 67 1004.5 0.8 3.3 10.9 21:47 E-NE 3.9 2.1 05:35 14 11.0 15.7 14:24 6.1 23:58 76 1007.8 0.6 3.6 12.2 09:23 W 2.0 4.4 23:45 15 13.7 18.9 13:52 3.7 05:05 69 1009.2 0.0 1.9 8.4 13:30 SE 3.1 2.4 04:54 16 17.7 24.1 14:32 5.1 05:18 53 1006.5 0.0 3.1 9.8 12:17 S 5.0 3.6 04:58 17 16.4 22.3 13:39 11.1 05:11 64 1007.6 0.0 1.7 12.3 11:03 SE 3.4 8.8 01:06 18 12.6 15.7 14:07 10.4 02:17 69 1016.5 0.0 2.5 7.9 11:11 W 1.9 9.2 02:05 19 12.5 17.6 13:50 7.1 04:25 55 1020.7 0.0 3.2 12.0 16:50 W 3.0 5.6 04:18 20 8.6 15.5 13:24 2.3 23:58 57 1025.5 0.0 2.8 9.8 12:19 W 2.9 0.4 23:35 21 11.8 18.7 14:11 0.3 04:05 58 1021.5 0.0 1.3 4.7 14:59 N-NE 3.4 -1.1 04:35 22 13.0 22.1 14:02 4.8 02:54 56 1011.9 0.0 1.3 7.7 13:55 W 4.6 2.2 01:38 23 11.5 16.5 15:10 7.5 05:11 65 1003.1 0.0 1.6 4.7 14:34 N-NE 2.6 5.6 01:11 24 7.3 10.6 01:08 5.1 04:55 60 1006.6 1.6 4.0 14.4 03:20 W 1.9 5.1 23:58 25 5.7 10.9 15:24 1.3 23:52 64 1007.8 0.0 3.7 10.3 13:31 W 1.9 0.1 23:55 26 10.1 15.8 14:02 -2.6 05:00 55 1004.8 0.1 2.4 10.1 12:43 SE 3.2 -4.0 04:34 27 5.0 6.7 00:11 2.5 23:57 90 1010.9 10.3 1.7 8.2 16:19 W 0.3 0.8 23:28 28 0.7 9.6 11:34 -2.4 04:29 90 1017.8 0.1 0.9 6.0 13:34 SE 0.2 -2.1 04:38 29 3.0 10.8 19:12 0.7 00:00 82 1018.9 0.1 0.9 7.7 14:45 N-NW 0.2 -2.9 04:14 30 12.4 19.9 13:56 0.5 03:52 56 1017.2 0.1 1.1 5.2 11:44 E-NE 4.0 -1.3 04:35 ------------------------------------------------------------------------------------------------------------------------------ Avg: 10.9 25.1 5 -2.6 26 67 1011.5 18.8 2.3 14.4 24 W 80.8 Wind Run 7206.7 km Calm Values 3897 Calm in % 9.0 % Sun 262:43 h Distribution WD Values 39260 Distribution WD N-NO 3.999 % Distribution WD NO 1.994 % Distribution WD NO-O 5.028 % Distribution WD O 6.077 % Distribution WD O-SO 5.066 % Distribution WD SO 5.672 % Distribution WD SO-S 3.214 % Distribution WD S 4.154 % Distribution WD S-SW 3.049 % Distribution WD SW 3.793 % Distribution WD SW-W 6.340 % Distribution WD W 23.533 % Distribution WD W-NW 13.523 % Distribution WD NW 4.177 % Distribution WD NW-N 7.221 % Distribution WD N 3.158 % Rain days >0.0 mm Month 11 Rain days >2.0 mm Month 2 Rain days >20.0 mm Month 0 Ice days max < 0°C 0 Cold days min < 0°C 2 Cool days max < 10°C 3 Summer days max >=25°C 1 Hot days max >=30°C 0 Last year same Month: Ice days max < 0°C 0 Last year same Month: Cold days min < 0°C 3 Last year same Month: Cool days max < 10°C 3 Last year same Month: Summer days max >=25°C 1 Last year same Month: Hot days max >=30°C 0 © 1999-2015 Werner Krenn / Mischa Thurnherr - Weatherstation Operating- and Data Acquisition Software - V2.98.1


  ©UMa Astronomy

Creative Commons License
Meteo by UMa Astronomy is licensed under a Creative Commons Attribution-NonCommercial-NoDerivs 3.0 Unported License.