Blahová 11/18/2019
 Last update: 20:08
Updated every 10 minutes
 Cold 
 Akt.temp: 6.5°C
 Max.temp: 14.1°C
 Min.temp: 6.5°C
 Devpoint: 2.9 °C
 Wind speed: 1.6m/s
 Wind direction: S-SE
 Max wind gust: 8.4m/s
 Precipitation: 0.3mm
 Pressure: 1016.1 hPa
 P.tendency: +2.9 hPa/3h
 Humidity: 78%
 Abs.humidity: 5.85 g/m3
Ground temperature
Min.temp 3.9°C /20:06
Akt.temp
4.0°C

2019: Jan | Feb | Mar | Apr | May | Jun | Jul | Aug | Sep | Oct | Nov | Dec 
2018: Jan | Feb | Mar | Apr | May | Jun | Jul | Aug | Sep | Oct | Nov | Dec 
2017: Jan | Feb | Mar | Apr | May | Jun | Jul | Aug | Sep | Oct | Nov | Dec 
2016: Jan | Feb | Mar | Apr | May | Jun | Jul | Aug | Sep | Oct | Nov | Dec 
2015: Jan | Feb | Mar | Apr | May | Jun | Jul | Aug | Sep | Oct | Nov | Dec 
2014: Jan | Feb | Mar | Apr | May | Jun | Jul | Aug | Sep | Oct | Nov | Dec 
2013: Jan | Feb | Mar | Apr | May | Jun | Jul | Aug | Sep | Oct | Nov | Dec 
2012: Jan | Feb | Mar | Apr | May | Jun | Jul | Aug | Sep | Oct | Nov | Dec 
2011: Jan | Feb | Mar | Apr | May | Jun | Jul | Aug | Sep | Oct | Nov | Dec 
2010: Jan | Feb | Mar | Apr | May | Jun | Jul | Aug | Sep | Oct | Nov | Dec 
2009: Jan | Feb | Mar | Apr | May | Jun | Jul | Aug | Sep | Oct | Nov | Dec 
2008: Jan | Feb | Mar | Apr | May | Jun | Jul | Aug | Sep | Oct | Nov | Dec 
2007: Jan | Feb | Mar | Apr | May | Jun | Jul | Aug | Sep | Oct | Nov | Dec 

Report for 2017 11
MONTHLY CLIMATOLOGICAL SUMMARY for November 2017 CITY: Blahova ELEV: 117 m LAT: 48° 2' 0" North LONG: 17° 6' 0" East TEMPERATURE (°C), BAROMETER (hPa), RAIN (mm), WIND SPEED (m/s) MEAN TEMPERATURE WIND DOM trans Ground DAY TEMP HIGH TIME LOW TIME HUM Baro Rain SPEED HIGH TIME DIR pirat min.temp time ------------------------------------------------------------------------------------------------------------------------------ 1 7.4 11.0 13:24 0.6 06:36 75 1018.1 0.0 1.3 4.9 11:21 S-SW 0.9 -0.5 06:38 2 9.6 13.7 13:18 3.8 07:18 76 1009.8 0.0 1.5 6.4 23:51 S 0.9 2.8 06:58 3 8.0 12.8 14:00 2.9 23:56 77 1014.4 0.0 1.6 7.3 10:11 W-NW 0.9 1.8 23:58 4 7.8 14.2 14:00 1.3 01:42 74 1013.9 0.2 2.3 8.4 13:41 E 1.4 0.5 01:46 5 9.3 12.7 14:50 7.1 06:50 79 1007.9 0.0 3.2 10.7 10:01 E-SE 0.8 6.5 23:52 6 6.6 11.4 12:26 2.6 06:50 78 1013.5 0.0 1.7 3.9 11:36 N-NW 0.7 1.4 06:58 7 8.8 13.2 14:14 2.9 07:22 73 1015.1 0.1 1.6 5.3 13:41 E-NE 1.1 0.8 06:42 8 7.9 9.1 13:36 7.3 21:30 78 1014.1 0.6 0.8 5.7 10:21 E-NE 0.5 7.4 23:22 9 8.4 10.3 13:30 7.4 00:00 79 1018.0 0.1 0.7 3.0 12:28 W 0.5 7.2 03:48 10 8.3 10.3 12:56 7.5 21:04 77 1012.9 0.0 2.0 5.0 13:06 SW 0.7 6.6 20:52 11 6.6 10.1 11:36 5.3 21:32 76 1008.0 2.6 2.2 10.2 11:40 W 0.8 5.2 08:02 12 7.7 8.9 22:24 5.5 00:00 78 998.8 2.4 2.0 7.9 23:16 E-SE 0.4 5.4 07:04 13 4.6 7.8 00:00 3.1 23:56 78 1006.2 0.5 4.5 12.1 11:51 W-NW 0.4 2.4 23:58 14 3.2 8.0 12:40 -1.3 23:56 74 1020.1 0.0 2.8 10.2 11:31 W-NW 0.8 -2.6 23:30 15 0.5 7.2 13:24 -3.2 06:26 79 1021.8 0.1 0.5 3.3 13:01 W-NW 0.6 -4.5 06:34 16 3.7 5.7 14:40 -3.2 02:40 79 1021.4 0.1 0.5 2.9 09:31 S-SE 0.4 -4.3 02:50 17 4.6 5.3 23:30 4.0 08:18 80 1019.6 0.9 1.8 5.9 11:21 W 0.4 3.8 22:06 18 5.8 8.9 12:38 4.1 03:50 77 1014.5 0.1 2.3 6.0 12:41 W-NW 0.6 1.8 17:54 19 4.9 6.1 01:12 2.8 17:22 77 1008.7 1.6 3.3 9.5 23:21 W-SW 0.4 1.1 17:20 20 4.6 7.6 12:44 3.1 07:44 77 1014.3 0.2 1.3 11.0 05:21 W-SW 0.5 2.4 00:32 21 5.2 6.4 23:49 2.6 06:41 78 1009.6 7.3 1.8 4.9 19:47 S-SW 0.4 2.6 06:51 22 5.6 12.8 13:01 1.8 23:14 77 1009.9 1.7 1.2 4.5 13:28 S 0.6 0.8 22:20 23 5.6 8.0 14:44 0.8 04:00 79 1013.7 0.2 2.0 6.0 09:53 E-NE 0.5 0.0 03:24 24 5.9 6.6 09:18 5.5 17:16 79 1014.6 0.0 1.6 5.6 21:42 E 0.4 5.4 18:08 25 7.4 10.4 13:42 5.7 01:22 78 1009.2 0.2 3.4 9.9 12:33 E-SE 0.6 5.6 01:36 26 3.6 6.7 03:54 1.3 22:04 75 1017.2 0.1 3.2 9.9 09:23 W-NW 0.6 0.3 22:12 27 0.4 6.1 13:52 -2.4 21:24 77 1018.0 0.0 1.8 8.7 10:20 W 0.6 -3.9 22:14 28 1.8 5.0 13:28 -2.1 00:08 76 1010.0 0.0 1.8 5.9 12:50 E 0.6 -3.3 00:00 29 1.5 4.1 11:52 0.7 20:28 79 1005.1 7.9 2.5 5.7 16:22 E 0.3 0.5 19:52 30 1.0 1.8 15:16 -1.5 23:54 78 1000.2 11.3 1.6 6.8 15:43 W 0.3 -2.0 23:56 ------------------------------------------------------------------------------------------------------------------------------ Avg: 5.5 14.2 4 -3.2 16 77 1012.6 38.4 2.0 12.1 13 W 18.8 Wind Run 6339.9km Calm Values 0 Calm in % 0.0% Sun 113:16 h Distribution WD Values 43141 Distribution WD N-NO 4.133% Distribution WD NO 2.717% Distribution WD NO-O 7.380% Distribution WD O 9.288% Distribution WD O-SO 6.898% Distribution WD SO 4.928% Distribution WD SO-S 3.646% Distribution WD S 5.155% Distribution WD S-SW 6.386% Distribution WD SW 6.029% Distribution WD SW-W 7.972% Distribution WD W 14.066% Distribution WD W-NW 10.795% Distribution WD NW 2.617% Distribution WD NW-N 5.171% Distribution WD N 2.819% Rain days >0.0 mm Month 20 Rain days >2.0 mm Month 5 Rain days >20.0 mm Month 0 Ice days max < 0°C 0 Cold days min < 0°C 6 Cool days max < 10°C 18 Summer days max >=25°C 0 Hot days max >=30°C 0 Last year same Month: Ice days max < 0°C 0 Last year same Month: Cold days min < 0°C 11 Last year same Month: Cool days max < 10°C 19 Last year same Month: Summer days max >=25°C 0 Last year same Month: Hot days max >=30°C 0 © 1999-2017 Werner Krenn / Mischa Thurnherr - Weatherstation Operating- and Data Acquisition Software - V2.98.8


  ©UMa Astronomy

Creative Commons License
Meteo by UMa Astronomy is licensed under a Creative Commons Attribution-NonCommercial-NoDerivs 3.0 Unported License.