Blahová 10/17/2019
 Last update: 23:48
Updated every 10 minutes
 Cold 
 Akt.temp: 9.7°C
 Max.temp: 20.1°C
 Min.temp: 5.3°C
 Devpoint: 6.1 °C
 Wind speed: 0.0m/s
 Wind direction: E-SE
 Max wind gust: 3.4m/s
 Precipitation: 0.2mm
 Pressure: 1016.1 hPa
 P.tendency: -0.3 hPa/3h
 Humidity: 78%
 Abs.humidity: 7.19 g/m3
Ground temperature
Min.temp 5.3°C /01:51
Akt.temp
7.2°C

2019: Jan | Feb | Mar | Apr | May | Jun | Jul | Aug | Sep | Oct | Nov | Dec 
2018: Jan | Feb | Mar | Apr | May | Jun | Jul | Aug | Sep | Oct | Nov | Dec 
2017: Jan | Feb | Mar | Apr | May | Jun | Jul | Aug | Sep | Oct | Nov | Dec 
2016: Jan | Feb | Mar | Apr | May | Jun | Jul | Aug | Sep | Oct | Nov | Dec 
2015: Jan | Feb | Mar | Apr | May | Jun | Jul | Aug | Sep | Oct | Nov | Dec 
2014: Jan | Feb | Mar | Apr | May | Jun | Jul | Aug | Sep | Oct | Nov | Dec 
2013: Jan | Feb | Mar | Apr | May | Jun | Jul | Aug | Sep | Oct | Nov | Dec 
2012: Jan | Feb | Mar | Apr | May | Jun | Jul | Aug | Sep | Oct | Nov | Dec 
2011: Jan | Feb | Mar | Apr | May | Jun | Jul | Aug | Sep | Oct | Nov | Dec 
2010: Jan | Feb | Mar | Apr | May | Jun | Jul | Aug | Sep | Oct | Nov | Dec 
2009: Jan | Feb | Mar | Apr | May | Jun | Jul | Aug | Sep | Oct | Nov | Dec 
2008: Jan | Feb | Mar | Apr | May | Jun | Jul | Aug | Sep | Oct | Nov | Dec 
2007: Jan | Feb | Mar | Apr | May | Jun | Jul | Aug | Sep | Oct | Nov | Dec 

Report for 2018 11
MONTHLY CLIMATOLOGICAL SUMMARY for November 2018 CITY: Blahova ELEV: 117 m LAT: 48° 2' 0" North LONG: 17° 6' 0" East TEMPERATURE (°C), BAROMETER (hPa), RAIN (mm), WIND SPEED (m/s) MEAN TEMPERATURE WIND DOM trans Ground DAY TEMP HIGH TIME LOW TIME HUM Baro Rain SPEED HIGH TIME DIR pirat min.temp time ------------------------------------------------------------------------------------------------------------------------------ 1 14.3 19.2 14:22 10.7 00:00 69 1017.7 0.0 2.6 7.2 13:09 E-SE 2.0 8.1 01:58 2 15.6 20.6 13:32 9.3 05:54 73 1021.0 3.0 1.1 5.1 13:19 E 1.7 7.2 05:52 3 13.1 18.5 13:08 9.5 23:59 75 1023.1 0.0 0.2 2.6 09:01 W 1.1 8.0 23:41 4 11.3 18.4 14:21 6.8 23:51 77 1019.5 0.2 0.8 4.5 14:47 E-SE 1.3 5.4 23:41 5 10.2 17.7 13:25 5.3 04:48 73 1018.4 0.1 0.9 5.4 13:36 E-NE 1.4 3.3 05:04 6 10.8 17.0 13:53 6.7 00:00 72 1017.4 0.0 2.5 7.9 12:24 E 1.6 4.9 00:00 7 10.5 15.5 13:51 7.1 23:58 75 1017.3 0.0 2.4 7.6 14:11 E 1.2 5.8 23:57 8 7.9 14.1 13:41 3.7 23:51 77 1020.8 0.0 0.6 4.5 04:56 E 0.9 3.4 23:38 9 9.4 15.3 13:29 3.1 01:41 77 1018.3 0.1 1.3 4.5 13:20 E 1.0 3.3 01:32 10 8.6 12.9 13:48 4.5 06:51 76 1014.4 0.0 2.2 7.9 19:43 E 0.8 3.2 07:01 11 9.7 15.7 13:44 7.2 05:28 76 1017.9 0.0 1.9 7.4 00:20 E 1.1 5.0 23:32 12 12.6 16.9 14:26 6.4 05:14 73 1022.2 0.0 2.5 7.0 12:38 E 1.2 5.0 01:05 13 9.7 13.6 12:58 8.2 07:11 77 1025.7 0.0 1.2 8.3 11:54 E 0.8 6.0 06:01 14 7.0 13.7 11:58 2.5 23:49 74 1029.2 0.0 1.9 5.9 02:02 W-NW 1.1 0.6 23:52 15 3.2 10.9 13:26 0.1 21:11 76 1028.7 0.0 0.6 2.5 10:40 N-NW 0.9 -0.9 19:23 16 4.4 11.2 13:49 -0.9 04:05 72 1031.3 0.1 1.2 5.3 12:40 N 1.2 -1.8 03:52 17 1.7 8.4 13:36 -1.7 07:16 71 1030.2 0.1 0.8 4.0 11:21 N 1.0 -3.3 05:30 18 2.7 5.6 14:30 0.0 05:24 72 1019.5 0.0 0.8 3.0 11:14 N-NW 0.6 -0.1 05:18 19 2.6 3.4 12:02 1.6 07:34 79 1014.6 0.2 1.4 5.0 22:44 E 0.3 1.9 07:36 20 3.3 4.8 10:28 1.3 13:02 77 1011.0 5.1 1.8 6.7 07:11 E-NE 0.3 1.6 12:54 21 5.8 6.8 14:14 4.1 00:00 76 1015.1 0.1 0.7 4.3 03:41 E 0.5 4.0 00:00 22 5.7 6.3 14:30 5.3 20:16 77 1019.1 1.3 1.2 4.2 15:41 E-SE 0.4 4.9 23:08 23 6.2 6.9 14:32 5.2 00:54 76 1021.6 0.0 2.4 7.3 22:51 E-SE 0.5 4.9 06:48 24 5.4 6.3 00:02 4.7 05:56 77 1015.3 0.6 2.0 10.7 06:11 E-SE 0.4 5.1 19:04 25 6.6 7.3 12:02 4.9 02:48 77 1008.0 9.4 1.3 3.9 23:01 N-NE 0.5 4.9 02:44 26 6.3 7.7 10:32 4.6 23:38 76 1001.5 12.5 3.1 6.9 14:40 N-NW 0.5 4.2 23:24 27 0.9 4.6 00:00 -0.5 22:34 76 1011.2 3.1 3.6 9.2 15:51 N-NW 0.4 -0.8 20:48 28 -0.8 3.9 13:08 -4.6 23:58 77 1023.9 0.0 1.7 7.2 01:20 W-NW 0.5 -5.9 23:56 29 -2.2 0.7 12:36 -7.1 04:56 78 1029.3 0.0 2.7 7.8 18:01 E-SE 0.4 -8.1 05:02 30 -3.5 -0.3 13:16 -4.8 06:30 77 1022.3 0.0 3.3 7.9 18:01 E-SE 0.3 -5.1 06:54 ------------------------------------------------------------------------------------------------------------------------------ Avg: 6.6 20.6 2 -7.1 29 75 1019.5 36.0 1.7 10.7 24 E 26.1 Wind Run 5310.6km Calm Values 0 Calm in % 0.0% Sun 127:41 h Distribution WD Values 43027 Distribution WD N-NO 6.319% Distribution WD NO 3.598% Distribution WD NO-O 13.306% Distribution WD O 18.609% Distribution WD O-SO 16.531% Distribution WD SO 8.323% Distribution WD SO-S 1.388% Distribution WD S 0.846% Distribution WD S-SW 1.202% Distribution WD SW 1.264% Distribution WD SW-W 1.478% Distribution WD W 4.455% Distribution WD W-NW 5.476% Distribution WD NW 2.812% Distribution WD NW-N 7.772% Distribution WD N 6.621% Rain days >0.0 mm Month 14 Rain days >2.0 mm Month 5 Rain days >20.0 mm Month 0 Ice days max < 0°C 1 Cold days min < 0°C 6 Cool days max < 10°C 14 Summer days max >=25°C 0 Hot days max >=30°C 0 Last year same Month: Ice days max < 0°C 0 Last year same Month: Cold days min < 0°C 6 Last year same Month: Cool days max < 10°C 18 Last year same Month: Summer days max >=25°C 0 Last year same Month: Hot days max >=30°C 0 © 1999-2017 Werner Krenn / Mischa Thurnherr - Weatherstation Operating- and Data Acquisition Software - V2.98.8


  ©UMa Astronomy

Creative Commons License
Meteo by UMa Astronomy is licensed under a Creative Commons Attribution-NonCommercial-NoDerivs 3.0 Unported License.