Blahová 10/17/2019
 Last update: 23:48
Updated every 10 minutes
 Cold 
 Akt.temp: 9.7°C
 Max.temp: 20.1°C
 Min.temp: 5.3°C
 Devpoint: 6.1 °C
 Wind speed: 0.0m/s
 Wind direction: E-SE
 Max wind gust: 3.4m/s
 Precipitation: 0.2mm
 Pressure: 1016.1 hPa
 P.tendency: -0.3 hPa/3h
 Humidity: 78%
 Abs.humidity: 7.19 g/m3
Ground temperature
Min.temp 5.3°C /01:51
Akt.temp
7.2°C

2019: Jan | Feb | Mar | Apr | May | Jun | Jul | Aug | Sep | Oct | Nov | Dec 
2018: Jan | Feb | Mar | Apr | May | Jun | Jul | Aug | Sep | Oct | Nov | Dec 
2017: Jan | Feb | Mar | Apr | May | Jun | Jul | Aug | Sep | Oct | Nov | Dec 
2016: Jan | Feb | Mar | Apr | May | Jun | Jul | Aug | Sep | Oct | Nov | Dec 
2015: Jan | Feb | Mar | Apr | May | Jun | Jul | Aug | Sep | Oct | Nov | Dec 
2014: Jan | Feb | Mar | Apr | May | Jun | Jul | Aug | Sep | Oct | Nov | Dec 
2013: Jan | Feb | Mar | Apr | May | Jun | Jul | Aug | Sep | Oct | Nov | Dec 
2012: Jan | Feb | Mar | Apr | May | Jun | Jul | Aug | Sep | Oct | Nov | Dec 
2011: Jan | Feb | Mar | Apr | May | Jun | Jul | Aug | Sep | Oct | Nov | Dec 
2010: Jan | Feb | Mar | Apr | May | Jun | Jul | Aug | Sep | Oct | Nov | Dec 
2009: Jan | Feb | Mar | Apr | May | Jun | Jul | Aug | Sep | Oct | Nov | Dec 
2008: Jan | Feb | Mar | Apr | May | Jun | Jul | Aug | Sep | Oct | Nov | Dec 
2007: Jan | Feb | Mar | Apr | May | Jun | Jul | Aug | Sep | Oct | Nov | Dec 

Report for 2018 12
MONTHLY CLIMATOLOGICAL SUMMARY for December 2018 CITY: Blahova ELEV: 117 m LAT: 48° 2' 0" North LONG: 17° 6' 0" East TEMPERATURE (°C), BAROMETER (hPa), RAIN (mm), WIND SPEED (m/s) MEAN TEMPERATURE WIND DOM trans Ground DAY TEMP HIGH TIME LOW TIME HUM Baro Rain SPEED HIGH TIME DIR pirat min.temp time ------------------------------------------------------------------------------------------------------------------------------ 1 -2.5 -1.2 23:58 -3.7 00:32 80 1019.6 0.5 1.4 6.3 02:01 E 0.2 -2.9 00:12 2 -0.4 0.5 15:38 -1.3 00:00 79 1015.8 2.1 2.8 9.1 13:01 E 0.3 -0.6 00:00 3 1.7 3.0 15:04 0.2 00:00 78 1009.1 5.1 0.8 4.3 11:01 E 0.3 0.1 01:12 4 5.9 12.2 13:02 2.6 00:00 78 1012.7 5.3 2.2 10.2 15:51 W 0.8 1.6 23:42 5 1.6 6.5 12:46 -3.0 23:30 79 1026.8 0.0 1.7 6.6 14:10 W 0.6 -4.6 23:54 6 -0.3 2.3 14:22 -4.0 01:20 79 1022.7 0.0 1.5 6.1 10:46 E 0.3 -5.2 01:22 7 2.5 4.6 14:28 1.3 00:00 77 1014.6 0.1 1.3 7.1 23:21 E 0.4 1.2 02:18 8 4.3 7.7 11:58 2.1 08:14 77 1008.7 5.1 1.5 6.4 00:51 S-SW 0.5 0.3 17:48 9 5.1 7.6 15:34 3.3 02:30 79 1003.1 0.2 2.8 9.3 06:24 S 0.4 1.9 19:12 10 4.8 7.1 12:20 1.1 22:06 75 1009.9 0.1 3.8 11.8 09:08 W 0.6 -0.5 23:46 11 2.6 4.9 11:02 0.7 00:22 79 1012.2 2.4 3.1 10.3 12:01 W 0.4 -0.5 00:02 12 1.0 5.1 12:20 -2.0 23:28 79 1016.1 0.0 1.2 5.9 12:31 W 0.3 -3.9 23:26 13 -1.4 -0.5 12:14 -3.0 04:06 78 1018.9 0.0 0.4 3.2 20:31 N-NE 0.3 -4.3 01:36 14 -1.4 -0.4 20:48 -2.4 08:40 77 1018.9 0.2 1.0 3.5 05:01 N-NE 0.3 -2.1 07:16 15 -0.7 0.7 11:34 -1.3 19:20 79 1017.7 3.5 1.8 4.8 23:01 W-NW 0.3 -1.7 19:08 16 -1.4 -0.1 12:52 -2.3 23:52 79 1017.9 0.0 1.4 4.9 21:51 E-SE 0.3 -2.1 06:50 17 -2.1 0.1 12:34 -5.2 23:58 80 1020.2 0.0 0.5 3.0 01:04 E 0.3 -5.8 23:52 18 -2.0 1.3 13:46 -6.0 00:28 79 1024.6 0.0 0.6 3.1 13:21 S-SW 0.3 -6.1 00:22 19 -1.5 1.3 12:38 -4.0 23:54 79 1023.5 0.0 2.8 7.6 23:34 E 0.3 -3.5 23:52 20 -3.8 -2.8 19:58 -5.2 02:52 80 1018.5 1.6 2.1 8.5 00:41 E 0.2 -4.6 02:44 21 -1.3 1.0 22:26 -3.2 01:58 78 1017.0 0.8 1.3 4.8 19:46 E 0.3 -3.0 02:06 22 3.1 8.2 18:54 -2.3 04:10 78 1012.6 6.7 1.8 11.1 19:21 N-NW 0.5 -2.9 03:58 23 7.6 9.9 11:46 5.5 04:32 77 1018.5 4.3 1.6 5.9 14:21 S-SW 0.6 2.6 06:18 24 4.6 6.9 12:18 1.8 23:52 75 1013.6 20.9 3.8 14.9 12:12 W-NW 0.5 2.0 22:34 25 2.4 3.8 15:22 0.7 05:06 77 1025.5 0.0 3.9 12.2 02:06 W 0.3 0.8 04:44 26 3.8 4.8 14:22 3.0 08:34 76 1025.8 0.0 3.1 8.6 11:01 W 0.4 3.2 00:12 27 5.1 7.3 15:00 3.3 01:12 80 1022.3 0.0 1.6 6.4 10:18 W 0.4 2.7 01:09 28 5.4 8.6 14:10 3.5 02:40 78 1019.2 0.6 2.2 8.7 14:11 W 0.6 2.8 01:15 29 4.3 6.5 13:26 2.3 22:52 79 1023.9 0.0 3.2 9.3 11:46 W 0.4 2.2 22:51 30 4.1 5.8 13:18 1.8 02:26 79 1020.3 1.0 3.0 12.4 17:28 W 0.4 1.6 02:09 31 3.6 6.5 12:38 -1.4 23:04 76 1025.7 0.1 3.4 12.6 13:11 W-NW 0.6 -2.6 22:43 ------------------------------------------------------------------------------------------------------------------------------ Avg: 1.8 12.2 4 -6.0 18 78 1017.9 60.7 2.1 14.9 24 W 12.3 Wind Run 6801.1km Calm Values 0 Calm in % 0.0% Sun 50:40 h Distribution WD Values 44567 Distribution WD N-NO 5.699% Distribution WD NO 1.254% Distribution WD NO-O 6.621% Distribution WD O 13.422% Distribution WD O-SO 8.017% Distribution WD SO 4.135% Distribution WD SO-S 1.699% Distribution WD S 3.597% Distribution WD S-SW 4.961% Distribution WD SW 4.265% Distribution WD SW-W 6.458% Distribution WD W 18.166% Distribution WD W-NW 11.829% Distribution WD NW 2.843% Distribution WD NW-N 5.569% Distribution WD N 1.463% Rain days >0.0 mm Month 19 Rain days >2.0 mm Month 9 Rain days >20.0 mm Month 1 Ice days max < 0°C 5 Cold days min < 0°C 16 Cool days max < 10°C 30 Summer days max >=25°C 0 Hot days max >=30°C 0 Last year same Month: Ice days max < 0°C 0 Last year same Month: Cold days min < 0°C 18 Last year same Month: Cool days max < 10°C 28 Last year same Month: Summer days max >=25°C 0 Last year same Month: Hot days max >=30°C 0 © 1999-2017 Werner Krenn / Mischa Thurnherr - Weatherstation Operating- and Data Acquisition Software - V2.98.8


  ©UMa Astronomy

Creative Commons License
Meteo by UMa Astronomy is licensed under a Creative Commons Attribution-NonCommercial-NoDerivs 3.0 Unported License.