Blahová 06/05/2020
 Last update: 02:50
Updated every 10 minutes
 Cold 
 Akt.temp: 17.3 °C
 Max.temp: 18.5 °C
 Min.temp: 17.3 °C
 Devpoint: 11.6 °C
 Wind speed: 3.3 m/s
 Wind direction: S
 Max wind gust: 10.1 m/s
 Precipitation: 0.0 mm
 Pressure: 996.0  hPa
 P.tendency: --  hPa/3h
 Humidity: 69 %
 Abs.humidity: 10.16 g/m3
Ground temperature
Min.temp 16.6 °C /02:50
Akt.temp
16.6 °C

2020: Jan | Feb | Mar | Apr | May | Jun | Jul | Aug | Sep | Oct | Nov | Dec 
2019: Jan | Feb | Mar | Apr | May | Jun | Jul | Aug | Sep | Oct | Nov | Dec 
2018: Jan | Feb | Mar | Apr | May | Jun | Jul | Aug | Sep | Oct | Nov | Dec 
2017: Jan | Feb | Mar | Apr | May | Jun | Jul | Aug | Sep | Oct | Nov | Dec 
2016: Jan | Feb | Mar | Apr | May | Jun | Jul | Aug | Sep | Oct | Nov | Dec 
2015: Jan | Feb | Mar | Apr | May | Jun | Jul | Aug | Sep | Oct | Nov | Dec 
2014: Jan | Feb | Mar | Apr | May | Jun | Jul | Aug | Sep | Oct | Nov | Dec 
2013: Jan | Feb | Mar | Apr | May | Jun | Jul | Aug | Sep | Oct | Nov | Dec 
2012: Jan | Feb | Mar | Apr | May | Jun | Jul | Aug | Sep | Oct | Nov | Dec 
2011: Jan | Feb | Mar | Apr | May | Jun | Jul | Aug | Sep | Oct | Nov | Dec 
2010: Jan | Feb | Mar | Apr | May | Jun | Jul | Aug | Sep | Oct | Nov | Dec 
2009: Jan | Feb | Mar | Apr | May | Jun | Jul | Aug | Sep | Oct | Nov | Dec 
2008: Jan | Feb | Mar | Apr | May | Jun | Jul | Aug | Sep | Oct | Nov | Dec 
2007: Jan | Feb | Mar | Apr | May | Jun | Jul | Aug | Sep | Oct | Nov | Dec 

Report for 2020 05
MONTHLY CLIMATOLOGICAL SUMMARY for May 2020 CITY: Blahova ELEV: 119 m LAT: 48° 5' 18" North LONG: 17° 32' 39" East TEMPERATURE (°C), BAROMETER (hPa), RAIN (mm), WIND SPEED (m/s) MEAN TEMPERATURE WIND DOM trans Ground DAY TEMP HIGH TIME LOW TIME HUM Baro Rain SPEED HIGH TIME DIR pirat min.temp time ------------------------------------------------------------------------------------------------------------------------------ 1 14.5 19.8 14:00 11.8 23:58 66 1003.8 0.5 1.8 8.0 04:09 W 3.2 9.6 22:58 2 13.2 20.1 11:54 8.0 04:30 62 1006.1 0.2 2.6 12.1 23:30 W 3.7 5.9 04:08 3 11.0 17.5 12:50 6.1 23:00 62 1013.8 0.0 2.6 12.8 13:30 W-NW 2.5 3.4 22:59 4 13.3 19.8 14:14 2.5 04:38 58 1013.2 0.0 0.9 4.6 11:19 N 4.0 0.8 04:20 5 13.0 17.9 12:00 7.8 23:57 59 1012.3 0.2 4.5 10.0 21:09 N-NW 3.0 6.8 23:59 6 11.4 16.0 15:24 3.5 03:32 63 1015.0 0.0 3.5 14.1 12:59 W 2.3 2.3 03:24 7 14.3 21.3 14:06 6.6 04:16 50 1016.7 0.0 2.7 10.9 13:39 W 5.0 4.3 23:57 8 15.2 23.3 13:36 3.1 04:22 59 1014.7 0.0 1.0 4.6 13:39 E 4.9 1.2 04:26 9 18.7 25.8 12:54 8.7 01:58 51 1010.9 0.0 1.7 4.9 12:19 E 6.0 6.2 02:06 10 19.1 25.6 12:50 12.9 05:20 56 1006.0 0.0 2.0 8.9 14:49 SE 4.1 11.6 03:38 11 18.6 22.7 16:50 10.9 23:53 63 999.8 0.0 3.8 18.8 16:06 SE 3.4 9.6 04:04 12 7.8 14.4 13:54 2.9 23:44 59 1013.7 0.0 2.6 11.8 04:29 N-NW 2.8 0.6 23:54 13 10.0 14.9 14:00 2.8 01:22 72 1007.7 1.9 1.8 9.5 09:18 E 1.8 0.7 00:00 14 12.2 17.1 13:48 8.1 02:54 67 1009.5 0.5 2.9 10.0 17:49 N-NW 2.4 7.0 02:52 15 8.4 10.9 16:02 5.7 23:50 78 1013.4 23.4 1.5 8.9 18:50 N-NW 0.8 4.1 23:58 16 12.9 18.5 13:48 3.3 04:28 69 1020.9 0.1 0.5 3.8 16:09 E 3.2 2.0 03:28 17 14.3 21.5 14:30 8.1 01:06 71 1019.8 0.0 0.5 4.2 14:06 N 3.4 6.8 00:48 18 17.5 25.4 13:52 7.3 04:24 66 1019.9 0.0 0.8 5.3 14:39 N-NW 5.3 5.8 03:52 19 19.3 25.5 14:36 9.7 04:42 66 1016.6 0.0 1.1 8.4 16:59 S-SW 4.6 8.2 04:10 20 16.9 21.8 12:24 11.3 23:55 55 1016.2 0.0 4.0 13.1 12:36 N-NW 4.0 9.5 23:53 21 14.8 20.9 12:44 8.1 23:57 51 1019.8 0.0 3.4 10.6 14:20 N-NW 4.0 5.3 23:59 22 16.2 21.9 14:30 3.7 03:56 54 1020.7 0.5 0.9 6.5 16:49 N-NW 4.9 2.2 03:59 23 15.0 18.0 16:30 12.3 04:56 77 1019.9 14.6 2.6 12.3 23:10 SE 1.3 12.2 03:41 24 13.2 19.2 13:02 9.9 23:59 73 1024.9 6.1 3.0 12.5 06:59 W 1.2 8.8 23:53 25 11.8 17.1 13:28 9.1 03:00 77 1024.3 4.8 2.0 9.6 17:39 W 1.4 7.6 02:27 26 13.0 17.8 13:41 10.1 00:01 74 1027.1 0.1 4.0 11.6 13:19 N-NW 1.5 9.2 00:01 27 14.6 21.3 13:59 9.0 23:59 66 1026.7 0.0 2.1 10.6 15:18 N-NW 3.5 7.8 23:17 28 15.2 21.5 10:35 7.1 03:59 70 1021.8 0.0 2.3 11.5 15:03 W 3.1 5.8 04:00 29 15.1 20.7 14:15 10.6 23:57 66 1020.1 0.0 3.4 11.6 16:18 N-NW 3.2 9.1 23:57 30 14.5 19.4 13:12 8.5 04:12 59 1016.1 0.0 4.2 10.3 18:28 N-NW 2.7 6.6 03:54 31 11.7 12.6 16:46 9.8 09:30 77 1013.8 7.8 2.4 10.6 10:18 W 0.9 9.9 09:30 ------------------------------------------------------------------------------------------------------------------------------ Avg: 14.1 25.8 9 2.5 4 64 1015.6 60.7 2.4 18.8 11 N-NW 98.2 Wind Run 7818.6 km Calm Values 0 Calm in % 0.0 % Sun 275:04 h Distribution WD Values 42459 Distribution WD N-NO 4.491 % Distribution WD NO 1.533 % Distribution WD NO-O 3.392 % Distribution WD O 5.189 % Distribution WD O-SO 4.628 % Distribution WD SO 4.157 % Distribution WD SO-S 2.306 % Distribution WD S 3.342 % Distribution WD S-SW 3.147 % Distribution WD SW 3.005 % Distribution WD SW-W 4.616 % Distribution WD W 13.882 % Distribution WD W-NW 14.506 % Distribution WD NW 5.273 % Distribution WD NW-N 18.460 % Distribution WD N 8.074 % Rain days >0.0 mm Month 13 Rain days >2.0 mm Month 5 Rain days >20.0 mm Month 1 Ice days max < 0°C 0 Cold days min < 0°C 0 Cool days max < 10°C 0 Summer days max >=25°C 4 Hot days max >=30°C 0 Last year same Month: Ice days max < 0°C 0 Last year same Month: Cold days min < 0°C 0 Last year same Month: Cool days max < 10°C 2 Last year same Month: Summer days max >=25°C 1 Last year same Month: Hot days max >=30°C 0 © 1999-2019 Werner Krenn - Weatherstation Operating- and Data Acquisition Software - V2.99.8.7


  ©UMa Astronomy

Creative Commons License
Meteo by UMa Astronomy is licensed under a Creative Commons Attribution-NonCommercial-NoDerivs 3.0 Unported License.