Blahová 11/28/2020
 Last update: 08:40
Updated every 10 minutes
 Cold 
 Akt.temp: 1.8 °C
 Max.temp: 1.8 °C
 Min.temp: 0.9 °C
 Devpoint: -1.3 °C
 Wind speed: 0.8 m/s
 Wind direction: SW
 Max wind gust: 2.2 m/s
 Precipitation: 0.0 mm
 Pressure: 1017.9  hPa
 P.tendency: 0.0  hPa/3h
 Humidity: 80 %
 Abs.humidity: 4.39 g/m3
Ground temperature
Min.temp 2.0 °C /01:23
Akt.temp
3.3 °C

2020: Jan | Feb | Mar | Apr | May | Jun | Jul | Aug | Sep | Oct | Nov | Dec 
2019: Jan | Feb | Mar | Apr | May | Jun | Jul | Aug | Sep | Oct | Nov | Dec 
2018: Jan | Feb | Mar | Apr | May | Jun | Jul | Aug | Sep | Oct | Nov | Dec 
2017: Jan | Feb | Mar | Apr | May | Jun | Jul | Aug | Sep | Oct | Nov | Dec 
2016: Jan | Feb | Mar | Apr | May | Jun | Jul | Aug | Sep | Oct | Nov | Dec 
2015: Jan | Feb | Mar | Apr | May | Jun | Jul | Aug | Sep | Oct | Nov | Dec 
2014: Jan | Feb | Mar | Apr | May | Jun | Jul | Aug | Sep | Oct | Nov | Dec 
2013: Jan | Feb | Mar | Apr | May | Jun | Jul | Aug | Sep | Oct | Nov | Dec 
2012: Jan | Feb | Mar | Apr | May | Jun | Jul | Aug | Sep | Oct | Nov | Dec 
2011: Jan | Feb | Mar | Apr | May | Jun | Jul | Aug | Sep | Oct | Nov | Dec 
2010: Jan | Feb | Mar | Apr | May | Jun | Jul | Aug | Sep | Oct | Nov | Dec 
2009: Jan | Feb | Mar | Apr | May | Jun | Jul | Aug | Sep | Oct | Nov | Dec 
2008: Jan | Feb | Mar | Apr | May | Jun | Jul | Aug | Sep | Oct | Nov | Dec 
2007: Jan | Feb | Mar | Apr | May | Jun | Jul | Aug | Sep | Oct | Nov | Dec 

Report for 2020 11
MONTHLY CLIMATOLOGICAL SUMMARY for November 2020 CITY: Blahova ELEV: 119 m LAT: 48° 5' 18" North LONG: 17° 32' 39" East TEMPERATURE (°C), BAROMETER (hPa), RAIN (mm), WIND SPEED (m/s) MEAN TEMPERATURE WIND DOM trans Ground DAY TEMP HIGH TIME LOW TIME HUM Baro Rain SPEED HIGH TIME DIR pirat min.temp time ------------------------------------------------------------------------------------------------------------------------------ 1 10.5 12.7 14:54 9.3 00:01 80 1019.4 5.0 0.4 4.9 04:35 E 0.6 8.9 00:01 2 12.5 15.3 15:04 9.9 00:01 79 1017.5 2.4 0.6 2.8 11:15 E 0.7 10.2 00:36 3 12.4 14.1 13:50 11.1 19:58 82 1019.9 0.2 0.3 1.9 04:25 N-NE 0.6 10.5 19:40 4 11.9 12.9 00:52 10.4 23:43 79 1024.8 7.0 3.4 9.8 10:10 W-NW 0.7 9.7 23:57 5 8.2 12.8 13:14 3.6 23:59 75 1031.5 0.0 2.4 8.8 11:05 N-NW 0.9 2.9 23:35 6 4.6 11.8 13:04 0.0 05:48 77 1030.8 0.1 0.5 3.3 13:55 W 0.9 -0.3 06:32 7 6.2 12.5 13:56 0.8 06:14 76 1029.1 0.0 1.2 4.3 14:20 E 1.0 0.2 06:28 8 5.6 12.9 13:28 2.7 22:07 78 1024.8 0.0 0.4 3.7 09:05 E 0.8 2.2 05:58 9 5.8 6.5 13:46 3.1 00:01 80 1026.1 0.2 0.3 1.9 15:15 N 0.4 3.7 00:01 10 7.7 8.9 13:16 6.0 00:01 79 1027.2 0.0 0.7 2.3 21:55 E 0.5 6.0 00:01 11 6.6 7.4 12:52 6.1 07:18 80 1026.6 0.3 1.7 4.3 11:35 E-SE 0.4 6.3 06:56 12 6.7 7.1 14:26 6.0 08:26 80 1022.7 1.0 0.9 5.8 04:45 E-SE 0.4 6.1 06:54 13 6.6 7.7 15:44 4.9 07:12 79 1022.9 0.0 1.2 4.0 10:55 SE 0.4 3.6 06:58 14 7.8 8.5 12:34 6.9 00:01 80 1023.9 0.0 0.9 3.4 00:55 E-SE 0.5 6.8 00:01 15 8.0 9.5 14:02 6.6 05:08 79 1018.3 0.1 2.8 8.6 22:15 E 0.5 6.4 05:46 16 7.0 8.3 14:54 5.7 23:43 80 1018.3 0.1 0.8 8.3 03:05 E-SE 0.4 5.3 23:31 17 6.2 14.0 13:36 2.1 06:00 79 1025.8 0.0 0.4 5.9 13:00 W 0.8 1.2 05:46 18 7.0 13.2 13:58 2.9 03:12 78 1027.7 0.0 1.2 3.8 14:35 E-SE 0.9 2.7 07:26 19 7.0 8.5 14:48 5.0 00:01 79 1020.8 3.5 1.5 7.3 04:55 E-SE 0.5 3.9 00:01 20 4.5 8.0 11:58 0.9 23:57 75 1027.2 0.0 2.9 9.1 13:04 W-NW 0.7 -0.1 23:43 21 -0.1 6.6 13:23 -3.6 23:31 76 1032.2 0.0 0.7 5.6 02:42 N-NW 0.6 -3.3 22:09 22 1.7 6.5 13:23 -3.9 01:07 73 1028.3 0.1 1.9 6.6 13:35 E 0.9 -4.1 03:21 23 2.1 4.6 14:57 -0.3 23:17 80 1027.0 0.0 0.4 3.5 01:01 E-SE 0.3 -0.9 23:19 24 0.1 2.0 19:28 -1.6 04:49 82 1026.6 0.0 1.5 6.6 20:13 E-NE 0.2 -1.0 03:57 25 2.2 2.9 11:23 0.1 00:01 80 1023.3 0.0 2.3 7.8 06:22 E-SE 0.3 1.3 00:19 26 2.2 2.9 11:51 1.5 23:52 78 1022.4 0.0 0.2 3.2 01:12 E 0.3 2.6 23:01 27 0.9 1.5 00:00 0.7 18:16 80 1021.1 0.0 0.4 2.1 03:55 S-SW 0.3 1.6 05:59 ------------------------------------------------------------------------------------------------------------------------------ Avg: 6.0 15.3 2 -3.9 22 79 1024.7 20.2 1.2 9.8 4 E 15.6 Wind Run 3469.5 km Calm Values 0 Calm in % 0.0 % Sun 59:16 h Distribution WD Values 34480 Distribution WD N-NO 3.698 % Distribution WD NO 1.804 % Distribution WD NO-O 7.952 % Distribution WD O 17.778 % Distribution WD O-SO 17.137 % Distribution WD SO 10.980 % Distribution WD SO-S 2.799 % Distribution WD S 4.060 % Distribution WD S-SW 3.883 % Distribution WD SW 3.295 % Distribution WD SW-W 3.344 % Distribution WD W 5.853 % Distribution WD W-NW 6.238 % Distribution WD NW 2.657 % Distribution WD NW-N 5.435 % Distribution WD N 3.086 % Rain days >0.0 mm Month 12 Rain days >2.0 mm Month 4 Rain days >20.0 mm Month 0 Ice days max < 0°C 0 Cold days min < 0°C 4 Cool days max < 10°C 17 Summer days max >=25°C 0 Hot days max >=30°C 0 Last year same Month: Ice days max < 0°C 0 Last year same Month: Cold days min < 0°C 3 Last year same Month: Cool days max < 10°C 10 Last year same Month: Summer days max >=25°C 0 Last year same Month: Hot days max >=30°C 0 © 1999-2019 Werner Krenn - Weatherstation Operating- and Data Acquisition Software - V2.99.8.7


  ©UMa Astronomy

Creative Commons License
Meteo by UMa Astronomy is licensed under a Creative Commons Attribution-NonCommercial-NoDerivs 3.0 Unported License.