Blahová 05/27/2018
 Last update: 10:38
Updated every 10 minutes
 Cold 
 Akt.temp: 25.9°C
 Max.temp: 25.9°C
 Min.temp: 14.7°C
 Devpoint: 18.8 °C
 Wind speed: 0.8m/s
 Wind direction: SW
 Max wind gust: 2.9m/s
 Precipitation: 0.1mm
 Pressure: 1020.7 hPa
 P.tendency: +1.7 hPa/3h
 Humidity: 65%
 Abs.humidity: 15.74 g/m3
Ground temperature
Min.temp 13.4°C /03:55
Akt.temp
32.4°C

2018: Jan | Feb | Mar | Apr | May | Jun | Jul | Aug | Sep | Oct | Nov | Dec 
2017: Jan | Feb | Mar | Apr | May | Jun | Jul | Aug | Sep | Oct | Nov | Dec 
2016: Jan | Feb | Mar | Apr | May | Jun | Jul | Aug | Sep | Oct | Nov | Dec 
2015: Jan | Feb | Mar | Apr | May | Jun | Jul | Aug | Sep | Oct | Nov | Dec 
2014: Jan | Feb | Mar | Apr | May | Jun | Jul | Aug | Sep | Oct | Nov | Dec 
2013: Jan | Feb | Mar | Apr | May | Jun | Jul | Aug | Sep | Oct | Nov | Dec 
2012: Jan | Feb | Mar | Apr | May | Jun | Jul | Aug | Sep | Oct | Nov | Dec 
2011: Jan | Feb | Mar | Apr | May | Jun | Jul | Aug | Sep | Oct | Nov | Dec 
2010: Jan | Feb | Mar | Apr | May | Jun | Jul | Aug | Sep | Oct | Nov | Dec 
2009: Jan | Feb | Mar | Apr | May | Jun | Jul | Aug | Sep | Oct | Nov | Dec 
2008: Jan | Feb | Mar | Apr | May | Jun | Jul | Aug | Sep | Oct | Nov | Dec 
2007: Jan | Feb | Mar | Apr | May | Jun | Jul | Aug | Sep | Oct | Nov | Dec 

Report for 2018 05
MONTHLY CLIMATOLOGICAL SUMMARY for May 2018 CITY: Blahova ELEV: 117 m LAT: 48° 2' 0" North LONG: 17° 6' 0" East TEMPERATURE (°C), BAROMETER (hPa), RAIN (mm), WIND SPEED (m/s) MEAN TEMPERATURE WIND DOM trans Ground DAY TEMP HIGH TIME LOW TIME HUM Baro Rain SPEED HIGH TIME DIR pirat min.temp time ------------------------------------------------------------------------------------------------------------------------------ 1 17.7 24.1 14:04 10.1 04:31 62 1010.6 0.0 1.6 10.3 01:05 S 4.5 7.8 04:25 2 21.3 27.4 14:34 14.2 04:26 65 1009.1 0.0 2.2 9.9 12:29 E-NE 5.4 12.2 04:45 3 20.2 28.1 13:51 14.1 04:54 66 1009.4 0.0 1.1 8.8 01:59 N-NW 5.9 12.3 04:31 4 21.2 28.1 13:35 15.0 03:21 65 1014.3 0.0 3.1 8.2 19:48 N-NW 5.3 12.4 03:21 5 19.4 26.1 12:57 14.8 23:59 60 1017.1 0.0 3.2 8.9 16:38 N-NW 4.3 12.7 23:51 6 18.1 25.0 13:19 11.6 04:55 53 1017.1 0.0 2.5 7.8 01:43 N-NW 5.4 10.0 04:29 7 18.5 25.4 14:15 9.7 04:55 52 1014.5 0.0 2.2 5.2 12:48 N-NW 5.6 7.7 04:31 8 17.1 24.6 14:35 10.3 03:47 65 1008.8 0.0 1.2 11.8 15:58 N 5.4 8.0 03:35 9 17.2 25.2 11:21 11.3 04:45 76 1006.2 13.2 1.0 5.2 12:38 N 1.7 9.4 04:35 10 19.8 25.9 13:45 13.7 04:57 71 1010.9 0.0 1.3 5.9 19:01 E-NE 3.9 12.0 03:57 11 19.0 26.0 13:11 14.7 23:55 73 1016.3 0.0 1.3 4.9 08:28 W 3.5 12.8 23:59 12 19.3 27.2 14:05 12.9 04:41 67 1013.9 0.1 0.6 4.9 15:38 N 5.6 11.1 04:39 13 19.7 25.6 14:13 12.9 23:55 52 1010.3 0.0 1.5 5.2 13:48 E-NE 5.4 10.7 23:59 14 15.8 21.2 13:47 12.5 04:45 62 1010.1 0.0 1.3 6.8 06:58 E-NE 3.6 10.2 01:47 15 11.6 13.6 00:13 9.8 23:57 75 1007.5 8.5 1.1 5.5 12:23 N-NE 1.1 8.4 23:59 16 12.8 19.9 13:35 7.2 04:49 76 1008.3 2.9 0.5 6.7 13:38 S-SW 1.4 5.9 04:23 17 14.9 16.6 12:57 11.7 04:05 77 1010.5 0.2 2.6 8.3 13:18 W 1.3 10.5 00:00 18 17.1 21.9 15:49 14.0 03:11 70 1013.3 0.0 2.1 6.8 07:18 W 2.7 12.8 23:23 19 17.4 23.3 13:57 11.6 04:09 70 1016.1 0.0 2.4 7.3 07:31 N-NW 3.5 10.0 23:42 20 17.7 23.8 13:43 9.9 04:13 65 1018.6 0.0 0.8 4.3 11:08 N 4.2 8.7 04:17 21 17.5 24.0 14:33 11.2 04:25 66 1015.0 0.0 0.6 4.7 08:08 N 4.6 9.7 23:46 22 19.1 25.3 13:27 11.3 00:45 71 1013.9 8.2 2.0 8.4 15:58 E 4.1 9.4 00:54 23 20.8 26.2 14:29 14.0 04:13 71 1016.6 0.1 1.7 5.2 15:48 N-NE 3.8 12.0 03:44 24 21.3 28.8 13:57 15.3 04:15 69 1016.5 3.5 1.1 5.6 16:28 N 5.9 14.1 03:50 25 18.1 21.9 16:01 15.1 23:55 75 1017.4 6.3 0.9 4.6 04:58 N 1.8 13.6 23:52 26 20.2 26.8 14:21 12.7 04:15 70 1020.1 0.0 0.3 3.5 14:51 S 4.5 11.8 03:24 ------------------------------------------------------------------------------------------------------------------------------ Avg: 18.2 28.8 24 7.2 16 67 1013.2 43.0 1.6 11.8 8 N 104.5 Wind Run 4440.1km Calm Values 0 Calm in % 0.0% Sun 278:55 h Distribution WD Values 37393 Distribution WD N-NO 9.422% Distribution WD NO 3.907% Distribution WD NO-O 9.783% Distribution WD O 7.723% Distribution WD O-SO 4.156% Distribution WD SO 3.776% Distribution WD SO-S 1.754% Distribution WD S 3.501% Distribution WD S-SW 3.851% Distribution WD SW 2.757% Distribution WD SW-W 3.848% Distribution WD W 7.007% Distribution WD W-NW 6.539% Distribution WD NW 3.073% Distribution WD NW-N 13.944% Distribution WD N 14.960% Rain days >0.0 mm Month 9 Rain days >2.0 mm Month 6 Rain days >20.0 mm Month 0 Ice days max < 0°C 0 Cold days min < 0°C 0 Cool days max < 10°C 0 Summer days max >=25°C 15 Hot days max >=30°C 0 Last year same Month: Ice days max < 0°C 0 Last year same Month: Cold days min < 0°C 1 Last year same Month: Cool days max < 10°C 0 Last year same Month: Summer days max >=25°C 11 Last year same Month: Hot days max >=30°C 1 © 1999-2017 Werner Krenn / Mischa Thurnherr - Weatherstation Operating- and Data Acquisition Software - V2.98.8


  ©UMa Astronomy

Creative Commons License
Meteo by UMa Astronomy is licensed under a Creative Commons Attribution-NonCommercial-NoDerivs 3.0 Unported License.