Blahová 20.01.2017
 Last update: 14:51
Updated every 10 minutes
 Uncomfortably Cold 
 Akt.temp: -3.2 °C
 Max.temp: -3.0 °C
 Min.temp: -13.2 °C
 Devpoint: -7.5 °C
 Wind speed:    1m/s
 Wind direction: N-NE
 Max wind gust: 1.8m/s
 Precipitation: 0.0  mm
 Pressure: 1033.5 hPa
 P.tendency: -1.7  hPa/3h
 Humidity: 72 %
 Abs.humidity: 2.79 g/m3
Ground temperature
Min.temp -13.2 °C /07:40
Akt.temp
-2.3 °C

2017: Jan | Feb | Mar | Apr | May | Jun | Jul | Aug | Sep | Oct | Nov | Dec 
2016: Jan | Feb | Mar | Apr | May | Jun | Jul | Aug | Sep | Oct | Nov | Dec 
2015: Jan | Feb | Mar | Apr | May | Jun | Jul | Aug | Sep | Oct | Nov | Dec 
2014: Jan | Feb | Mar | Apr | May | Jun | Jul | Aug | Sep | Oct | Nov | Dec 
2013: Jan | Feb | Mar | Apr | May | Jun | Jul | Aug | Sep | Oct | Nov | Dec 
2012: Jan | Feb | Mar | Apr | May | Jun | Jul | Aug | Sep | Oct | Nov | Dec 
2011: Jan | Feb | Mar | Apr | May | Jun | Jul | Aug | Sep | Oct | Nov | Dec 
2010: Jan | Feb | Mar | Apr | May | Jun | Jul | Aug | Sep | Oct | Nov | Dec 
2009: Jan | Feb | Mar | Apr | May | Jun | Jul | Aug | Sep | Oct | Nov | Dec 
2008: Jan | Feb | Mar | Apr | May | Jun | Jul | Aug | Sep | Oct | Nov | Dec 
2007: Jan | Feb | Mar | Apr | May | Jun | Jul | Aug | Sep | Oct | Nov | Dec 

Report for 2017 01
MONTHLY CLIMATOLOGICAL SUMMARY for January 2017 CITY: Blahová ELEV: 119 m LAT: 48° 5' 7" North LONG: 17° 32' 48" East TEMPERATURE (°C), BAROMETER (hPa), RAIN (mm), WIND SPEED (m/s) MEAN TEMPERATURE WIND DOM trans Ground DAY TEMP HIGH TIME LOW TIME HUM Baro Rain SPEED HIGH TIME DIR pirat min.temp time ------------------------------------------------------------------------------------------------------------------------------ 1 -5.0 -3.6 18:57 -8.2 00:18 82 1022.8 0.0 0.2 1.5 05:40 NE 0.2 -8.6 23:59 2 -3.5 -0.7 22:39 -8.8 03:53 82 1018.1 0.0 0.5 3.1 23:24 W 0.2 -9.7 03:57 3 0.1 2.7 13:35 -2.9 08:01 72 1019.8 0.1 2.5 10.2 18:34 W 0.5 -4.2 07:07 4 2.2 4.0 14:01 -1.4 02:55 77 1005.8 2.1 3.9 15.8 05:05 SW 0.4 -1.1 01:59 5 -3.2 1.7 00:33 -5.6 23:31 70 1018.8 0.0 5.8 16.1 14:51 W 0.4 -6.1 23:31 6 -8.3 -5.0 11:55 -11.2 23:55 65 1032.1 0.0 5.5 14.0 02:19 W-NW 0.3 -11.3 23:39 7 -10.9 -8.0 13:51 -13.6 07:39 64 1031.0 0.0 4.9 16.1 09:54 N-NW 0.3 -13.5 07:47 8 -8.9 -4.7 14:17 -10.9 06:31 65 1025.9 0.0 2.6 8.4 22:29 N-NW 0.3 -10.5 21:29 9 -6.3 -2.3 13:21 -9.5 00:01 63 1022.4 0.0 3.0 15.8 03:34 N-NW 0.5 -9.5 00:00 10 -9.8 -5.6 14:11 -13.6 23:09 74 1019.8 0.0 1.3 6.2 12:27 E-NE 0.3 -14.0 23:25 11 -7.3 -2.7 14:41 -15.3 07:51 69 1013.8 0.4 1.7 6.4 22:44 E-SE 0.4 -15.0 07:33 12 -4.2 0.0 17:29 -8.3 08:47 81 1010.0 4.1 0.6 4.3 17:34 SE 0.3 -6.6 08:29 13 2.5 4.6 10:53 -1.9 00:00 78 999.1 2.9 2.0 11.5 23:24 W 0.4 -1.7 00:00 14 0.1 2.4 10:57 -2.0 23:43 80 1006.3 2.1 2.7 12.2 04:44 W 0.2 -3.1 23:43 15 -1.4 2.9 13:51 -5.3 23:53 79 1017.1 0.0 1.2 6.8 12:04 SW 0.4 -7.2 23:51 16 -4.8 -1.9 14:51 -9.5 08:23 83 1020.5 0.0 0.9 3.9 23:54 W 0.2 -9.7 07:09 17 -2.8 1.3 12:43 -6.0 23:59 74 1027.3 0.0 3.4 8.1 11:14 N-NW 0.4 -6.8 23:55 18 -4.7 -0.6 13:33 -7.7 08:01 75 1033.3 0.0 1.7 5.8 11:37 N-NW 0.4 -8.7 07:37 19 -8.1 -2.0 13:31 -11.1 07:33 77 1035.4 0.0 0.6 4.0 09:54 W 0.4 -11.5 23:35 20 -13.1 -10.8 00:00 -13.2 06:47 83 1034.5 0.0 0.1 1.3 07:04 N-NW 0.0 -13.2 07:01 ------------------------------------------------------------------------------------------------------------------------------ Avg: -4.9 4.6 13 -15.3 11 75 1020.7 11.7 2.3 16.1 7 W 6.5 Wind Run 5187.4 km Calm Values 4248 Calm in % 15.3 % Sun 88:52 h Distribution WD Values 23442 Distribution WD N-NO 2.090 % Distribution WD NO 2.602 % Distribution WD NO-O 4.291 % Distribution WD O 3.809 % Distribution WD O-SO 3.609 % Distribution WD SO 2.931 % Distribution WD SO-S 1.075 % Distribution WD S 2.547 % Distribution WD S-SW 3.908 % Distribution WD SW 5.682 % Distribution WD SW-W 7.772 % Distribution WD W 18.258 % Distribution WD W-NW 13.369 % Distribution WD NW 7.546 % Distribution WD NW-N 17.127 % Distribution WD N 3.383 % Rain days >0.0 mm Month 6 Rain days >2.0 mm Month 4 Rain days >20.0 mm Month 0 Ice days max < 0°C 12 Cold days min < 0°C 20 Cool days max < 10°C 20 Summer days max >=25°C 0 Hot days max >=30°C 0 Last year same Month: Ice days max < 0°C 10 Last year same Month: Cold days min < 0°C 22 Last year same Month: Cool days max < 10°C 31 Last year same Month: Summer days max >=25°C 0 Last year same Month: Hot days max >=30°C 0 © 1999-2015 Werner Krenn / Mischa Thurnherr - Weatherstation Operating- and Data Acquisition Software - V2.98.1


  ©UMa Astronomy

Creative Commons License
Meteo by UMa Astronomy is licensed under a Creative Commons Attribution-NonCommercial-NoDerivs 3.0 Unported License.