Blahová 04/23/2021
 Last update: 03:00
Updated every 10 minutes
 Cold 
 Akt.temp: 1.6 °C
 Max.temp: 5.8 °C
 Min.temp: 1.6 °C
 Devpoint: -2.9 °C
 Wind speed: 1.2 m/s
 Wind direction: SW
 Max wind gust: 3.5 m/s
 Precipitation: 0.0 mm
 Pressure: 1020.6  hPa
 P.tendency: --  hPa/3h
 Humidity: 72 %
 Abs.humidity: 3.89 g/m3
Ground temperature
Min.temp -0.3 °C /02:47
Akt.temp
-0.1 °C

2021: Jan | Feb | Mar | Apr | May | Jun | Jul | Aug | Sep | Oct | Nov | Dec 
2020: Jan | Feb | Mar | Apr | May | Jun | Jul | Aug | Sep | Oct | Nov | Dec 
2019: Jan | Feb | Mar | Apr | May | Jun | Jul | Aug | Sep | Oct | Nov | Dec 
2018: Jan | Feb | Mar | Apr | May | Jun | Jul | Aug | Sep | Oct | Nov | Dec 
2017: Jan | Feb | Mar | Apr | May | Jun | Jul | Aug | Sep | Oct | Nov | Dec 
2016: Jan | Feb | Mar | Apr | May | Jun | Jul | Aug | Sep | Oct | Nov | Dec 
2015: Jan | Feb | Mar | Apr | May | Jun | Jul | Aug | Sep | Oct | Nov | Dec 
2014: Jan | Feb | Mar | Apr | May | Jun | Jul | Aug | Sep | Oct | Nov | Dec 
2013: Jan | Feb | Mar | Apr | May | Jun | Jul | Aug | Sep | Oct | Nov | Dec 
2012: Jan | Feb | Mar | Apr | May | Jun | Jul | Aug | Sep | Oct | Nov | Dec 
2011: Jan | Feb | Mar | Apr | May | Jun | Jul | Aug | Sep | Oct | Nov | Dec 
2010: Jan | Feb | Mar | Apr | May | Jun | Jul | Aug | Sep | Oct | Nov | Dec 
2009: Jan | Feb | Mar | Apr | May | Jun | Jul | Aug | Sep | Oct | Nov | Dec 
2008: Jan | Feb | Mar | Apr | May | Jun | Jul | Aug | Sep | Oct | Nov | Dec 
2007: Jan | Feb | Mar | Apr | May | Jun | Jul | Aug | Sep | Oct | Nov | Dec 

Report for 2021 04
MONTHLY CLIMATOLOGICAL SUMMARY for April 2021 CITY: Blahova ELEV: 119 m LAT: 48° 5' 18" North LONG: 17° 32' 39" East TEMPERATURE (°C), BAROMETER (hPa), RAIN (mm), WIND SPEED (m/s) MEAN TEMPERATURE WIND DOM trans Ground DAY TEMP HIGH TIME LOW TIME HUM Baro Rain SPEED HIGH TIME DIR pirat min.temp time ------------------------------------------------------------------------------------------------------------------------------ 1 17.5 24.9 14:33 5.9 05:23 53 1014.9 0.0 4.2 11.7 21:29 W 5.5 3.6 05:29 2 10.5 16.5 11:35 6.9 22:39 67 1014.2 0.1 3.0 9.4 13:38 W-NW 2.1 5.5 22:37 3 5.6 10.4 11:33 4.1 05:29 72 1016.5 2.9 3.2 13.2 14:03 W-NW 0.8 2.7 20:23 4 4.1 9.9 10:43 -1.8 23:53 63 1018.2 0.0 2.0 9.1 13:08 W-NW 1.8 -2.4 23:33 5 10.5 15.7 13:33 -3.6 05:07 52 1004.3 0.0 3.8 13.4 13:58 S 3.2 -3.2 04:31 6 2.0 7.5 13:51 -1.6 23:47 64 1006.9 0.0 2.4 13.0 00:38 W-NW 1.4 -2.3 23:59 7 2.8 7.7 14:31 -2.0 05:49 68 1012.6 0.0 2.8 10.4 15:42 W 1.6 -2.9 05:47 8 3.8 9.3 13:45 -1.1 23:59 64 1022.3 0.2 1.8 11.7 13:07 W 1.7 -2.8 23:51 9 8.1 15.2 16:17 -4.8 05:05 55 1020.0 0.0 2.6 11.1 10:38 SE 3.1 -3.5 05:11 10 10.9 18.7 16:09 3.7 05:37 56 1017.1 0.0 2.3 7.9 11:58 E 3.7 2.4 04:47 11 11.5 16.6 13:51 4.8 01:35 60 1015.3 0.0 3.8 14.1 13:58 E-SE 2.8 2.6 00:57 12 8.8 20.0 12:47 3.3 21:45 70 1017.9 1.0 3.5 12.2 20:18 E 2.9 3.0 23:57 13 3.4 4.8 08:07 2.7 20:05 74 1019.0 7.4 6.0 15.7 16:08 W-NW 0.6 2.0 01:31 14 4.8 8.9 12:57 2.9 00:00 72 1020.9 0.1 4.4 14.7 10:18 W-NW 1.1 2.7 20:28 15 4.6 8.1 11:45 1.0 23:58 73 1019.7 0.0 3.6 9.8 14:03 W-NW 1.0 1.1 23:54 16 6.2 8.9 14:31 0.8 00:21 71 1019.5 0.0 2.7 7.9 16:33 W 1.2 0.9 00:10 17 7.6 11.3 11:50 3.7 02:36 72 1017.6 0.0 2.2 7.9 11:48 W-NW 1.3 3.5 02:40 18 8.5 12.6 15:02 5.2 05:26 72 1017.0 5.9 1.6 6.8 14:28 W-NW 1.4 5.0 05:20 19 9.1 12.5 15:48 6.9 04:20 70 1014.2 2.8 1.0 6.7 16:18 N-NW 1.2 6.5 00:01 20 10.7 16.3 14:08 7.0 04:54 69 1013.0 0.1 2.2 9.0 14:11 W 1.9 5.4 23:40 21 12.2 19.1 13:50 4.3 04:58 63 1014.5 0.0 1.1 8.1 15:17 W 3.3 1.6 04:42 22 9.4 17.5 11:50 5.5 03:18 65 1018.2 0.0 2.1 13.7 12:48 W-NW 1.5 4.0 21:24 ------------------------------------------------------------------------------------------------------------------------------ Avg: 7.8 24.9 1 -4.8 9 66 1016.1 20.6 2.8 15.7 13 W-NW 44.9 Wind Run 6580.0 km Calm Values 0 Calm in % 0.0 % Sun 162:04 h Distribution WD Values 28710 Distribution WD N-NO 1.160 % Distribution WD NO 0.470 % Distribution WD NO-O 2.003 % Distribution WD O 4.775 % Distribution WD O-SO 5.559 % Distribution WD SO 4.688 % Distribution WD SO-S 2.644 % Distribution WD S 3.647 % Distribution WD S-SW 3.887 % Distribution WD SW 4.873 % Distribution WD SW-W 7.283 % Distribution WD W 19.178 % Distribution WD W-NW 20.387 % Distribution WD NW 5.994 % Distribution WD NW-N 10.940 % Distribution WD N 2.511 % Rain days >0.0 mm Month 9 Rain days >2.0 mm Month 4 Rain days >20.0 mm Month 0 Ice days max < 0°C 0 Cold days min < 0°C 6 Cool days max < 10°C 8 Summer days max >=25°C 0 Hot days max >=30°C 0 Last year same Month: Ice days max < 0°C 0 Last year same Month: Cold days min < 0°C 5 Last year same Month: Cool days max < 10°C 1 Last year same Month: Summer days max >=25°C 0 Last year same Month: Hot days max >=30°C 0 © 1999-2019 Werner Krenn - Weatherstation Operating- and Data Acquisition Software - V2.99.8.7


  ©UMa Astronomy

Creative Commons License
Meteo by UMa Astronomy is licensed under a Creative Commons Attribution-NonCommercial-NoDerivs 3.0 Unported License.