Blahová 04/01/2020
 Last update: 02:25
Updated every 10 minutes
 Cold 
 Akt.temp: -3.2 °C
 Max.temp: -2.3 °C
 Min.temp: -3.2 °C
 Devpoint: -6.8 °C
 Wind speed: 1.1 m/s
 Wind direction: N-NW
 Max wind gust: 2.3 m/s
 Precipitation: 0.0 mm
 Pressure: 1020.8  hPa
 P.tendency: --  hPa/3h
 Humidity: 76 %
 Abs.humidity: 2.94 g/m3
Ground temperature
Min.temp -4.5 °C /02:25
Akt.temp
-4.5 °C

2020: Jan | Feb | Mar | Apr | May | Jun | Jul | Aug | Sep | Oct | Nov | Dec 
2019: Jan | Feb | Mar | Apr | May | Jun | Jul | Aug | Sep | Oct | Nov | Dec 
2018: Jan | Feb | Mar | Apr | May | Jun | Jul | Aug | Sep | Oct | Nov | Dec 
2017: Jan | Feb | Mar | Apr | May | Jun | Jul | Aug | Sep | Oct | Nov | Dec 
2016: Jan | Feb | Mar | Apr | May | Jun | Jul | Aug | Sep | Oct | Nov | Dec 
2015: Jan | Feb | Mar | Apr | May | Jun | Jul | Aug | Sep | Oct | Nov | Dec 
2014: Jan | Feb | Mar | Apr | May | Jun | Jul | Aug | Sep | Oct | Nov | Dec 
2013: Jan | Feb | Mar | Apr | May | Jun | Jul | Aug | Sep | Oct | Nov | Dec 
2012: Jan | Feb | Mar | Apr | May | Jun | Jul | Aug | Sep | Oct | Nov | Dec 
2011: Jan | Feb | Mar | Apr | May | Jun | Jul | Aug | Sep | Oct | Nov | Dec 
2010: Jan | Feb | Mar | Apr | May | Jun | Jul | Aug | Sep | Oct | Nov | Dec 
2009: Jan | Feb | Mar | Apr | May | Jun | Jul | Aug | Sep | Oct | Nov | Dec 
2008: Jan | Feb | Mar | Apr | May | Jun | Jul | Aug | Sep | Oct | Nov | Dec 
2007: Jan | Feb | Mar | Apr | May | Jun | Jul | Aug | Sep | Oct | Nov | Dec 

Report for 2020 04
MONTHLY CLIMATOLOGICAL SUMMARY for March 2020 CITY: Blahova ELEV: 119 m LAT: 48° 5' 18" North LONG: 17° 32' 39" East TEMPERATURE (°C), BAROMETER (hPa), RAIN (mm), WIND SPEED (m/s) MEAN TEMPERATURE WIND DOM trans Ground DAY TEMP HIGH TIME LOW TIME HUM Baro Rain SPEED HIGH TIME DIR pirat min.temp time ------------------------------------------------------------------------------------------------------------------------------ 1 6.7 8.6 15:20 3.1 06:19 78 1004.8 7.8 2.1 6.6 21:34 E 0.5 1.9 02:23 2 9.9 14.8 14:05 6.1 06:45 71 998.7 14.4 3.5 13.6 06:04 E-SE 1.7 4.9 06:41 3 7.5 9.9 09:55 5.5 21:11 79 1001.5 6.1 2.4 9.1 10:44 W 0.6 5.3 21:18 4 4.5 10.1 13:11 1.3 23:31 75 1011.2 0.0 2.1 9.6 12:48 W-NW 0.9 -1.7 23:47 5 5.0 11.2 14:01 -2.1 06:30 69 1005.5 0.0 3.4 10.0 14:04 SE 1.4 -3.6 06:21 6 5.9 8.1 14:47 4.3 05:09 79 1000.8 6.7 2.4 15.3 04:05 E-SE 0.5 4.1 05:21 7 6.3 9.7 13:43 3.0 04:36 74 1014.7 0.0 2.9 8.9 17:26 W 0.8 1.4 04:32 8 4.1 11.0 14:19 -0.4 22:45 69 1018.8 0.0 1.2 8.3 10:54 W-NW 1.4 -2.5 22:25 9 4.2 11.5 14:06 -2.0 02:35 72 1014.2 0.0 1.0 5.0 11:24 W 1.3 -3.9 05:40 10 9.4 13.6 13:09 3.9 00:00 67 1013.8 0.0 2.4 8.9 09:14 W 1.5 3.5 03:56 11 11.4 15.9 13:07 7.3 03:12 77 1014.4 1.7 1.5 9.8 13:22 S 1.0 6.7 06:26 12 14.8 21.4 14:25 10.2 05:35 64 1012.4 0.0 2.5 9.8 13:24 S 2.8 7.2 05:23 13 8.0 12.7 14:06 3.7 23:39 66 1017.1 1.4 3.3 12.0 14:45 W 1.5 0.5 23:45 14 5.3 11.5 11:45 0.1 06:26 59 1022.9 0.0 3.3 8.1 20:55 N-NW 1.4 -1.7 05:11 15 3.7 9.1 14:08 -2.7 05:19 53 1027.5 0.0 1.4 5.9 13:13 E-SE 1.4 -4.5 05:20 16 6.1 13.1 14:32 -1.7 04:24 55 1025.4 0.0 2.5 9.9 10:39 E-SE 1.8 -3.1 05:31 17 8.3 13.3 14:42 -1.0 05:46 67 1027.2 0.0 1.4 4.3 15:09 N-NE 1.5 -2.2 06:02 18 9.9 18.8 14:18 2.3 05:44 67 1026.7 0.0 0.5 3.4 08:09 SE 2.4 0.2 05:58 19 10.9 20.4 14:26 2.3 06:28 67 1023.1 0.0 0.6 5.6 12:20 E-NE 2.6 0.9 03:34 20 12.9 20.7 14:38 3.3 03:50 60 1018.0 0.0 0.8 4.1 14:59 N-NE 2.8 1.6 03:56 21 5.9 10.1 04:56 2.1 23:53 74 1019.7 4.3 5.3 12.5 15:49 N-NW 0.5 0.9 23:51 22 1.0 6.4 13:12 -2.1 23:49 61 1027.6 0.0 4.4 11.5 09:59 N-NW 1.0 -3.3 23:29 23 1.6 6.1 13:06 -2.8 02:14 57 1027.4 0.0 4.7 14.0 14:09 N-NW 1.1 -3.7 02:28 24 3.0 9.3 13:54 -2.1 02:04 50 1026.8 0.0 3.0 8.8 14:06 N-NW 1.5 -3.3 02:00 25 1.6 4.5 13:36 -1.8 06:34 62 1026.6 0.0 2.0 8.7 09:19 N-NE 0.7 -2.6 01:04 26 8.4 12.9 16:06 -0.4 00:01 53 1021.3 0.0 1.5 7.8 13:00 N-NE 1.8 -0.5 00:01 27 9.4 17.1 13:18 4.4 23:59 57 1018.2 0.0 1.3 6.8 08:29 E-NE 2.4 0.8 04:04 28 10.8 19.7 14:20 0.8 04:56 63 1013.3 0.0 1.6 5.9 13:39 W 3.0 -0.5 05:18 29 9.1 16.2 13:20 1.4 04:56 62 1014.1 0.0 5.0 12.8 21:39 W 2.1 0.2 05:06 30 1.2 5.9 13:56 -2.6 23:51 54 1020.9 0.0 4.1 12.7 08:49 N-NW 1.1 -4.3 23:37 31 1.9 8.9 13:58 -5.9 04:40 60 1022.7 0.0 1.5 8.9 14:59 N-NW 1.4 -7.1 05:32 ------------------------------------------------------------------------------------------------------------------------------ Avg: 6.7 21.4 12 -5.9 31 65 1017.3 42.5 2.4 15.3 6 N-NW 46.5 Wind Run 7837.0 km Calm Values 0 Calm in % 0.0 % Sun 203:18 h Distribution WD Values 40011 Distribution WD N-NO 7.041 % Distribution WD NO 2.862 % Distribution WD NO-O 6.141 % Distribution WD O 7.176 % Distribution WD O-SO 7.238 % Distribution WD SO 5.431 % Distribution WD SO-S 1.942 % Distribution WD S 3.869 % Distribution WD S-SW 3.904 % Distribution WD SW 3.656 % Distribution WD SW-W 4.881 % Distribution WD W 11.937 % Distribution WD W-NW 9.347 % Distribution WD NW 3.641 % Distribution WD NW-N 13.159 % Distribution WD N 7.775 % Rain days >0.0 mm Month 7 Rain days >2.0 mm Month 5 Rain days >20.0 mm Month 0 Ice days max < 0°C 0 Cold days min < 0°C 13 Cool days max < 10°C 11 Summer days max >=25°C 0 Hot days max >=30°C 0 Last year same Month: Ice days max < 0°C 0 Last year same Month: Cold days min < 0°C 6 Last year same Month: Cool days max < 10°C 3 Last year same Month: Summer days max >=25°C 0 Last year same Month: Hot days max >=30°C 0 © 1999-2019 Werner Krenn - Weatherstation Operating- and Data Acquisition Software - V2.99.8.7


  ©UMa Astronomy

Creative Commons License
Meteo by UMa Astronomy is licensed under a Creative Commons Attribution-NonCommercial-NoDerivs 3.0 Unported License.