Blahová 11/13/2019
 Last update: 21:45
Updated every 10 minutes
 Cold 
 Akt.temp: 5.1°C
 Max.temp: 9.9°C
 Min.temp: 4.8°C
 Devpoint: 1.6 °C
 Wind speed:  1.7m/s
 Wind direction:  W-NW
 Max wind gust:  7.7m/s
 Precipitation:  11.9mm
 Pressure:  1006.7 hPa
 P.tendency: +3.1 hPa/3h
 Humidity: 78%
 Abs.humidity: 5.34 g/m3
Ground temperature
Min.temp 5.8°C /18:24
Akt.temp
6.4°C

2019: Jan | Feb | Mar | Apr | May | Jun | Jul | Aug | Sep | Oct | Nov | Dec 
2018: Jan | Feb | Mar | Apr | May | Jun | Jul | Aug | Sep | Oct | Nov | Dec 
2017: Jan | Feb | Mar | Apr | May | Jun | Jul | Aug | Sep | Oct | Nov | Dec 
2016: Jan | Feb | Mar | Apr | May | Jun | Jul | Aug | Sep | Oct | Nov | Dec 
2015: Jan | Feb | Mar | Apr | May | Jun | Jul | Aug | Sep | Oct | Nov | Dec 
2014: Jan | Feb | Mar | Apr | May | Jun | Jul | Aug | Sep | Oct | Nov | Dec 
2013: Jan | Feb | Mar | Apr | May | Jun | Jul | Aug | Sep | Oct | Nov | Dec 
2012: Jan | Feb | Mar | Apr | May | Jun | Jul | Aug | Sep | Oct | Nov | Dec 
2011: Jan | Feb | Mar | Apr | May | Jun | Jul | Aug | Sep | Oct | Nov | Dec 
2010: Jan | Feb | Mar | Apr | May | Jun | Jul | Aug | Sep | Oct | Nov | Dec 
2009: Jan | Feb | Mar | Apr | May | Jun | Jul | Aug | Sep | Oct | Nov | Dec 
2008: Jan | Feb | Mar | Apr | May | Jun | Jul | Aug | Sep | Oct | Nov | Dec 
2007: Jan | Feb | Mar | Apr | May | Jun | Jul | Aug | Sep | Oct | Nov | Dec 

Report for 2007 12
MONTHLY CLIMATOLOGICAL SUMMARY for december 2007 CITY: ELEV: 117 m LAT: 48° 1' 9" Sever LONG: 17° 2' 2" Východ TEMPERATURE (°C), BAROMETER (hPa), RAIN (mm), WIND SPEED (m/s) MEAN TEMPERATURE WIND DOM trans Ground DAY TEMP HIGH TIME LOW TIME HUM Baro Rain SPEED HIGH TIME DIR pirat min.temp time ------------------------------------------------------------------------------------------------------------------------------ 1 0,0 0,0 00:07 0,0 00:07 0 1009,1 0,0 0,6 3,0 12:17 J-JZ 1,234 -- - - 2 0,0 0,0 00:07 0,0 00:07 0 1009,0 2,1 1,1 4,4 14:07 JV 1,234 -- - - 3 0,0 0,0 00:07 0,0 00:07 0 992,5 0,0 1,9 7,4 09:57 Z 1,234 -- - - 4 0,0 0,0 00:07 0,0 00:07 0 1005,9 0,0 0,3 2,3 20:57 Z 1,234 -- - - 5 0,0 0,0 00:07 0,0 00:07 0 1018,2 0,0 0,1 2,3 00:27 Z-JZ 1,234 -- - - 6 0,0 0,0 00:07 0,0 00:07 0 1014,7 0,0 0,1 1,7 00:47 V-SV 1,234 -- - - 7 0,0 0,0 00:07 0,0 00:07 0 1003,1 2,7 0,8 4,1 12:06 V 1,234 -- - - 8 0,0 0,0 00:06 0,0 00:06 0 1003,0 0,0 0,1 1,4 12:26 S-SZ 1,234 -- - - 9 0,0 0,0 00:06 0,0 00:06 0 998,2 3,4 1,4 5,2 10:16 V 1,234 -- - - 10 0,0 0,0 00:06 0,0 00:06 0 997,6 1,4 0,3 1,8 02:06 V 1,234 -- - - 11 0,0 0,0 00:06 0,0 00:06 0 1006,3 3,4 0,5 4,9 22:26 S-SZ 1,234 -- - - 12 0,0 0,0 00:06 0,0 00:06 0 1016,9 4,8 1,5 5,6 22:26 S-SZ 1,234 -- - - 13 0,0 0,0 00:06 0,0 00:06 0 1025,4 0,7 2,0 11,0 12:36 S-SZ 1,234 -- - - 14 0,0 0,0 00:06 0,0 00:06 0 1023,8 0,0 2,2 8,1 02:05 S-SZ 1,234 -- - - 15 0,0 0,0 00:05 0,0 00:05 0 1026,1 0,0 1,3 5,2 16:45 S 1,234 -- - - 16 0,0 0,0 00:05 0,0 00:05 0 1027,9 0,0 0,7 3,8 11:45 S-SZ 1,234 -- - - 17 0,0 0,0 00:07 0,0 00:07 0 1032,3 0,0 0,1 1,1 10:47 V-SV 1,234 -- - - 18 0,0 0,0 00:07 0,0 00:07 0 1032,1 0,0 0,1 2,0 14:07 JZ 1,234 -- - - 19 0,0 0,0 00:07 0,0 00:07 0 1031,9 0,0 0,1 1,3 04:07 V-SV 1,234 -- - - 20 0,0 0,0 00:07 0,0 00:07 0 1032,7 0,0 0,1 1,5 23:27 S-SV 1,234 -- - - 21 0,0 0,0 00:07 0,0 00:07 0 1030,9 0,0 1,0 3,1 20:46 V 1,234 -- - - 22 0,0 0,0 00:06 0,0 00:06 0 1028,5 0,0 2,2 3,6 13:26 V 1,234 -- - - 23 0,0 0,0 00:06 0,0 00:06 0 1026,7 0,0 0,8 3,3 00:26 V-SV 1,234 -- - - 24 0,0 0,0 00:06 0,0 00:06 0 1025,9 0,0 0,4 1,7 08:06 V-SV 1,234 -- - - 25 0,0 0,0 00:06 0,0 00:06 0 1025,6 0,0 0,0 1,3 15:46 S 1,234 -- - - 26 0,0 0,0 00:06 0,0 00:06 0 1026,7 0,0 0,4 2,2 11:06 V-SV 1,234 -- - - 27 0,0 0,0 00:06 0,0 00:06 0 1032,7 0,0 0,3 2,1 21:26 V-JV 1,234 -- - - 28 0,0 0,0 00:06 0,0 00:06 0 1032,9 0,0 1,4 4,1 21:45 V 1,234 -- - - 29 0,0 0,0 00:05 0,0 00:05 0 1026,6 0,0 1,9 3,7 09:05 V-JV 1,234 -- - - 30 0,0 0,0 00:05 0,0 00:05 0 1022,1 0,0 0,6 2,7 00:05 V 1,234 -- - - 31 -0,8 6,6 12:43 -2,8 20:23 39 1021,2 0,0 0,5 1,9 08:06 V-JV 0,195 -- - - ------------------------------------------------------------------------------------------------------------------------------ Avg: -0,0 6,6 31 -2,8 31 1 1019,6 18,5 0,8 11,0 13 V 37,205 Wind Run 2859.7 km Calm Values 1337 Calm in % 40,7 % Sun Distribution WD Values 1949 Distribution WD N-NO 4,6 % Distribution WD NO 1,6 % Distribution WD NO-O 9,7 % Distribution WD O 13,5 % Distribution WD O-SO 11,0 % Distribution WD SO 9,0 % Distribution WD SO-S 3,0 % Distribution WD S 2,6 % Distribution WD S-SW 2,9 % Distribution WD SW 2,8 % Distribution WD SW-W 3,3 % Distribution WD W 6,3 % Distribution WD W-NW 6,4 % Distribution WD NW 3,2 % Distribution WD NW-N 11,2 % Distribution WD N 8,8 % Rain days >0,0 mm Month 7 Rain days >2,0 mm Month 5 Rain days >20,0 mm Month 0 Ice days max < 0°C 0 Cold days min < 0°C 1 Cool days max < 10°C 31 Summer days max >=25°C 0 Hot days max >=30°C 0 Last year same Month: Ice days max < 0°C - - Last year same Month: Cold days min < 0°C - - Last year same Month: Cool days max < 10°C - - Last year same Month: Summer days max >=25°C - - Last year same Month: Hot days max >=30°C - - © 1999-2011 Werner Krenn / Mischa Thurnherr - Meteostanice Obsluzný a vyhodnocovací software - V2.96.7


  ©UMa Astronomy

Creative Commons License
Meteo by UMa Astronomy is licensed under a Creative Commons Attribution-NonCommercial-NoDerivs 3.0 Unported License.