Blahová 12/09/2019
 Last update: 10:38
Updated every 10 minutes
 Cold 
 Akt.temp: 3.6°C
 Max.temp: 3.6°C
 Min.temp: 2.5°C
 Devpoint: 0.6 °C
 Wind speed: 0.1m/s
 Wind direction: SE
 Max wind gust: 4.3m/s
 Precipitation: 0.0mm
 Pressure: 1009.0 hPa
 P.tendency: +0.7 hPa/3h
 Humidity: 81%
 Abs.humidity: 5.01 g/m3
Ground temperature
Min.temp 2.6°C /03:03
Akt.temp
4.4°C

2019: Jan | Feb | Mar | Apr | May | Jun | Jul | Aug | Sep | Oct | Nov | Dec 
2018: Jan | Feb | Mar | Apr | May | Jun | Jul | Aug | Sep | Oct | Nov | Dec 
2017: Jan | Feb | Mar | Apr | May | Jun | Jul | Aug | Sep | Oct | Nov | Dec 
2016: Jan | Feb | Mar | Apr | May | Jun | Jul | Aug | Sep | Oct | Nov | Dec 
2015: Jan | Feb | Mar | Apr | May | Jun | Jul | Aug | Sep | Oct | Nov | Dec 
2014: Jan | Feb | Mar | Apr | May | Jun | Jul | Aug | Sep | Oct | Nov | Dec 
2013: Jan | Feb | Mar | Apr | May | Jun | Jul | Aug | Sep | Oct | Nov | Dec 
2012: Jan | Feb | Mar | Apr | May | Jun | Jul | Aug | Sep | Oct | Nov | Dec 
2011: Jan | Feb | Mar | Apr | May | Jun | Jul | Aug | Sep | Oct | Nov | Dec 
2010: Jan | Feb | Mar | Apr | May | Jun | Jul | Aug | Sep | Oct | Nov | Dec 
2009: Jan | Feb | Mar | Apr | May | Jun | Jul | Aug | Sep | Oct | Nov | Dec 
2008: Jan | Feb | Mar | Apr | May | Jun | Jul | Aug | Sep | Oct | Nov | Dec 
2007: Jan | Feb | Mar | Apr | May | Jun | Jul | Aug | Sep | Oct | Nov | Dec 

Report for 2008 01
MONTHLY CLIMATOLOGICAL SUMMARY for január 2008 CITY: ELEV: 117 m LAT: 48° 1' 9" Sever LONG: 17° 2' 2" Východ TEMPERATURE (°C), BAROMETER (hPa), RAIN (mm), WIND SPEED (m/s) MEAN TEMPERATURE WIND DOM trans Ground DAY TEMP HIGH TIME LOW TIME HUM Baro Rain SPEED HIGH TIME DIR pirat min.temp time ------------------------------------------------------------------------------------------------------------------------------ 1 -2.3 0.9 14:03 -6.7 08:23 85 1019.7 0.0 0.1 2.6 18:23 S 0.268 -- - - 2 -1.6 2.0 13:25 -4.3 18:45 85 1018.2 0.7 0.1 1.2 03:45 S-SZ 0.312 -- - - 3 -3.7 0.9 11:43 -5.6 19:23 83 1020.0 0.0 2.6 6.1 12:23 V-JV 0.268 -- - - 4 -5.1 -1.3 13:03 -7.3 23:32 80 1024.1 0.0 3.6 9.3 13:03 V-JV 0.288 -- - - 5 -4.7 -3.3 23:52 -7.8 02:52 78 1019.3 0.0 3.3 8.6 11:52 V-JV 0.230 -- - - 6 -0.9 0.1 12:12 -3.2 00:12 89 1012.2 0.7 0.8 6.0 07:52 V-JV 0.137 -- - - 7 -2.0 0.9 15:52 -5.6 07:52 91 1015.3 0.0 0.0 1.0 20:12 S 0.117 -- - - 8 -0.5 5.9 13:32 -3.8 04:32 89 1021.1 0.7 0.5 2.1 13:52 S 0.328 -- - - 9 0.1 2.8 13:52 -2.8 00:32 90 1020.2 0.0 1.8 4.6 11:32 V 0.232 -- - - 10 -0.2 1.8 13:03 -1.3 00:12 90 1021.1 0.0 1.1 3.4 22:03 V-JV 0.170 -- - - 11 0.8 2.2 15:03 -0.8 00:03 90 1013.9 0.0 2.4 5.9 19:43 V 0.158 -- - - 12 2.6 11.7 12:42 0.3 22:02 87 1009.5 0.0 0.8 4.6 00:23 V 0.523 -- - - 13 2.9 8.8 12:42 -0.4 05:42 84 1016.9 0.0 0.4 2.1 14:02 SV 0.538 -- - - 14 1.8 5.1 10:42 -1.6 05:02 88 1014.8 0.0 1.3 3.0 22:22 V-JV 0.300 -- - - 15 2.6 5.5 12:02 0.7 23:22 88 1011.5 0.0 3.3 7.9 21:22 V-JV 0.288 -- - - 16 3.4 7.4 13:22 0.7 00:02 85 1004.6 0.0 2.9 8.3 09:22 V-JV 0.423 -- - - 17 3.3 4.3 15:02 1.3 23:42 88 1013.2 0.0 1.3 4.5 08:42 V 0.200 -- - - 18 3.9 7.1 14:22 0.9 23:22 89 1016.9 0.0 0.6 3.3 05:42 V-JV 0.306 -- - - 19 8.2 10.5 21:41 0.6 00:22 84 1017.9 3.4 1.0 3.9 13:21 Z 0.229 -- - - 20 10.3 15.0 12:01 8.2 23:41 69 1017.3 0.0 1.1 3.4 13:01 Z-JZ 1.143 -- - - 21 6.9 12.8 11:01 2.6 23:41 76 1010.5 0.0 0.5 8.1 09:21 Z 0.867 -- - - 22 6.0 11.8 14:01 1.8 01:21 70 1008.0 0.0 1.3 7.4 16:01 Z 0.823 -- - - 23 0.5 7.6 13:41 -3.0 22:21 71 1027.9 0.0 0.4 7.6 00:41 S-SZ 0.972 -- - - 24 1.4 8.9 13:21 -4.1 01:41 75 1026.7 0.0 1.0 2.6 12:21 V 1.026 -- - - 25 2.6 8.6 14:21 -2.9 01:41 75 1031.3 0.0 0.3 4.6 11:21 Z 0.936 -- - - 26 4.7 9.3 13:20 -1.9 01:21 64 1023.0 0.0 1.2 4.4 17:20 J-JZ 1.017 -- - - 27 4.8 8.1 01:00 3.9 09:00 87 1012.9 8.2 2.1 11.9 22:40 Z-JZ 0.207 -- - - 28 1.7 8.9 13:40 -1.8 20:00 68 1027.0 0.0 0.8 6.4 00:00 S-SZ 1.130 -- - - 29 3.4 5.2 14:00 -0.8 00:00 81 1025.1 0.0 0.1 1.3 02:40 V-SV 0.447 -- - - 30 3.3 7.8 12:00 0.9 04:00 78 1020.8 0.0 2.2 6.6 13:40 V-JV 0.657 -- - - 31 2.4 9.8 14:20 -1.8 20:00 73 1016.9 0.0 0.6 3.9 08:00 JV 1.184 -- - - ------------------------------------------------------------------------------------------------------------------------------ Avg: 1.8 15.0 20 -7.8 5 81 1018.0 13.7 1.3 11.9 27 V 15.724 Wind Run 4483.2 km Calm Values 646 Calm in % 29.1 % Sun Distribution WD Values 1573 Distribution WD N-NO 2.1 % Distribution WD NO 1.3 % Distribution WD NO-O 8.7 % Distribution WD O 21.0 % Distribution WD O-SO 20.8 % Distribution WD SO 10.1 % Distribution WD SO-S 1.8 % Distribution WD S 1.8 % Distribution WD S-SW 4.0 % Distribution WD SW 3.9 % Distribution WD SW-W 5.0 % Distribution WD W 6.4 % Distribution WD W-NW 3.1 % Distribution WD NW 2.1 % Distribution WD NW-N 3.9 % Distribution WD N 4.1 % Rain days >0.0 mm Month 5 Rain days >2.0 mm Month 2 Rain days >20.0 mm Month 0 Ice days max < 0°C 2 Cold days min < 0°C 20 Cool days max < 10°C 26 Summer days max >=25°C 0 Hot days max >=30°C 0 Last year same Month: Ice days max < 0°C 0 Last year same Month: Cold days min < 0°C 0 Last year same Month: Cool days max < 10°C 0 Last year same Month: Summer days max >=25°C 0 Last year same Month: Hot days max >=30°C 0 © 1999-2011 Werner Krenn / Mischa Thurnherr - Meteostanice Obsluzný a vyhodnocovací software - V2.96.7


  ©UMa Astronomy

Creative Commons License
Meteo by UMa Astronomy is licensed under a Creative Commons Attribution-NonCommercial-NoDerivs 3.0 Unported License.