Blahová 10/18/2019
 Last update: 00:18
Updated every 10 minutes
 Cold 
 Akt.temp: 10.2°C
 Max.temp: 10.2°C
 Min.temp: 10.0°C
 Devpoint: 6.4 °C
 Wind speed: 0.0m/s
 Wind direction: 000
 Max wind gust: 0.0m/s
 Precipitation: 0.0mm
 Pressure: 1016.2 hPa
 P.tendency: -- hPa/3h
 Humidity: 77%
 Abs.humidity: 7.33 g/m3
Ground temperature
Min.temp 7.2°C /00:18
Akt.temp
7.2°C

2019: Jan | Feb | Mar | Apr | May | Jun | Jul | Aug | Sep | Oct | Nov | Dec 
2018: Jan | Feb | Mar | Apr | May | Jun | Jul | Aug | Sep | Oct | Nov | Dec 
2017: Jan | Feb | Mar | Apr | May | Jun | Jul | Aug | Sep | Oct | Nov | Dec 
2016: Jan | Feb | Mar | Apr | May | Jun | Jul | Aug | Sep | Oct | Nov | Dec 
2015: Jan | Feb | Mar | Apr | May | Jun | Jul | Aug | Sep | Oct | Nov | Dec 
2014: Jan | Feb | Mar | Apr | May | Jun | Jul | Aug | Sep | Oct | Nov | Dec 
2013: Jan | Feb | Mar | Apr | May | Jun | Jul | Aug | Sep | Oct | Nov | Dec 
2012: Jan | Feb | Mar | Apr | May | Jun | Jul | Aug | Sep | Oct | Nov | Dec 
2011: Jan | Feb | Mar | Apr | May | Jun | Jul | Aug | Sep | Oct | Nov | Dec 
2010: Jan | Feb | Mar | Apr | May | Jun | Jul | Aug | Sep | Oct | Nov | Dec 
2009: Jan | Feb | Mar | Apr | May | Jun | Jul | Aug | Sep | Oct | Nov | Dec 
2008: Jan | Feb | Mar | Apr | May | Jun | Jul | Aug | Sep | Oct | Nov | Dec 
2007: Jan | Feb | Mar | Apr | May | Jun | Jul | Aug | Sep | Oct | Nov | Dec 

Report for 2008 03
MONTHLY CLIMATOLOGICAL SUMMARY for marec 2008 CITY: ELEV: 117 m LAT: 48° 1' 9" Sever LONG: 17° 2' 2" Východ TEMPERATURE (°C), BAROMETER (hPa), RAIN (mm), WIND SPEED (m/s) MEAN TEMPERATURE WIND DOM trans Ground DAY TEMP HIGH TIME LOW TIME HUM Baro Rain SPEED HIGH TIME DIR pirat min.temp time ------------------------------------------------------------------------------------------------------------------------------ 1 7.9 11.9 12:17 6.5 13:37 74 993.5 8.9 2.8 7.3 07:37 J-JZ 0.488 -- - - 2 9.0 14.9 15:01 6.0 06:41 76 999.5 5.5 1.9 8.9 13:21 Z-JZ 1.240 -- - - 3 10.6 16.0 13:41 7.3 01:41 76 1001.5 0.7 0.5 8.2 00:21 Z 1.246 -- - - 4 3.9 8.0 00:01 2.2 23:41 69 1008.1 0.0 0.1 4.0 02:41 S-SZ 0.847 -- - - 5 2.4 8.1 11:21 -0.7 23:40 65 1017.5 0.0 1.3 6.8 13:41 S-SZ 0.823 -- - - 6 2.3 9.4 13:00 -3.7 04:40 61 1020.1 0.0 0.3 2.4 00:40 SZ 1.523 -- - - 7 5.6 12.7 13:00 -3.6 06:20 59 1010.3 0.0 0.2 1.9 15:00 S-SV 1.806 -- - - 8 5.8 11.1 15:00 3.0 04:00 69 1003.9 0.0 0.4 2.0 10:20 Z 1.295 -- - - 9 6.9 17.0 12:56 -0.2 05:00 74 1004.8 0.0 0.6 2.7 12:56 V 2.099 -- - - 10 9.7 16.7 14:56 1.1 06:16 65 997.5 0.0 2.8 7.8 17:16 V 2.072 -- - - 11 8.8 13.3 12:16 2.3 23:36 70 997.1 0.0 0.7 5.7 01:56 JV 0.911 -- - - 12 7.3 9.7 16:35 3.0 00:16 83 997.1 8.2 1.4 4.2 11:35 J 0.309 -- - - 13 6.2 12.3 13:55 3.5 20:15 70 1007.5 0.7 1.1 4.4 14:55 Z 1.225 -- - - 14 6.9 9.7 11:55 2.1 05:55 83 1006.6 3.4 1.6 5.3 12:55 J-JZ 0.466 -- - - 15 8.2 16.5 14:35 2.8 05:35 65 1009.0 0.0 0.7 3.0 12:15 V-JV 2.321 -- - - 16 9.6 17.2 12:15 4.5 03:55 79 999.0 8.2 2.0 3.9 00:35 V 1.504 -- - - 17 7.0 14.0 11:15 4.3 22:35 71 998.4 0.0 3.5 9.1 13:35 Z 0.683 -- - - 18 4.5 8.5 12:55 1.3 23:55 64 1003.1 0.0 3.9 10.8 09:35 Z-SZ 1.028 -- - - 19 3.6 10.3 14:14 -0.6 06:15 72 1005.4 0.7 2.8 7.6 16:54 Z 1.369 -- - - 20 1.4 7.7 11:54 -1.2 05:54 83 1004.6 0.0 2.1 6.8 12:14 Z-JZ 0.381 -- - - 21 5.6 9.2 13:34 0.1 00:14 61 984.3 0.0 5.9 10.8 09:34 J 1.170 -- - - 22 4.6 13.8 14:14 0.2 23:34 67 986.9 1.4 1.6 7.0 00:34 Z 1.837 -- - - 23 5.7 10.9 13:14 -0.2 03:54 77 989.3 2.7 0.7 2.6 23:34 S 1.072 -- - - 24 2.8 5.4 12:54 0.0 23:34 76 987.3 8.2 3.5 10.6 07:54 Z-SZ 0.545 -- - - 25 0.2 7.9 12:34 -3.1 05:34 79 994.1 0.0 1.7 8.7 16:34 Z 0.322 -- - - 26 4.4 9.2 14:33 -1.3 04:34 63 999.2 0.0 2.1 8.1 11:33 Z-JZ 1.464 -- - - 27 7.9 15.5 13:13 -0.2 05:53 68 1000.3 0.0 2.4 4.7 15:13 V-SV 2.004 -- - - 28 9.4 15.1 15:13 3.0 05:13 66 1009.3 0.0 1.2 4.5 00:53 V-SV 1.740 -- - - 29 6.1 14.1 15:53 0.9 23:13 77 1016.0 0.7 1.3 4.3 16:33 V-JV 0.770 -- - - 30 8.9 19.3 15:33 0.5 03:33 64 1015.0 0.0 2.1 4.2 15:33 V-JV 2.837 -- - - 31 9.6 21.1 15:33 2.5 06:33 59 1011.9 0.0 1.6 6.6 11:53 V-SV 3.254 -- - - ------------------------------------------------------------------------------------------------------------------------------ Avg: 6.2 21.1 31 -3.7 6 70 1002.5 49.5 1.8 10.8 21 Z 40.652 Wind Run 5928.1 km Calm Values 318 Calm in % 14.4 % Sun Distribution WD Values 1887 Distribution WD N-NO 3.0 % Distribution WD NO 2.2 % Distribution WD NO-O 6.9 % Distribution WD O 6.9 % Distribution WD O-SO 5.6 % Distribution WD SO 5.7 % Distribution WD SO-S 3.1 % Distribution WD S 6.0 % Distribution WD S-SW 7.2 % Distribution WD SW 6.4 % Distribution WD SW-W 9.0 % Distribution WD W 15.4 % Distribution WD W-NW 10.5 % Distribution WD NW 2.9 % Distribution WD NW-N 5.2 % Distribution WD N 4.1 % Rain days >0.0 mm Month 12 Rain days >2.0 mm Month 7 Rain days >20.0 mm Month 0 Ice days max < 0°C 0 Cold days min < 0°C 10 Cool days max < 10°C 11 Summer days max >=25°C 0 Hot days max >=30°C 0 Last year same Month: Ice days max < 0°C - - Last year same Month: Cold days min < 0°C - - Last year same Month: Cool days max < 10°C - - Last year same Month: Summer days max >=25°C - - Last year same Month: Hot days max >=30°C - - © 1999-2011 Werner Krenn / Mischa Thurnherr - Meteostanice Obsluzný a vyhodnocovací software - V2.96.7


  ©UMa Astronomy

Creative Commons License
Meteo by UMa Astronomy is licensed under a Creative Commons Attribution-NonCommercial-NoDerivs 3.0 Unported License.