Blahová 11/18/2019
 Last update: 20:43
Updated every 10 minutes
 Cold 
 Akt.temp: 5.8°C
 Max.temp: 14.1°C
 Min.temp: 5.8°C
 Devpoint: 2.3 °C
 Wind speed: 1.3m/s
 Wind direction: E-SE
 Max wind gust: 8.4m/s
 Precipitation: 0.3mm
 Pressure: 1016.4 hPa
 P.tendency: +2.3 hPa/3h
 Humidity: 78%
 Abs.humidity: 5.59 g/m3
Ground temperature
Min.temp 3.6°C /20:43
Akt.temp
3.6°C

2019: Jan | Feb | Mar | Apr | May | Jun | Jul | Aug | Sep | Oct | Nov | Dec 
2018: Jan | Feb | Mar | Apr | May | Jun | Jul | Aug | Sep | Oct | Nov | Dec 
2017: Jan | Feb | Mar | Apr | May | Jun | Jul | Aug | Sep | Oct | Nov | Dec 
2016: Jan | Feb | Mar | Apr | May | Jun | Jul | Aug | Sep | Oct | Nov | Dec 
2015: Jan | Feb | Mar | Apr | May | Jun | Jul | Aug | Sep | Oct | Nov | Dec 
2014: Jan | Feb | Mar | Apr | May | Jun | Jul | Aug | Sep | Oct | Nov | Dec 
2013: Jan | Feb | Mar | Apr | May | Jun | Jul | Aug | Sep | Oct | Nov | Dec 
2012: Jan | Feb | Mar | Apr | May | Jun | Jul | Aug | Sep | Oct | Nov | Dec 
2011: Jan | Feb | Mar | Apr | May | Jun | Jul | Aug | Sep | Oct | Nov | Dec 
2010: Jan | Feb | Mar | Apr | May | Jun | Jul | Aug | Sep | Oct | Nov | Dec 
2009: Jan | Feb | Mar | Apr | May | Jun | Jul | Aug | Sep | Oct | Nov | Dec 
2008: Jan | Feb | Mar | Apr | May | Jun | Jul | Aug | Sep | Oct | Nov | Dec 
2007: Jan | Feb | Mar | Apr | May | Jun | Jul | Aug | Sep | Oct | Nov | Dec 

Report for 2008 04
MONTHLY CLIMATOLOGICAL SUMMARY for apríl 2008 CITY: ELEV: 117 m LAT: 48° 1' 9" Sever LONG: 17° 2' 2" Východ TEMPERATURE (°C), BAROMETER (hPa), RAIN (mm), WIND SPEED (m/s) MEAN TEMPERATURE WIND DOM trans Ground DAY TEMP HIGH TIME LOW TIME HUM Baro Rain SPEED HIGH TIME DIR pirat min.temp time ------------------------------------------------------------------------------------------------------------------------------ 1 10.7 20.0 15:33 2.0 03:13 52 1012.2 0.0 2.3 8.4 18:13 S-SZ 4.824 -- - - 2 7.8 16.3 12:52 4.9 23:52 73 1010.0 1.4 1.9 8.6 18:52 Z-SZ 2.092 -- - - 3 8.6 15.0 14:32 3.1 03:12 67 1011.8 0.0 3.0 7.1 15:12 Z-SZ 2.539 -- - - 4 8.1 14.4 14:32 4.4 05:32 66 1014.9 0.0 3.8 10.7 17:52 S-SZ 2.443 -- - - 5 7.9 15.4 14:52 2.5 04:52 61 1004.7 0.0 2.0 7.5 09:12 Z-SZ 2.995 -- - - 6 8.3 18.9 15:12 -1.2 06:12 61 995.5 0.0 1.4 6.6 11:52 JV 3.609 -- - - 7 6.2 9.9 15:32 3.7 23:52 71 998.6 7.6 2.6 9.8 19:52 V 0.735 -- - - 8 7.4 13.7 15:12 2.3 04:52 66 1002.6 0.0 2.0 7.0 15:32 V 2.075 -- - - 9 14.1 21.4 16:11 4.8 05:32 67 994.8 0.0 3.1 8.1 22:51 JV 3.442 -- - - 10 15.8 24.7 15:11 8.5 06:31 63 993.9 0.0 1.5 6.8 15:11 JV 5.085 -- - - 11 18.0 25.7 13:11 11.5 01:51 62 993.2 0.0 4.7 12.3 18:11 J 4.936 -- - - 12 10.5 15.4 12:51 5.2 23:51 60 1003.5 0.0 3.6 10.8 11:31 Z-SZ 2.639 -- - - 13 10.0 19.8 15:31 2.5 04:51 60 1010.9 0.0 0.6 3.0 13:51 Z 3.979 -- - - 14 11.0 20.5 13:45 2.9 06:25 66 1008.3 0.0 2.2 6.7 16:45 V-SV 3.504 -- - - 15 10.7 16.0 15:05 7.3 02:05 74 1004.9 13.0 5.2 11.4 22:45 Z 1.939 -- - - 16 7.2 11.6 15:25 3.5 23:25 78 1007.7 0.0 3.7 10.3 14:05 Z-SZ 1.142 -- - - 17 7.1 12.9 17:25 0.7 05:25 80 1002.4 0.7 1.4 5.1 16:05 V 0.867 -- - - 18 13.2 19.5 14:24 2.7 06:04 70 995.8 0.0 2.1 4.5 19:04 V-JV 3.441 -- - - 19 13.7 20.6 15:24 9.2 23:44 68 994.7 1.4 3.1 8.9 17:04 JV 2.518 -- - - 20 14.1 23.3 15:24 4.4 06:04 63 1002.4 0.0 1.0 3.5 17:44 S-SV 4.694 -- - - 21 15.4 23.8 15:04 8.0 02:44 71 997.7 11.7 3.3 8.6 16:24 V-SV 4.705 -- - - 22 14.4 22.2 14:44 8.0 05:44 75 996.9 2.1 1.2 5.6 23:04 V 4.140 -- - - 23 11.5 14.5 15:04 7.9 04:44 66 1009.8 0.0 3.7 8.9 13:24 Z-SZ 1.916 -- - - 24 11.3 20.3 14:44 3.4 05:44 61 1017.8 0.0 1.0 4.6 00:04 S-SZ 4.380 -- - - 25 9.8 20.7 12:43 2.5 06:03 79 1018.5 7.6 1.3 6.5 15:23 Z 1.844 -- - - 26 13.6 21.8 15:07 4.8 04:47 63 1020.1 0.0 2.7 6.7 16:07 Z-SZ 4.289 -- - - 27 13.5 24.1 14:27 6.5 05:47 56 1017.0 0.0 1.2 3.4 00:27 S 5.228 -- - - 28 12.4 25.2 13:07 4.1 04:47 63 1005.2 0.0 1.3 4.0 10:27 V-SV 6.059 -- - - 29 12.0 23.3 05:07 7.7 21:07 71 1000.2 0.7 1.0 5.8 04:47 V-JV 0.926 -- - - 30 11.9 20.5 01:47 6.1 20:47 74 1002.8 0.0 1.9 5.9 04:47 JV 1.287 -- - - ------------------------------------------------------------------------------------------------------------------------------ Avg: 11.2 25.7 11 -1.2 6 67 1005.0 46.0 2.3 12.3 11 Z-SZ 94.272 Wind Run 7781.7 km Calm Values 100 Calm in % 4.6 % Sun Distribution WD Values 2060 Distribution WD N-NO 3.4 % Distribution WD NO 1.6 % Distribution WD NO-O 5.4 % Distribution WD O 7.4 % Distribution WD O-SO 7.9 % Distribution WD SO 8.0 % Distribution WD SO-S 3.7 % Distribution WD S 5.8 % Distribution WD S-SW 3.8 % Distribution WD SW 2.1 % Distribution WD SW-W 4.0 % Distribution WD W 11.8 % Distribution WD W-NW 15.5 % Distribution WD NW 4.1 % Distribution WD NW-N 10.4 % Distribution WD N 4.9 % Rain days >0.0 mm Month 9 Rain days >2.0 mm Month 5 Rain days >20.0 mm Month 0 Ice days max < 0°C 0 Cold days min < 0°C 1 Cool days max < 10°C 1 Summer days max >=25°C 2 Hot days max >=30°C 0 Last year same Month: Ice days max < 0°C - - Last year same Month: Cold days min < 0°C - - Last year same Month: Cool days max < 10°C - - Last year same Month: Summer days max >=25°C - - Last year same Month: Hot days max >=30°C - - © 1999-2011 Werner Krenn / Mischa Thurnherr - Meteostanice Obsluzný a vyhodnocovací software - V2.96.7


  ©UMa Astronomy

Creative Commons License
Meteo by UMa Astronomy is licensed under a Creative Commons Attribution-NonCommercial-NoDerivs 3.0 Unported License.