Blahová 09/20/2019
 Last update: 08:38
Updated every 10 minutes
 Cold 
 Akt.temp: 10.9°C
 Max.temp: 10.9°C
 Min.temp: 3.3°C
 Devpoint: 6.3 °C
 Wind speed: 1.4m/s
 Wind direction: N
 Max wind gust: 2.9m/s
 Precipitation: 0.0mm
 Pressure: 1028.1 hPa
 P.tendency: +1.2 hPa/3h
 Humidity: 73%
 Abs.humidity: 7.26 g/m3
Ground temperature
Min.temp 2.5°C /05:08
Akt.temp
12.3°C

2019: Jan | Feb | Mar | Apr | May | Jun | Jul | Aug | Sep | Oct | Nov | Dec 
2018: Jan | Feb | Mar | Apr | May | Jun | Jul | Aug | Sep | Oct | Nov | Dec 
2017: Jan | Feb | Mar | Apr | May | Jun | Jul | Aug | Sep | Oct | Nov | Dec 
2016: Jan | Feb | Mar | Apr | May | Jun | Jul | Aug | Sep | Oct | Nov | Dec 
2015: Jan | Feb | Mar | Apr | May | Jun | Jul | Aug | Sep | Oct | Nov | Dec 
2014: Jan | Feb | Mar | Apr | May | Jun | Jul | Aug | Sep | Oct | Nov | Dec 
2013: Jan | Feb | Mar | Apr | May | Jun | Jul | Aug | Sep | Oct | Nov | Dec 
2012: Jan | Feb | Mar | Apr | May | Jun | Jul | Aug | Sep | Oct | Nov | Dec 
2011: Jan | Feb | Mar | Apr | May | Jun | Jul | Aug | Sep | Oct | Nov | Dec 
2010: Jan | Feb | Mar | Apr | May | Jun | Jul | Aug | Sep | Oct | Nov | Dec 
2009: Jan | Feb | Mar | Apr | May | Jun | Jul | Aug | Sep | Oct | Nov | Dec 
2008: Jan | Feb | Mar | Apr | May | Jun | Jul | Aug | Sep | Oct | Nov | Dec 
2007: Jan | Feb | Mar | Apr | May | Jun | Jul | Aug | Sep | Oct | Nov | Dec 

Report for 2008 05
MONTHLY CLIMATOLOGICAL SUMMARY for máj 2008 CITY: ELEV: 117 m LAT: 48° 1' 9" Sever LONG: 17° 2' 2" Východ TEMPERATURE (°C), BAROMETER (hPa), RAIN (mm), WIND SPEED (m/s) MEAN TEMPERATURE WIND DOM trans Ground DAY TEMP HIGH TIME LOW TIME HUM Baro Rain SPEED HIGH TIME DIR pirat min.temp time ------------------------------------------------------------------------------------------------------------------------------ 1 14.8 19.9 05:27 11.3 23:46 67 1009.9 0.0 1.8 5.1 02:47 Z 1.457 -- - - 2 15.0 23.8 18:26 8.3 05:46 58 1015.2 0.0 1.7 6.4 15:26 Z-SZ 5.060 -- - - 3 12.8 21.8 13:06 9.3 06:06 68 1018.2 0.0 2.7 11.0 16:46 S-SZ 2.031 -- - - 4 13.0 20.8 13:26 8.6 05:46 62 1016.8 0.0 2.8 8.1 13:26 S-SZ 3.506 -- - - 5 12.8 18.9 13:26 6.6 05:46 80 1018.8 2.1 1.4 5.0 20:06 Z-SZ 1.737 -- - - 6 14.3 22.9 13:26 10.2 00:06 63 1016.5 0.0 2.3 8.6 13:46 S 3.549 -- - - 7 14.4 23.0 15:06 6.8 04:26 54 1015.0 0.0 2.1 5.4 17:26 S-SZ 5.379 -- - - 8 16.8 25.1 14:46 6.1 05:06 54 1012.2 0.0 1.0 3.8 12:06 S-SZ 5.952 -- - - 9 15.9 24.5 15:05 9.8 01:25 58 1012.7 0.0 1.2 5.0 12:45 S 5.586 -- - - 10 17.1 28.1 18:25 7.4 05:45 56 1015.2 0.0 0.6 3.5 22:25 S 5.709 -- - - 11 15.5 28.5 18:25 8.8 05:05 55 1015.5 0.0 0.6 3.2 12:45 V-SV 5.153 -- - - 12 17.7 28.1 18:25 6.7 05:25 58 1012.7 0.0 0.3 3.1 17:25 Z-SZ 7.112 -- - - 13 18.6 30.4 18:25 8.4 05:25 56 1010.3 0.0 0.7 2.4 12:05 S 8.018 -- - - 14 17.5 28.6 14:25 9.9 05:25 60 1008.6 0.0 1.3 6.4 14:45 S 6.684 -- - - 15 19.1 32.8 18:25 9.1 02:25 58 1003.9 0.0 1.0 5.1 13:45 V-SV 7.406 -- - - 16 18.9 28.1 18:04 10.8 05:04 62 1004.2 0.0 1.1 5.2 16:04 V-SV 5.896 -- - - 17 20.4 27.8 15:44 11.2 05:24 61 1001.8 0.0 2.8 5.3 20:24 JV 5.451 -- - - 18 18.6 23.0 13:24 15.4 23:44 68 1000.4 0.0 1.6 6.9 11:04 J 3.507 -- - - 19 16.0 23.1 14:04 11.4 23:44 71 1003.2 0.0 2.8 6.4 13:04 Z 3.672 -- - - 20 10.8 12.4 17:44 9.2 09:04 87 1004.2 17.2 2.0 5.9 04:24 S-SZ 0.577 -- - - 21 12.8 16.1 15:24 10.3 02:44 83 1007.1 4.1 1.6 3.0 14:24 Z 1.175 -- - - 22 14.5 23.3 18:04 10.9 23:43 74 1007.2 0.0 2.2 5.9 17:24 Z-SZ 2.972 -- - - 23 15.8 24.5 18:03 9.1 05:43 71 1007.3 0.0 1.5 5.5 11:43 Z-SZ 3.682 -- - - 24 18.1 29.3 18:23 8.3 05:23 66 1007.7 0.0 0.5 2.8 09:43 S 5.964 -- - - 25 17.9 28.1 18:23 12.7 04:23 65 1010.5 0.0 1.2 3.4 18:43 S-SZ 4.800 -- - - 26 22.0 27.1 15:43 12.1 04:43 60 1010.8 0.0 2.2 5.4 13:03 V-SV 5.451 -- - - 27 23.5 33.9 18:23 13.3 05:03 64 1008.8 0.0 1.2 3.2 07:43 V-SV 7.682 -- - - 28 25.6 33.7 14:23 16.5 05:03 65 1008.4 0.0 1.9 4.9 22:03 V-SV 8.045 -- - - 29 20.4 28.5 14:43 13.4 05:43 52 1011.2 0.0 1.5 5.4 14:03 V-SV 7.040 -- - - 30 23.0 30.9 14:02 12.7 04:42 60 1007.8 0.0 1.9 5.6 14:22 V 7.129 -- - - 31 24.4 32.9 15:02 15.9 05:42 60 1007.6 0.0 1.5 5.7 13:22 J 8.708 -- - - ------------------------------------------------------------------------------------------------------------------------------ Avg: 17.3 33.9 27 6.1 8 64 1010.0 23.4 1.6 11.0 3 S-SZ 156.090 Wind Run 5608.2 km Calm Values 146 Calm in % 6.7 % Sun Distribution WD Values 2045 Distribution WD N-NO 5.5 % Distribution WD NO 2.8 % Distribution WD NO-O 10.3 % Distribution WD O 6.6 % Distribution WD O-SO 4.2 % Distribution WD SO 3.7 % Distribution WD SO-S 2.7 % Distribution WD S 3.5 % Distribution WD S-SW 3.6 % Distribution WD SW 2.2 % Distribution WD SW-W 3.6 % Distribution WD W 9.0 % Distribution WD W-NW 11.3 % Distribution WD NW 5.4 % Distribution WD NW-N 14.5 % Distribution WD N 11.1 % Rain days >0.0 mm Month 3 Rain days >2.0 mm Month 3 Rain days >20.0 mm Month 0 Ice days max < 0°C 0 Cold days min < 0°C 0 Cool days max < 10°C 0 Summer days max >=25°C 17 Hot days max >=30°C 6 Last year same Month: Ice days max < 0°C - - Last year same Month: Cold days min < 0°C - - Last year same Month: Cool days max < 10°C - - Last year same Month: Summer days max >=25°C - - Last year same Month: Hot days max >=30°C - - © 1999-2011 Werner Krenn / Mischa Thurnherr - Meteostanice Obsluzný a vyhodnocovací software - V2.96.7


  ©UMa Astronomy

Creative Commons License
Meteo by UMa Astronomy is licensed under a Creative Commons Attribution-NonCommercial-NoDerivs 3.0 Unported License.