Blahová 10/17/2019
 Last update: 23:48
Updated every 10 minutes
 Cold 
 Akt.temp: 9.7°C
 Max.temp: 20.1°C
 Min.temp: 5.3°C
 Devpoint: 6.1 °C
 Wind speed: 0.0m/s
 Wind direction: E-SE
 Max wind gust: 3.4m/s
 Precipitation: 0.2mm
 Pressure: 1016.1 hPa
 P.tendency: -0.3 hPa/3h
 Humidity: 78%
 Abs.humidity: 7.19 g/m3
Ground temperature
Min.temp 5.3°C /01:51
Akt.temp
7.2°C

2019: Jan | Feb | Mar | Apr | May | Jun | Jul | Aug | Sep | Oct | Nov | Dec 
2018: Jan | Feb | Mar | Apr | May | Jun | Jul | Aug | Sep | Oct | Nov | Dec 
2017: Jan | Feb | Mar | Apr | May | Jun | Jul | Aug | Sep | Oct | Nov | Dec 
2016: Jan | Feb | Mar | Apr | May | Jun | Jul | Aug | Sep | Oct | Nov | Dec 
2015: Jan | Feb | Mar | Apr | May | Jun | Jul | Aug | Sep | Oct | Nov | Dec 
2014: Jan | Feb | Mar | Apr | May | Jun | Jul | Aug | Sep | Oct | Nov | Dec 
2013: Jan | Feb | Mar | Apr | May | Jun | Jul | Aug | Sep | Oct | Nov | Dec 
2012: Jan | Feb | Mar | Apr | May | Jun | Jul | Aug | Sep | Oct | Nov | Dec 
2011: Jan | Feb | Mar | Apr | May | Jun | Jul | Aug | Sep | Oct | Nov | Dec 
2010: Jan | Feb | Mar | Apr | May | Jun | Jul | Aug | Sep | Oct | Nov | Dec 
2009: Jan | Feb | Mar | Apr | May | Jun | Jul | Aug | Sep | Oct | Nov | Dec 
2008: Jan | Feb | Mar | Apr | May | Jun | Jul | Aug | Sep | Oct | Nov | Dec 
2007: Jan | Feb | Mar | Apr | May | Jun | Jul | Aug | Sep | Oct | Nov | Dec 

Report for 2008 06
MONTHLY CLIMATOLOGICAL SUMMARY for jún 2008 CITY: ELEV: 117 m LAT: 48° 1' 9" Sever LONG: 17° 2' 2" Východ TEMPERATURE (°C), BAROMETER (hPa), RAIN (mm), WIND SPEED (m/s) MEAN TEMPERATURE WIND DOM trans Ground DAY TEMP HIGH TIME LOW TIME HUM Baro Rain SPEED HIGH TIME DIR pirat min.temp time ------------------------------------------------------------------------------------------------------------------------------ 1 23.5 31.5 15:02 14.6 04:42 62 1009.7 0.0 2.6 5.1 21:42 Z-SZ 7.085 -- - - 2 22.8 34.0 18:22 15.0 05:02 52 1010.0 0.0 1.7 5.4 10:22 V 8.492 -- - - 3 22.6 31.9 14:42 13.7 04:42 62 1006.9 0.0 1.9 4.8 13:22 V-SV 7.722 -- - - 4 21.0 27.5 14:02 15.0 03:42 68 1005.0 0.0 1.1 4.2 14:22 V-JV 4.384 -- - - 5 18.3 21.3 16:42 15.8 07:02 81 1005.2 6.9 0.6 4.1 22:02 S 1.564 -- - - 6 18.5 29.4 18:01 14.5 03:21 74 1006.3 4.1 1.4 4.2 16:21 S 3.444 -- - - 7 18.1 25.7 14:21 13.3 05:21 79 1007.3 16.5 0.9 4.9 09:01 V-SV 3.751 -- - - 8 18.6 26.1 17:41 14.5 03:41 77 1010.8 2.7 0.8 3.0 21:01 S 3.401 -- - - 9 22.0 32.7 18:01 13.7 05:21 66 1014.3 0.0 0.6 3.1 07:21 S-SZ 6.851 -- - - 10 22.3 34.5 18:21 13.4 05:21 66 1013.1 0.0 1.0 4.2 16:21 J-JZ 7.173 -- - - 11 21.1 29.7 12:41 14.0 04:41 73 1007.2 0.0 1.3 4.9 14:41 Z 4.365 -- - - 12 18.5 26.7 18:01 15.6 07:21 65 1005.2 7.6 2.3 5.0 15:01 S-SZ 4.824 -- - - 13 15.2 21.5 13:20 11.7 23:00 65 1005.5 0.0 3.2 10.6 11:40 Z-SZ 3.051 -- - - 14 16.6 23.1 15:20 7.6 05:00 58 1007.4 0.0 2.2 6.7 14:40 S-SZ 4.393 -- - - 15 17.1 26.8 15:20 11.5 23:40 65 1006.4 0.7 1.0 4.7 03:40 S-SZ 5.760 -- - - 16 19.3 27.4 14:00 9.0 05:20 63 1004.9 0.0 2.6 8.8 12:00 JV 5.363 -- - - 17 20.6 28.7 14:40 10.5 05:00 69 1006.9 0.7 0.2 2.6 08:20 V-JV 6.104 -- - - 18 20.2 32.3 18:20 13.8 23:50 61 1009.7 2.7 0.5 2.1 21:50 Z-SZ 6.432 -- - - 19 21.9 35.1 18:10 11.3 04:50 61 1010.6 0.0 1.1 3.1 18:10 Z-SZ 8.083 -- - - 20 23.5 33.1 18:10 13.6 05:40 58 1012.9 0.0 1.5 5.8 15:50 Z 8.884 -- - - 21 23.9 34.3 14:20 14.2 04:20 61 1015.1 0.0 0.5 4.9 16:40 Z-SZ 9.700 -- - - 22 26.8 35.7 14:20 15.6 05:20 59 1013.4 0.0 1.9 7.3 14:00 J 10.028 -- - - 23 28.2 35.4 14:40 17.4 05:20 55 1011.6 0.0 1.4 5.8 12:40 V-JV 10.818 -- - - 24 24.4 35.6 14:40 17.7 23:40 70 1012.0 4.1 1.2 9.1 18:00 Z-SZ 10.134 -- - - 25 25.7 34.6 18:20 14.3 05:20 62 1010.0 3.4 1.3 8.8 23:49 JV 8.833 -- - - 26 23.8 33.2 14:55 17.6 05:16 71 1013.4 6.9 1.6 13.7 00:15 S-SZ 6.949 -- - - 27 23.0 31.6 18:05 17.8 05:05 68 1011.4 5.5 1.6 6.4 12:55 Z 6.578 -- - - 28 22.1 29.9 14:45 14.2 05:30 60 1014.6 0.0 1.0 6.8 14:35 Z-SZ 6.679 -- - - 29 25.0 33.3 14:15 15.7 05:35 58 1013.3 0.0 1.1 5.7 15:45 Z 8.799 -- - - 30 21.9 34.8 18:10 17.4 04:50 74 1012.9 9.6 1.1 5.2 09:10 Z-SZ 1.547 -- - - ------------------------------------------------------------------------------------------------------------------------------ Avg: 21.5 35.7 22 7.6 14 65 1009.8 71.4 1.4 13.7 26 Z-SZ 191.193 Wind Run 4289.3 km Calm Values 478 Calm in % 14.7 % Sun Distribution WD Values 2770 Distribution WD N-NO 3.9 % Distribution WD NO 2.5 % Distribution WD NO-O 6.8 % Distribution WD O 4.3 % Distribution WD O-SO 3.9 % Distribution WD SO 4.3 % Distribution WD SO-S 2.4 % Distribution WD S 3.8 % Distribution WD S-SW 4.8 % Distribution WD SW 4.3 % Distribution WD SW-W 5.6 % Distribution WD W 14.4 % Distribution WD W-NW 16.1 % Distribution WD NW 4.9 % Distribution WD NW-N 10.3 % Distribution WD N 7.8 % Rain days >0.0 mm Month 13 Rain days >2.0 mm Month 11 Rain days >20.0 mm Month 0 Ice days max < 0°C 0 Cold days min < 0°C 0 Cool days max < 10°C 0 Summer days max >=25°C 27 Hot days max >=30°C 17 Last year same Month: Ice days max < 0°C - - Last year same Month: Cold days min < 0°C - - Last year same Month: Cool days max < 10°C - - Last year same Month: Summer days max >=25°C - - Last year same Month: Hot days max >=30°C - - © 1999-2011 Werner Krenn / Mischa Thurnherr - Meteostanice Obsluzný a vyhodnocovací software - V2.96.7


  ©UMa Astronomy

Creative Commons License
Meteo by UMa Astronomy is licensed under a Creative Commons Attribution-NonCommercial-NoDerivs 3.0 Unported License.