Blahová 12/15/2019
 Last update: 16:48
Updated every 10 minutes
 Cold 
 Akt.temp: 4.9°C
 Max.temp: 6.9°C
 Min.temp: 1.0°C
 Devpoint: 1.9 °C
 Wind speed: 0.9m/s
 Wind direction: N-NE
 Max wind gust: 5.0m/s
 Precipitation: 0.0mm
 Pressure: 1011.2 hPa
 P.tendency: +1.0 hPa/3h
 Humidity: 81%
 Abs.humidity: 5.47 g/m3
Ground temperature
Min.temp 1.1°C /07:46
Akt.temp
3.6°C

2019: Jan | Feb | Mar | Apr | May | Jun | Jul | Aug | Sep | Oct | Nov | Dec 
2018: Jan | Feb | Mar | Apr | May | Jun | Jul | Aug | Sep | Oct | Nov | Dec 
2017: Jan | Feb | Mar | Apr | May | Jun | Jul | Aug | Sep | Oct | Nov | Dec 
2016: Jan | Feb | Mar | Apr | May | Jun | Jul | Aug | Sep | Oct | Nov | Dec 
2015: Jan | Feb | Mar | Apr | May | Jun | Jul | Aug | Sep | Oct | Nov | Dec 
2014: Jan | Feb | Mar | Apr | May | Jun | Jul | Aug | Sep | Oct | Nov | Dec 
2013: Jan | Feb | Mar | Apr | May | Jun | Jul | Aug | Sep | Oct | Nov | Dec 
2012: Jan | Feb | Mar | Apr | May | Jun | Jul | Aug | Sep | Oct | Nov | Dec 
2011: Jan | Feb | Mar | Apr | May | Jun | Jul | Aug | Sep | Oct | Nov | Dec 
2010: Jan | Feb | Mar | Apr | May | Jun | Jul | Aug | Sep | Oct | Nov | Dec 
2009: Jan | Feb | Mar | Apr | May | Jun | Jul | Aug | Sep | Oct | Nov | Dec 
2008: Jan | Feb | Mar | Apr | May | Jun | Jul | Aug | Sep | Oct | Nov | Dec 
2007: Jan | Feb | Mar | Apr | May | Jun | Jul | Aug | Sep | Oct | Nov | Dec 

Report for 2008 07
MONTHLY CLIMATOLOGICAL SUMMARY for júl 2008 CITY: ELEV: 117 m LAT: 48° 1' 9" Sever LONG: 17° 2' 2" Východ TEMPERATURE (°C), BAROMETER (hPa), RAIN (mm), WIND SPEED (m/s) MEAN TEMPERATURE WIND DOM trans Ground DAY TEMP HIGH TIME LOW TIME HUM Baro Rain SPEED HIGH TIME DIR pirat min.temp time ------------------------------------------------------------------------------------------------------------------------------ 1 23.3 32.4 16:10 16.2 05:30 62 1012.3 0.0 1.0 5.0 12:50 S-SZ 8.033 -- - - 2 24.4 34.3 13:30 15.3 05:10 62 1009.0 0.0 1.1 4.5 08:20 V-SV 6.061 -- - - 3 26.7 34.7 14:35 18.7 05:35 53 1005.1 0.0 2.5 8.9 15:40 V-JV 9.021 -- - - 4 21.4 26.9 14:30 17.2 23:55 66 1006.6 6.9 2.4 13.1 14:10 Z 4.735 -- - - 5 20.4 29.1 14:50 14.0 23:25 59 1007.9 2.1 2.1 15.6 15:50 Z-SZ 6.624 -- - - 6 23.4 33.4 15:50 10.2 05:20 57 1006.4 0.0 1.2 12.4 15:22 V-JV 8.835 -- - - 7 19.8 30.8 13:25 14.7 23:50 77 1004.6 30.2 2.3 11.4 16:20 Z-SZ 5.368 -- - - 8 18.5 27.0 13:20 12.3 05:40 67 1008.7 0.0 1.8 8.6 13:00 Z 4.674 -- - - 9 18.5 26.0 14:55 12.7 04:34 65 1010.9 0.0 2.0 10.9 16:00 Z 4.786 -- - - 10 20.4 28.0 15:55 14.1 00:45 67 1011.2 0.0 1.7 6.7 16:00 Z 4.139 -- - - 11 24.7 34.1 14:50 14.0 05:05 56 1007.7 0.0 2.4 8.7 13:00 JV 8.620 -- - - 12 26.6 35.5 14:50 17.3 03:40 54 1005.2 0.0 1.6 11.0 21:45 JV 9.223 -- - - 13 22.9 35.1 14:45 15.7 05:30 70 1005.2 1.4 2.3 12.1 18:45 Z-SZ 8.496 -- - - 14 17.3 20.8 12:55 14.9 05:53 74 1011.0 8.2 2.2 8.6 20:45 Z-SZ 1.716 -- - - 15 19.5 24.6 14:35 15.2 05:35 61 1017.1 0.0 2.9 9.5 08:55 Z-SZ 3.955 -- - - 16 21.8 28.8 13:10 16.5 05:20 61 1011.7 0.0 1.4 6.4 13:05 Z-SZ 5.643 -- - - 17 17.6 27.5 10:25 15.0 23:55 80 1008.3 8.9 1.5 9.1 10:55 S-SZ 1.867 -- - - 18 18.2 24.4 15:50 13.1 02:30 72 1008.8 0.0 0.9 5.5 18:55 Z 3.544 -- - - 19 21.7 30.6 15:30 12.9 04:00 61 1009.2 0.0 1.7 8.8 15:00 Z 6.548 -- - - 20 20.6 27.7 14:10 16.1 23:50 69 1007.5 6.2 1.2 6.4 22:15 Z-SZ 4.707 -- - - 21 18.3 24.9 15:30 13.1 23:55 64 1010.4 5.5 2.2 10.1 08:55 Z-SZ 4.375 -- - - 22 16.9 22.5 14:20 8.9 05:27 64 1011.5 0.0 2.2 8.2 19:35 Z-SZ 3.926 -- - - 23 14.5 15.4 16:50 12.9 10:16 85 1008.8 21.3 5.4 13.9 12:52 S-SZ 0.555 -- - - 24 18.1 23.2 12:11 14.0 02:45 80 1007.2 0.7 3.2 11.1 12:08 S-SZ 2.284 -- - - 25 22.3 31.2 14:30 15.2 05:25 76 1003.5 0.0 2.0 6.7 09:55 Z 6.426 -- - - 26 22.8 30.1 13:30 16.5 05:35 72 1006.0 0.0 1.3 8.3 15:50 S-SZ 4.182 -- - - 27 24.8 35.0 15:05 17.4 05:25 64 1009.7 0.0 1.1 4.0 16:25 S-SZ 7.815 -- - - 28 24.0 35.0 15:15 16.3 05:26 63 1012.2 0.0 0.4 4.3 12:25 V-SV 9.205 -- - - 29 24.5 35.7 15:40 14.6 05:45 61 1012.2 0.0 1.0 4.3 13:55 J-JZ 9.205 -- - - 30 23.7 36.0 14:50 15.9 05:41 68 1013.8 0.0 0.8 6.7 18:45 V-SV 9.932 -- - - 31 24.7 36.2 15:00 15.7 05:45 64 1013.6 0.0 0.7 5.4 19:25 V 9.181 -- - - ------------------------------------------------------------------------------------------------------------------------------ Avg: 21.4 36.2 31 8.9 22 66 1009.1 91.4 1.8 15.6 5 Z-SZ 183.682 Wind Run 6565.6 km Calm Values 1100 Calm in % 10.1 % Sun Distribution WD Values 9757 Distribution WD N-NO 3.2 % Distribution WD NO 1.5 % Distribution WD NO-O 3.9 % Distribution WD O 3.3 % Distribution WD O-SO 3.1 % Distribution WD SO 3.6 % Distribution WD SO-S 2.1 % Distribution WD S 3.2 % Distribution WD S-SW 3.9 % Distribution WD SW 3.3 % Distribution WD SW-W 5.2 % Distribution WD W 14.3 % Distribution WD W-NW 18.5 % Distribution WD NW 7.6 % Distribution WD NW-N 17.3 % Distribution WD N 5.8 % Rain days >0.0 mm Month 10 Rain days >2.0 mm Month 8 Rain days >20.0 mm Month 2 Ice days max < 0°C 0 Cold days min < 0°C 0 Cool days max < 10°C 0 Summer days max >=25°C 24 Hot days max >=30°C 16 Last year same Month: Ice days max < 0°C - - Last year same Month: Cold days min < 0°C - - Last year same Month: Cool days max < 10°C - - Last year same Month: Summer days max >=25°C - - Last year same Month: Hot days max >=30°C - - © 1999-2011 Werner Krenn / Mischa Thurnherr - Meteostanice Obsluzný a vyhodnocovací software - V2.96.7


  ©UMa Astronomy

Creative Commons License
Meteo by UMa Astronomy is licensed under a Creative Commons Attribution-NonCommercial-NoDerivs 3.0 Unported License.