Blahová 11/13/2019
 Last update: 21:28
Updated every 10 minutes
 Cold 
 Akt.temp: 5.2°C
 Max.temp: 9.9°C
 Min.temp: 4.8°C
 Devpoint: 1.7 °C
 Wind speed: 1.9m/s
 Wind direction: SW
 Max wind gust: 7.7m/s
 Precipitation: 11.9mm
 Pressure: 1006.6 hPa
 P.tendency: +4.0 hPa/3h
 Humidity: 78%
 Abs.humidity: 5.37 g/m3
Ground temperature
Min.temp 5.8°C /18:24
Akt.temp
6.6°C

2019: Jan | Feb | Mar | Apr | May | Jun | Jul | Aug | Sep | Oct | Nov | Dec 
2018: Jan | Feb | Mar | Apr | May | Jun | Jul | Aug | Sep | Oct | Nov | Dec 
2017: Jan | Feb | Mar | Apr | May | Jun | Jul | Aug | Sep | Oct | Nov | Dec 
2016: Jan | Feb | Mar | Apr | May | Jun | Jul | Aug | Sep | Oct | Nov | Dec 
2015: Jan | Feb | Mar | Apr | May | Jun | Jul | Aug | Sep | Oct | Nov | Dec 
2014: Jan | Feb | Mar | Apr | May | Jun | Jul | Aug | Sep | Oct | Nov | Dec 
2013: Jan | Feb | Mar | Apr | May | Jun | Jul | Aug | Sep | Oct | Nov | Dec 
2012: Jan | Feb | Mar | Apr | May | Jun | Jul | Aug | Sep | Oct | Nov | Dec 
2011: Jan | Feb | Mar | Apr | May | Jun | Jul | Aug | Sep | Oct | Nov | Dec 
2010: Jan | Feb | Mar | Apr | May | Jun | Jul | Aug | Sep | Oct | Nov | Dec 
2009: Jan | Feb | Mar | Apr | May | Jun | Jul | Aug | Sep | Oct | Nov | Dec 
2008: Jan | Feb | Mar | Apr | May | Jun | Jul | Aug | Sep | Oct | Nov | Dec 
2007: Jan | Feb | Mar | Apr | May | Jun | Jul | Aug | Sep | Oct | Nov | Dec 

Report for 2008 08
MONTHLY CLIMATOLOGICAL SUMMARY for august 2008 CITY: ELEV: 117 m LAT: 48° 1' 9" Sever LONG: 17° 2' 2" Východ TEMPERATURE (°C), BAROMETER (hPa), RAIN (mm), WIND SPEED (m/s) MEAN TEMPERATURE WIND DOM trans Ground DAY TEMP HIGH TIME LOW TIME HUM Baro Rain SPEED HIGH TIME DIR pirat min.temp time ------------------------------------------------------------------------------------------------------------------------------ 1 24.3 31.5 15:21 18.3 04:35 67 1012.4 0.0 1.7 7.3 15:10 V-JV 5.846 -- - - 2 23.7 34.4 15:00 17.0 05:25 75 1012.3 1.4 1.2 7.1 17:05 Z 7.104 -- - - 3 23.8 31.6 15:25 16.7 05:54 66 1011.2 0.0 1.2 5.3 13:45 Z 5.543 -- - - 4 23.8 35.5 14:40 16.0 04:10 73 1006.8 2.1 2.1 15.0 17:41 Z-SZ 8.141 -- - - 5 21.3 28.1 14:50 17.1 23:55 64 1009.7 0.7 2.1 9.3 15:45 Z 4.605 -- - - 6 20.5 30.6 14:55 11.7 06:05 63 1011.6 0.0 0.6 5.1 12:35 Z 6.590 -- - - 7 22.5 32.6 14:35 12.4 05:40 58 1007.8 0.0 1.4 5.9 18:25 V-JV 7.804 -- - - 8 21.9 29.9 14:40 16.3 03:40 69 1004.2 0.0 2.8 7.9 21:25 V-JV 4.250 -- - - 9 17.9 26.2 14:15 12.9 23:50 71 1007.2 12.4 2.4 9.7 13:05 Z-SZ 4.159 -- - - 10 19.1 28.8 14:39 9.1 04:00 67 1008.0 0.0 1.0 3.7 14:09 V 5.929 -- - - 11 21.8 30.9 15:04 12.8 05:59 64 1005.6 0.0 1.7 6.2 13:09 V 6.580 -- - - 12 24.3 32.1 15:14 14.3 05:34 60 1000.7 0.0 3.3 8.9 17:24 V-JV 6.964 -- - - 13 22.9 31.5 15:34 18.1 02:59 58 1008.8 0.0 0.9 8.1 08:29 S-SZ 6.275 -- - - 14 24.0 33.3 15:45 16.6 04:44 66 1009.5 0.0 0.4 5.1 10:45 Z-SZ 7.124 -- - - 15 22.7 32.3 11:49 17.1 23:59 72 1000.4 0.0 2.6 15.2 17:25 JV 4.687 -- - - 16 14.8 18.8 14:29 12.9 05:14 79 1003.3 8.9 4.0 14.5 04:44 Z 1.726 -- - - 17 17.2 26.4 14:29 11.8 02:14 67 1008.1 0.0 0.8 4.8 12:34 Z 4.901 -- - - 18 19.1 30.1 15:13 9.3 05:53 66 1011.9 0.0 0.8 3.8 15:53 V 6.666 -- - - 19 21.5 31.7 14:33 11.6 05:58 64 1009.6 0.0 1.5 7.8 16:40 V 6.694 -- - - 20 21.4 28.9 14:13 14.3 03:28 64 1011.3 0.0 1.8 7.6 16:33 Z-SZ 5.219 -- - - 21 20.7 31.2 15:18 11.8 06:08 66 1014.1 0.0 0.6 4.2 17:18 J-JZ 6.676 -- - - 22 22.8 32.4 14:38 13.0 05:58 65 1007.8 0.0 1.0 6.0 15:08 V-JV 7.044 -- - - 23 18.4 24.3 10:53 15.0 23:28 71 1006.2 0.7 2.0 8.4 13:08 Z-SZ 3.339 -- - - 24 17.1 23.8 13:03 12.7 23:55 63 1008.7 0.0 2.7 10.2 06:03 Z 3.129 -- - - 25 17.3 28.0 14:15 8.9 06:10 64 1013.2 0.0 0.6 4.7 12:00 Z 5.482 -- - - 26 20.3 29.5 15:15 10.8 03:30 64 1016.6 0.0 0.8 4.8 14:20 Z-SZ 5.317 -- - - 27 20.1 30.2 15:50 15.0 23:55 65 1015.4 0.0 0.2 4.5 13:10 Z-SZ 5.383 -- - - 28 20.8 31.0 13:25 12.2 06:15 67 1011.9 0.0 0.3 4.4 13:25 J-JZ 5.567 -- - - 29 20.7 26.7 12:50 13.9 05:55 60 1010.6 0.0 3.1 11.4 14:40 Z-SZ 4.485 -- - - 30 18.1 25.3 14:27 11.2 23:57 53 1014.7 0.0 1.8 7.9 09:50 S-SZ 5.145 -- - - 31 17.5 27.3 15:27 7.1 04:27 58 1015.0 0.0 1.6 5.7 12:27 V-SV 5.667 -- - - ------------------------------------------------------------------------------------------------------------------------------ Avg: 20.7 35.5 4 7.1 31 65 1009.5 26.1 1.6 15.2 15 Z-SZ 174.042 Wind Run 5430.1 km Calm Values 1529 Calm in % 12.6 % Sun Distribution WD Values 10642 Distribution WD N-NO 2.2 % Distribution WD NO 1.6 % Distribution WD NO-O 5.0 % Distribution WD O 9.0 % Distribution WD O-SO 9.0 % Distribution WD SO 7.5 % Distribution WD SO-S 3.0 % Distribution WD S 3.6 % Distribution WD S-SW 4.7 % Distribution WD SW 3.9 % Distribution WD SW-W 5.6 % Distribution WD W 14.0 % Distribution WD W-NW 15.2 % Distribution WD NW 4.6 % Distribution WD NW-N 7.9 % Distribution WD N 3.4 % Rain days >0.0 mm Month 6 Rain days >2.0 mm Month 3 Rain days >20.0 mm Month 0 Ice days max < 0°C 0 Cold days min < 0°C 0 Cool days max < 10°C 0 Summer days max >=25°C 28 Hot days max >=30°C 17 Last year same Month: Ice days max < 0°C 0 Last year same Month: Cold days min < 0°C 0 Last year same Month: Cool days max < 10°C 1 Last year same Month: Summer days max >=25°C 0 Last year same Month: Hot days max >=30°C 0 © 1999-2011 Werner Krenn / Mischa Thurnherr - Meteostanice Obsluzný a vyhodnocovací software - V2.96.7


  ©UMa Astronomy

Creative Commons License
Meteo by UMa Astronomy is licensed under a Creative Commons Attribution-NonCommercial-NoDerivs 3.0 Unported License.