Blahová 12/15/2019
 Last update: 17:53
Updated every 10 minutes
 Cold 
 Akt.temp: 4.4°C
 Max.temp: 6.9°C
 Min.temp: 1.0°C
 Devpoint: 1.4 °C
 Wind speed: 1.3m/s
 Wind direction: NE
 Max wind gust: 5.0m/s
 Precipitation: 0.0mm
 Pressure: 1011.9 hPa
 P.tendency: +1.3 hPa/3h
 Humidity: 81%
 Abs.humidity: 5.29 g/m3
Ground temperature
Min.temp 1.1°C /07:46
Akt.temp
2.9°C

2019: Jan | Feb | Mar | Apr | May | Jun | Jul | Aug | Sep | Oct | Nov | Dec 
2018: Jan | Feb | Mar | Apr | May | Jun | Jul | Aug | Sep | Oct | Nov | Dec 
2017: Jan | Feb | Mar | Apr | May | Jun | Jul | Aug | Sep | Oct | Nov | Dec 
2016: Jan | Feb | Mar | Apr | May | Jun | Jul | Aug | Sep | Oct | Nov | Dec 
2015: Jan | Feb | Mar | Apr | May | Jun | Jul | Aug | Sep | Oct | Nov | Dec 
2014: Jan | Feb | Mar | Apr | May | Jun | Jul | Aug | Sep | Oct | Nov | Dec 
2013: Jan | Feb | Mar | Apr | May | Jun | Jul | Aug | Sep | Oct | Nov | Dec 
2012: Jan | Feb | Mar | Apr | May | Jun | Jul | Aug | Sep | Oct | Nov | Dec 
2011: Jan | Feb | Mar | Apr | May | Jun | Jul | Aug | Sep | Oct | Nov | Dec 
2010: Jan | Feb | Mar | Apr | May | Jun | Jul | Aug | Sep | Oct | Nov | Dec 
2009: Jan | Feb | Mar | Apr | May | Jun | Jul | Aug | Sep | Oct | Nov | Dec 
2008: Jan | Feb | Mar | Apr | May | Jun | Jul | Aug | Sep | Oct | Nov | Dec 
2007: Jan | Feb | Mar | Apr | May | Jun | Jul | Aug | Sep | Oct | Nov | Dec 

Report for 2008 09
MONTHLY CLIMATOLOGICAL SUMMARY for september 2008 CITY: ELEV: 117 m LAT: 48° 1' 9" Sever LONG: 17° 2' 2" Východ TEMPERATURE (°C), BAROMETER (hPa), RAIN (mm), WIND SPEED (m/s) MEAN TEMPERATURE WIND DOM trans Ground DAY TEMP HIGH TIME LOW TIME HUM Baro Rain SPEED HIGH TIME DIR pirat min.temp time ------------------------------------------------------------------------------------------------------------------------------ 1 17.6 28.3 14:46 10.5 06:26 59 1013.1 0.0 1.2 6.0 14:46 V 5.943 -- - - 2 19.8 30.1 14:45 10.9 03:40 63 1009.6 0.0 0.8 5.4 16:50 V-SV 6.200 -- - - 3 22.2 31.8 14:30 12.7 06:40 62 1005.4 0.0 1.3 5.7 16:10 V-JV 6.324 -- - - 4 22.1 31.2 14:45 16.4 06:01 62 1004.8 0.0 1.2 6.3 15:30 V-JV 6.146 -- - - 5 23.3 32.3 15:20 15.3 05:35 60 1005.2 0.0 2.3 9.3 13:45 J 6.651 -- - - 6 25.9 34.3 15:35 16.9 04:20 57 1003.2 0.0 3.3 9.9 17:00 J 7.521 -- - - 7 23.7 32.7 14:05 17.9 23:53 59 1005.6 0.0 2.7 11.5 22:18 Z 6.655 -- - - 8 18.1 25.5 14:35 13.5 23:59 69 1012.4 5.5 1.3 8.2 02:08 Z-SZ 3.816 -- - - 9 18.3 29.1 14:55 9.9 06:40 68 1015.1 0.0 0.8 4.1 14:40 V 5.295 -- - - 10 19.6 29.6 15:40 11.0 06:20 66 1012.3 0.0 0.6 5.4 15:00 V-SV 5.388 -- - - 11 20.8 29.5 14:25 16.8 23:30 70 1007.3 0.0 0.2 2.6 00:40 S-SZ 5.011 -- - - 12 20.0 27.4 16:35 15.1 03:05 66 1004.5 0.0 1.5 7.4 22:20 S-SZ 3.821 -- - - 13 14.6 20.7 14:46 10.9 23:55 48 1009.6 0.0 3.0 11.1 09:07 S 3.805 -- - - 14 11.8 15.7 13:55 8.9 06:20 63 1013.3 0.0 0.6 3.9 01:50 V-SV 2.098 -- - - 15 9.3 10.9 15:25 8.2 07:20 87 1007.2 19.9 2.2 6.4 16:50 S-SZ 0.415 -- - - 16 8.9 10.3 13:57 8.2 05:55 80 1008.0 0.7 4.0 9.6 21:00 S-SZ 0.689 -- - - 17 8.8 13.7 14:37 6.5 23:10 71 1014.5 0.0 3.7 12.3 11:44 S-SZ 1.616 -- - - 18 9.4 15.7 12:45 5.1 23:30 73 1017.2 0.0 1.8 8.2 10:00 Z-SZ 1.804 -- - - 19 10.8 16.5 14:00 4.9 04:15 66 1016.1 0.0 3.1 10.7 16:20 S-SZ 2.153 -- - - 20 9.5 11.2 15:43 8.5 05:23 81 1016.7 6.2 4.3 9.7 16:46 Z-SZ 0.752 -- - - 21 10.0 12.6 13:05 8.6 23:50 80 1012.1 2.1 2.3 9.0 11:35 Z-SZ 1.009 -- - - 22 11.2 17.5 14:15 7.9 06:15 74 1009.4 0.7 1.4 6.7 15:20 Z-SZ 2.095 -- - - 23 11.6 17.5 13:55 7.7 06:35 76 1009.9 0.0 0.9 4.8 12:35 Z-SZ 1.750 -- - - 24 11.9 16.7 12:40 9.0 06:15 79 1012.6 0.0 1.2 6.9 14:25 Z-SZ 1.384 -- - - 25 11.1 17.8 12:35 8.5 03:45 82 1016.5 0.0 1.2 5.8 13:45 S-SZ 1.059 -- - - 26 12.3 17.8 14:15 7.4 06:00 68 1022.4 0.0 1.7 5.2 13:05 S-SZ 2.145 -- - - 27 12.2 18.1 14:50 7.8 06:20 70 1022.6 0.0 0.6 4.3 13:15 S 2.459 -- - - 28 10.5 20.5 14:15 3.3 06:45 71 1018.2 0.0 0.4 5.0 15:55 Z 2.821 -- - - 29 11.9 19.7 15:10 2.5 05:05 66 1011.7 0.0 1.3 4.8 15:15 J 2.630 -- - - 30 13.3 20.8 14:20 6.7 07:00 69 1007.2 0.0 1.7 8.4 14:05 J-JZ 2.781 -- - - ------------------------------------------------------------------------------------------------------------------------------ Avg: 15.0 34.3 6 2.5 29 69 1011.5 35.0 1.8 12.3 17 S-SZ 102.236 Wind Run 5871.8 km Calm Values 925 Calm in % 7.2 % Sun Distribution WD Values 12004 Distribution WD N-NO 4.3 % Distribution WD NO 1.3 % Distribution WD NO-O 2.9 % Distribution WD O 3.3 % Distribution WD O-SO 3.3 % Distribution WD SO 3.3 % Distribution WD SO-S 1.8 % Distribution WD S 3.4 % Distribution WD S-SW 3.2 % Distribution WD SW 1.8 % Distribution WD SW-W 2.4 % Distribution WD W 8.9 % Distribution WD W-NW 19.7 % Distribution WD NW 9.6 % Distribution WD NW-N 22.5 % Distribution WD N 8.0 % Rain days >0.0 mm Month 6 Rain days >2.0 mm Month 4 Rain days >20.0 mm Month 0 Ice days max < 0°C 0 Cold days min < 0°C 0 Cool days max < 10°C 0 Summer days max >=25°C 12 Hot days max >=30°C 6 Last year same Month: Ice days max < 0°C - - Last year same Month: Cold days min < 0°C - - Last year same Month: Cool days max < 10°C - - Last year same Month: Summer days max >=25°C - - Last year same Month: Hot days max >=30°C - - © 1999-2011 Werner Krenn / Mischa Thurnherr - Meteostanice Obsluzný a vyhodnocovací software - V2.96.7


  ©UMa Astronomy

Creative Commons License
Meteo by UMa Astronomy is licensed under a Creative Commons Attribution-NonCommercial-NoDerivs 3.0 Unported License.