Blahová 11/13/2019
 Last update: 21:53
Updated every 10 minutes
 Cold 
 Akt.temp: 5.1°C
 Max.temp: 9.9°C
 Min.temp: 4.8°C
 Devpoint: 1.6 °C
 Wind speed: 1.7m/s
 Wind direction: W-NW
 Max wind gust: 7.7m/s
 Precipitation: 11.9mm
 Pressure: 1006.7 hPa
 P.tendency: +3.1 hPa/3h
 Humidity: 78%
 Abs.humidity: 5.34 g/m3
Ground temperature
Min.temp 5.8°C /18:24
Akt.temp
6.4°C

2019: Jan | Feb | Mar | Apr | May | Jun | Jul | Aug | Sep | Oct | Nov | Dec 
2018: Jan | Feb | Mar | Apr | May | Jun | Jul | Aug | Sep | Oct | Nov | Dec 
2017: Jan | Feb | Mar | Apr | May | Jun | Jul | Aug | Sep | Oct | Nov | Dec 
2016: Jan | Feb | Mar | Apr | May | Jun | Jul | Aug | Sep | Oct | Nov | Dec 
2015: Jan | Feb | Mar | Apr | May | Jun | Jul | Aug | Sep | Oct | Nov | Dec 
2014: Jan | Feb | Mar | Apr | May | Jun | Jul | Aug | Sep | Oct | Nov | Dec 
2013: Jan | Feb | Mar | Apr | May | Jun | Jul | Aug | Sep | Oct | Nov | Dec 
2012: Jan | Feb | Mar | Apr | May | Jun | Jul | Aug | Sep | Oct | Nov | Dec 
2011: Jan | Feb | Mar | Apr | May | Jun | Jul | Aug | Sep | Oct | Nov | Dec 
2010: Jan | Feb | Mar | Apr | May | Jun | Jul | Aug | Sep | Oct | Nov | Dec 
2009: Jan | Feb | Mar | Apr | May | Jun | Jul | Aug | Sep | Oct | Nov | Dec 
2008: Jan | Feb | Mar | Apr | May | Jun | Jul | Aug | Sep | Oct | Nov | Dec 
2007: Jan | Feb | Mar | Apr | May | Jun | Jul | Aug | Sep | Oct | Nov | Dec 

Report for 2008 10
MONTHLY CLIMATOLOGICAL SUMMARY for október 2008 CITY: ELEV: 117 m LAT: 48° 1' 9" Sever LONG: 17° 2' 2" Východ TEMPERATURE (°C), BAROMETER (hPa), RAIN (mm), WIND SPEED (m/s) MEAN TEMPERATURE WIND DOM trans Ground DAY TEMP HIGH TIME LOW TIME HUM Baro Rain SPEED HIGH TIME DIR pirat min.temp time ------------------------------------------------------------------------------------------------------------------------------ 1 12.4 18.7 15:40 10.3 02:45 76 1003.1 0.7 1.3 6.8 13:35 J 1.803 -- - - 2 13.3 16.7 11:55 11.3 00:45 83 1002.6 0.7 0.9 4.5 19:15 J 0.920 -- - - 3 10.6 12.7 00:00 9.1 23:55 86 1003.1 7.6 1.8 5.4 00:45 Z-SZ 0.567 -- - - 4 9.6 12.0 13:56 8.4 23:35 80 1007.4 2.1 2.5 9.6 15:24 Z-SZ 0.806 -- - - 5 7.5 15.1 14:30 3.5 23:55 72 1009.5 0.0 1.2 6.9 10:25 Z-SZ 2.012 -- - - 6 12.6 20.7 15:40 2.5 06:40 75 1010.4 0.0 0.6 6.8 13:15 Z 2.016 -- - - 7 12.8 19.4 15:55 9.9 23:05 78 1012.3 0.0 0.9 5.4 13:55 Z 1.562 -- - - 8 14.8 21.5 13:55 9.2 05:25 76 1013.5 0.0 1.1 3.9 15:45 V-SV 2.146 -- - - 9 15.1 22.7 14:05 10.9 04:05 77 1021.8 0.0 0.3 3.4 17:25 V-SV 2.572 -- - - 10 14.4 21.6 14:00 10.0 23:55 76 1027.1 0.0 0.5 5.0 15:15 S-SZ 2.227 -- - - 11 12.4 21.8 13:50 6.5 07:35 76 1026.5 0.0 0.1 2.8 15:15 Z-SZ 2.296 -- - - 12 9.9 16.7 15:40 6.9 04:40 85 1023.0 0.0 0.0 0.0 00:00 S 0.671 -- - - 13 9.9 13.3 14:35 5.6 03:20 89 1017.9 0.0 0.1 1.8 23:15 S-SV 0.461 -- - - 14 11.7 16.5 15:35 6.7 06:00 86 1014.6 0.0 0.2 2.3 15:25 Z-SZ 0.722 -- - - 15 12.5 18.5 15:00 9.3 07:10 87 1013.3 0.7 0.1 2.5 10:25 V 0.726 -- - - 16 14.4 18.8 13:30 9.5 03:00 86 1005.1 2.1 0.5 9.1 20:45 V 0.971 -- - - 17 9.2 15.1 13:05 5.7 22:00 64 1012.6 0.7 2.1 9.8 02:55 Z-SZ 1.923 -- - - 18 7.6 16.5 13:30 1.7 07:35 68 1017.5 0.0 1.6 6.7 14:05 JV 2.133 -- - - 19 7.3 17.2 14:00 0.6 07:30 72 1019.3 0.0 0.4 3.7 13:15 V-JV 2.090 -- - - 20 8.4 17.7 14:30 1.5 06:55 75 1017.1 0.0 0.3 3.3 14:15 V-SV 1.891 -- - - 21 12.3 20.1 14:15 4.9 07:20 75 1012.3 0.0 1.5 5.1 14:25 V-SV 2.169 -- - - 22 13.5 21.1 15:05 7.7 07:15 75 1012.3 0.0 1.5 5.3 12:25 V-SV 2.254 -- - - 23 7.2 12.0 04:45 2.5 23:58 76 1022.0 0.0 3.0 11.4 11:38 Z-SZ 0.853 -- - - 24 7.4 11.3 15:00 1.9 07:44 79 1022.4 0.0 0.6 2.9 00:18 V 0.821 -- - - 25 6.1 9.9 11:40 1.6 23:55 82 1026.5 0.0 1.3 5.5 12:05 Z-SZ 0.623 -- - - 26 6.1 11.8 14:00 -1.6 04:40 79 1020.9 0.0 0.6 3.2 15:45 V 0.937 -- - - 27 9.5 13.4 14:40 2.5 04:55 76 1007.7 0.0 2.1 6.7 10:25 V 1.194 -- - - 28 11.5 15.7 12:05 9.3 04:50 76 1003.6 0.0 2.6 7.0 17:15 V-SV 1.342 -- - - 29 14.8 19.5 13:51 9.1 02:55 77 997.6 1.4 3.7 10.3 13:41 V 1.545 -- - - 30 12.9 21.7 12:09 3.6 23:55 64 994.7 1.4 3.5 14.4 11:05 JV 2.608 -- - - 31 12.6 18.9 12:52 2.3 01:17 68 1006.9 0.0 2.4 10.3 11:57 V-JV 1.997 -- - - ------------------------------------------------------------------------------------------------------------------------------ Avg: 11.0 22.7 9 -1.6 26 77 1013.0 17.2 1.3 14.4 30 V 46.859 Wind Run 4760.3 km Calm Values 3115 Calm in % 20.3 % Sun Distribution WD Values 12237 Distribution WD N-NO 1.3 % Distribution WD NO 1.6 % Distribution WD NO-O 9.0 % Distribution WD O 13.3 % Distribution WD O-SO 11.3 % Distribution WD SO 10.1 % Distribution WD SO-S 4.5 % Distribution WD S 6.0 % Distribution WD S-SW 4.0 % Distribution WD SW 1.7 % Distribution WD SW-W 2.7 % Distribution WD W 8.3 % Distribution WD W-NW 13.2 % Distribution WD NW 4.6 % Distribution WD NW-N 7.1 % Distribution WD N 1.4 % Rain days >0.0 mm Month 9 Rain days >2.0 mm Month 3 Rain days >20.0 mm Month 0 Ice days max < 0°C 0 Cold days min < 0°C 1 Cool days max < 10°C 1 Summer days max >=25°C 0 Hot days max >=30°C 0 Last year same Month: Ice days max < 0°C - - Last year same Month: Cold days min < 0°C - - Last year same Month: Cool days max < 10°C - - Last year same Month: Summer days max >=25°C - - Last year same Month: Hot days max >=30°C - - © 1999-2011 Werner Krenn / Mischa Thurnherr - Meteostanice Obsluzný a vyhodnocovací software - V2.96.7


  ©UMa Astronomy

Creative Commons License
Meteo by UMa Astronomy is licensed under a Creative Commons Attribution-NonCommercial-NoDerivs 3.0 Unported License.