Blahová 12/09/2019
 Last update: 10:33
Updated every 10 minutes
 Cold 
 Akt.temp: 3.6°C
 Max.temp: 3.6°C
 Min.temp: 2.5°C
 Devpoint: 0.6 °C
 Wind speed: 0.1m/s
 Wind direction: N-NE
 Max wind gust: 4.3m/s
 Precipitation: 0.0mm
 Pressure: 1009.0 hPa
 P.tendency: +0.7 hPa/3h
 Humidity: 81%
 Abs.humidity: 5.01 g/m3
Ground temperature
Min.temp 2.6°C /03:03
Akt.temp
4.5°C

2019: Jan | Feb | Mar | Apr | May | Jun | Jul | Aug | Sep | Oct | Nov | Dec 
2018: Jan | Feb | Mar | Apr | May | Jun | Jul | Aug | Sep | Oct | Nov | Dec 
2017: Jan | Feb | Mar | Apr | May | Jun | Jul | Aug | Sep | Oct | Nov | Dec 
2016: Jan | Feb | Mar | Apr | May | Jun | Jul | Aug | Sep | Oct | Nov | Dec 
2015: Jan | Feb | Mar | Apr | May | Jun | Jul | Aug | Sep | Oct | Nov | Dec 
2014: Jan | Feb | Mar | Apr | May | Jun | Jul | Aug | Sep | Oct | Nov | Dec 
2013: Jan | Feb | Mar | Apr | May | Jun | Jul | Aug | Sep | Oct | Nov | Dec 
2012: Jan | Feb | Mar | Apr | May | Jun | Jul | Aug | Sep | Oct | Nov | Dec 
2011: Jan | Feb | Mar | Apr | May | Jun | Jul | Aug | Sep | Oct | Nov | Dec 
2010: Jan | Feb | Mar | Apr | May | Jun | Jul | Aug | Sep | Oct | Nov | Dec 
2009: Jan | Feb | Mar | Apr | May | Jun | Jul | Aug | Sep | Oct | Nov | Dec 
2008: Jan | Feb | Mar | Apr | May | Jun | Jul | Aug | Sep | Oct | Nov | Dec 
2007: Jan | Feb | Mar | Apr | May | Jun | Jul | Aug | Sep | Oct | Nov | Dec 

Report for 2008 11
MONTHLY CLIMATOLOGICAL SUMMARY for november 2008 CITY: ELEV: 117 m LAT: 48° 1' 9" Sever LONG: 17° 2' 2" Východ TEMPERATURE (°C), BAROMETER (hPa), RAIN (mm), WIND SPEED (m/s) MEAN TEMPERATURE WIND DOM trans Ground DAY TEMP HIGH TIME LOW TIME HUM Baro Rain SPEED HIGH TIME DIR pirat min.temp time ------------------------------------------------------------------------------------------------------------------------------ 1 12.8 17.9 15:11 10.2 23:11 80 1005.1 0.0 2.1 6.9 13:30 V 1.269 -- - - 2 10.6 16.7 14:29 6.5 22:47 84 1012.6 0.0 0.5 3.1 00:21 V-SV 0.922 -- - - 3 13.5 22.3 13:02 6.6 00:00 78 1013.0 0.7 3.2 11.4 13:50 JV 2.457 -- - - 4 13.3 19.9 13:30 10.0 03:34 81 1015.0 0.0 2.1 7.1 11:00 V 1.464 -- - - 5 13.1 20.9 13:36 10.0 23:58 79 1012.2 0.0 1.4 8.1 10:21 V 1.798 -- - - 6 13.4 20.5 13:45 9.4 01:01 79 1011.7 0.0 1.5 5.1 11:17 V-SV 1.770 -- - - 7 12.6 16.5 12:54 10.6 00:00 79 1012.1 0.7 2.1 6.7 10:39 V-SV 1.016 -- - - 8 10.6 11.3 00:14 9.9 23:22 87 1018.0 5.5 1.8 6.4 03:43 V 0.319 -- - - 9 11.0 12.8 12:21 8.5 03:13 89 1023.6 0.0 1.5 6.0 15:19 V-JV 0.378 -- - - 10 8.8 13.1 14:10 5.0 23:53 84 1023.2 0.0 1.9 5.2 12:39 V-JV 0.632 -- - - 11 7.3 12.9 13:09 2.9 06:23 80 1010.9 0.0 1.7 8.7 09:39 V-JV 0.899 -- - - 12 6.9 9.4 12:07 1.5 04:29 85 1014.6 0.0 0.4 3.6 11:26 V-SV 0.452 -- - - 13 7.7 8.5 12:40 6.9 00:00 87 1017.7 0.0 0.7 2.8 13:11 S-SV 0.330 -- - - 14 6.5 11.9 12:25 2.3 23:57 86 1020.9 0.0 0.8 2.9 16:07 Z 0.524 -- - - 15 5.3 13.3 12:53 0.5 23:32 80 1021.8 0.0 0.5 5.0 11:55 Z-JZ 1.172 -- - - 16 5.5 8.9 13:00 -1.8 06:53 82 1017.5 0.0 1.5 6.7 13:06 Z 0.490 -- - - 17 3.0 8.4 12:05 -0.6 23:56 79 1021.0 0.0 2.2 10.8 12:05 Z-SZ 0.543 -- - - 18 -0.2 6.6 13:26 -6.1 06:30 77 1017.4 0.0 1.8 7.3 11:47 JV 0.743 -- - - 19 5.4 7.7 13:27 -0.8 03:11 77 1013.5 0.0 2.4 7.5 23:57 J-JZ 0.541 -- - - 20 8.4 9.9 13:07 4.0 03:24 73 1002.3 0.7 3.3 9.7 19:56 J-JZ 0.535 -- - - 21 4.8 10.0 01:21 2.4 23:54 81 989.2 5.5 4.7 15.7 22:56 Z 0.244 -- - - 22 -0.0 3.7 12:03 -1.6 18:57 80 989.8 0.0 3.2 13.3 15:04 Z 0.361 -- - - 23 -0.6 2.6 12:51 -3.2 23:58 75 998.2 0.0 2.4 12.8 10:16 Z 0.237 -- - - 24 1.6 4.3 12:23 -3.7 01:07 77 993.1 5.5 2.3 10.1 15:06 J 0.543 -- - - 25 1.3 5.3 12:47 -0.6 17:31 83 1004.8 1.4 1.1 5.8 22:54 Z-SZ 0.341 -- - - 26 0.5 5.1 12:22 -1.6 02:32 80 1018.5 0.0 1.4 8.9 13:06 Z-SZ 0.380 -- - - 27 1.6 7.0 12:47 -1.3 23:52 76 1018.8 0.0 1.5 4.7 07:06 J-JZ 0.614 -- - - 28 -0.2 4.4 12:51 -2.6 05:16 80 1009.2 0.0 2.3 8.8 13:21 V 0.448 -- - - 29 3.0 4.1 20:31 0.1 00:00 88 997.9 3.4 3.0 9.0 01:49 V 0.170 -- - - 30 7.1 10.7 13:00 1.6 03:14 82 1000.4 0.0 4.6 11.7 18:32 V-JV 0.507 -- - - ------------------------------------------------------------------------------------------------------------------------------ Avg: 6.5 22.3 3 -6.1 18 81 1010.8 23.4 2.0 15.7 21 V 22.099 Wind Run 6718.3 km Calm Values 3514 Calm in % 8.3 % Sun Distribution WD Values 39033 Distribution WD N-NO 1.8 % Distribution WD NO 1.9 % Distribution WD NO-O 10.4 % Distribution WD O 17.4 % Distribution WD O-SO 14.6 % Distribution WD SO 8.5 % Distribution WD SO-S 2.9 % Distribution WD S 4.8 % Distribution WD S-SW 5.6 % Distribution WD SW 4.1 % Distribution WD SW-W 5.7 % Distribution WD W 9.8 % Distribution WD W-NW 7.9 % Distribution WD NW 1.5 % Distribution WD NW-N 2.1 % Distribution WD N 1.2 % Rain days >0.0 mm Month 8 Rain days >2.0 mm Month 4 Rain days >20.0 mm Month 0 Ice days max < 0°C 0 Cold days min < 0°C 11 Cool days max < 10°C 15 Summer days max >=25°C 0 Hot days max >=30°C 0 Last year same Month: Ice days max < 0°C 0 Last year same Month: Cold days min < 0°C 0 Last year same Month: Cool days max < 10°C 6 Last year same Month: Summer days max >=25°C 0 Last year same Month: Hot days max >=30°C 0 © 1999-2011 Werner Krenn / Mischa Thurnherr - Meteostanice Obsluzný a vyhodnocovací software - V2.96.7


  ©UMa Astronomy

Creative Commons License
Meteo by UMa Astronomy is licensed under a Creative Commons Attribution-NonCommercial-NoDerivs 3.0 Unported License.