Blahová 10/17/2019
 Last update: 23:48
Updated every 10 minutes
 Cold 
 Akt.temp: 9.7°C
 Max.temp: 20.1°C
 Min.temp: 5.3°C
 Devpoint: 6.1 °C
 Wind speed: 0.0m/s
 Wind direction: E-SE
 Max wind gust: 3.4m/s
 Precipitation: 0.2mm
 Pressure: 1016.1 hPa
 P.tendency: -0.3 hPa/3h
 Humidity: 78%
 Abs.humidity: 7.19 g/m3
Ground temperature
Min.temp 5.3°C /01:51
Akt.temp
7.2°C

2019: Jan | Feb | Mar | Apr | May | Jun | Jul | Aug | Sep | Oct | Nov | Dec 
2018: Jan | Feb | Mar | Apr | May | Jun | Jul | Aug | Sep | Oct | Nov | Dec 
2017: Jan | Feb | Mar | Apr | May | Jun | Jul | Aug | Sep | Oct | Nov | Dec 
2016: Jan | Feb | Mar | Apr | May | Jun | Jul | Aug | Sep | Oct | Nov | Dec 
2015: Jan | Feb | Mar | Apr | May | Jun | Jul | Aug | Sep | Oct | Nov | Dec 
2014: Jan | Feb | Mar | Apr | May | Jun | Jul | Aug | Sep | Oct | Nov | Dec 
2013: Jan | Feb | Mar | Apr | May | Jun | Jul | Aug | Sep | Oct | Nov | Dec 
2012: Jan | Feb | Mar | Apr | May | Jun | Jul | Aug | Sep | Oct | Nov | Dec 
2011: Jan | Feb | Mar | Apr | May | Jun | Jul | Aug | Sep | Oct | Nov | Dec 
2010: Jan | Feb | Mar | Apr | May | Jun | Jul | Aug | Sep | Oct | Nov | Dec 
2009: Jan | Feb | Mar | Apr | May | Jun | Jul | Aug | Sep | Oct | Nov | Dec 
2008: Jan | Feb | Mar | Apr | May | Jun | Jul | Aug | Sep | Oct | Nov | Dec 
2007: Jan | Feb | Mar | Apr | May | Jun | Jul | Aug | Sep | Oct | Nov | Dec 

Report for 2008 12
MONTHLY CLIMATOLOGICAL SUMMARY for december 2008 CITY: ELEV: 117 m LAT: 48° 1' 9" Sever LONG: 17° 2' 2" Východ TEMPERATURE (°C), BAROMETER (hPa), RAIN (mm), WIND SPEED (m/s) MEAN TEMPERATURE WIND DOM trans Ground DAY TEMP HIGH TIME LOW TIME HUM Baro Rain SPEED HIGH TIME DIR pirat min.temp time ------------------------------------------------------------------------------------------------------------------------------ 1 7.9 11.9 12:50 5.5 23:59 79 998.3 0.0 4.6 11.1 17:05 V-JV 0.655 -- - - 2 2.9 11.1 13:14 -0.2 07:15 86 1006.0 0.0 0.5 4.0 18:43 J 0.266 -- - - 3 4.1 7.5 13:11 2.8 23:50 86 1001.9 1.4 1.9 5.9 18:25 JV 0.372 -- - - 4 4.3 7.2 11:12 2.9 00:00 88 997.3 1.4 1.1 4.9 12:23 V 0.242 -- - - 5 5.7 7.7 14:38 0.6 08:15 88 994.1 10.3 2.0 9.0 02:58 JV 0.296 -- - - 6 2.2 8.4 12:59 -0.7 23:58 87 1003.3 0.7 0.2 6.2 01:44 Z 0.396 -- - - 7 3.8 7.4 13:37 -1.5 01:45 82 1013.4 0.0 3.1 8.9 13:04 Z-SZ 0.516 -- - - 8 2.1 6.1 11:27 0.1 20:53 83 1018.0 0.0 2.6 7.4 11:42 Z-SZ 0.399 -- - - 9 0.1 6.1 12:50 -2.6 07:43 85 1013.1 0.0 1.8 4.6 14:55 V-SV 0.406 -- - - 10 2.4 5.9 14:19 -1.6 02:49 82 1009.1 0.0 3.4 9.7 22:52 V 0.407 -- - - 11 4.4 6.0 13:58 2.1 00:51 76 1006.7 0.7 3.8 10.0 08:50 V 0.507 -- - - 12 3.7 5.1 10:45 2.8 21:25 82 1010.3 0.7 1.4 7.1 00:26 V-SV 0.311 -- - - 13 4.2 5.8 14:30 2.5 04:25 83 1008.0 0.0 2.0 5.4 22:15 V 0.373 -- - - 14 4.9 5.8 11:20 2.7 23:55 85 1009.8 0.0 3.5 8.7 10:20 V 0.292 -- - - 15 5.9 7.2 13:00 2.6 00:10 82 1014.8 0.0 3.4 6.6 13:45 V 0.414 -- - - 16 5.7 7.7 13:10 4.5 06:25 86 1012.4 0.0 2.0 8.2 03:35 V 0.367 -- - - 17 6.0 6.7 13:59 4.5 23:48 89 1005.3 2.1 1.8 8.6 08:02 V 0.253 -- - - 18 3.0 4.5 00:00 2.3 23:51 89 1007.1 19.9 3.8 9.8 22:54 Z-SZ 0.181 -- - - 19 3.3 4.1 21:39 1.9 02:36 87 1010.7 5.5 4.0 10.3 09:56 Z 0.266 -- - - 20 3.7 5.1 12:06 1.9 07:35 84 1014.4 1.4 3.5 11.9 03:01 Z 0.300 -- - - 21 3.7 6.9 11:37 1.7 23:56 75 1021.3 0.0 2.8 13.6 09:44 Z-SZ 0.620 -- - - 22 6.7 8.9 14:19 1.4 00:11 79 1019.1 0.0 4.5 15.5 23:34 Z 0.550 -- - - 23 4.4 7.8 11:52 1.6 23:56 69 1021.2 0.0 6.4 16.6 10:17 Z-SZ 0.744 -- - - 24 2.2 4.8 10:24 -1.3 08:04 86 1018.9 2.7 1.4 6.2 00:33 Z-SZ 0.223 -- - - 25 -0.0 3.5 12:01 -2.4 23:10 77 1025.1 0.7 1.5 6.8 13:23 S 0.532 -- - - 26 -0.0 3.6 13:47 -3.0 05:56 76 1030.5 0.0 2.0 7.3 01:50 S-SZ 0.540 -- - - 27 -1.8 3.7 12:22 -4.7 23:37 77 1029.3 0.0 0.8 3.3 09:40 S 0.489 -- - - 28 -5.1 1.3 12:36 -7.6 23:45 80 1030.0 0.0 0.3 2.3 13:23 S 0.417 -- - - 29 -6.8 -0.8 13:28 -9.7 07:39 83 1033.5 0.0 0.2 1.8 14:13 S-SV 0.244 -- - - 30 -5.0 -3.8 13:06 -9.6 01:49 85 1035.8 0.0 1.8 5.0 23:05 S-SV 0.148 -- - - 31 -5.7 -4.3 12:30 -6.1 23:04 82 1027.4 0.0 3.4 8.4 21:43 V-JV 0.173 -- - - ------------------------------------------------------------------------------------------------------------------------------ Avg: 2.3 11.9 1 -9.7 29 82 1014.4 47.4 2.4 16.6 23 Z-SZ 11.898 Wind Run 8086.6 km Calm Values 3423 Calm in % 8.7 % Sun Distribution WD Values 35733 Distribution WD N-NO 5.2 % Distribution WD NO 1.7 % Distribution WD NO-O 6.8 % Distribution WD O 12.9 % Distribution WD O-SO 10.3 % Distribution WD SO 7.2 % Distribution WD SO-S 2.7 % Distribution WD S 3.0 % Distribution WD S-SW 2.9 % Distribution WD SW 2.3 % Distribution WD SW-W 3.6 % Distribution WD W 11.7 % Distribution WD W-NW 15.3 % Distribution WD NW 3.0 % Distribution WD NW-N 6.6 % Distribution WD N 4.9 % Rain days >0.0 mm Month 12 Rain days >2.0 mm Month 5 Rain days >20.0 mm Month 0 Ice days max < 0°C 3 Cold days min < 0°C 13 Cool days max < 10°C 29 Summer days max >=25°C 0 Hot days max >=30°C 0 Last year same Month: Ice days max < 0°C 0 Last year same Month: Cold days min < 0°C 1 Last year same Month: Cool days max < 10°C 31 Last year same Month: Summer days max >=25°C 0 Last year same Month: Hot days max >=30°C 0 © 1999-2011 Werner Krenn / Mischa Thurnherr - Meteostanice Obsluzný a vyhodnocovací software - V2.96.7


  ©UMa Astronomy

Creative Commons License
Meteo by UMa Astronomy is licensed under a Creative Commons Attribution-NonCommercial-NoDerivs 3.0 Unported License.