Blahová 10/18/2019
 Last update: 00:23
Updated every 10 minutes
 Cold 
 Akt.temp: 10.2°C
 Max.temp: 10.2°C
 Min.temp: 10.0°C
 Devpoint: 6.4 °C
 Wind speed: 0.0m/s
 Wind direction: 000
 Max wind gust: 0.0m/s
 Precipitation: 0.0mm
 Pressure: 1016.3 hPa
 P.tendency: -- hPa/3h
 Humidity: 77%
 Abs.humidity: 7.33 g/m3
Ground temperature
Min.temp 7.2°C /00:23
Akt.temp
7.2°C

2019: Jan | Feb | Mar | Apr | May | Jun | Jul | Aug | Sep | Oct | Nov | Dec 
2018: Jan | Feb | Mar | Apr | May | Jun | Jul | Aug | Sep | Oct | Nov | Dec 
2017: Jan | Feb | Mar | Apr | May | Jun | Jul | Aug | Sep | Oct | Nov | Dec 
2016: Jan | Feb | Mar | Apr | May | Jun | Jul | Aug | Sep | Oct | Nov | Dec 
2015: Jan | Feb | Mar | Apr | May | Jun | Jul | Aug | Sep | Oct | Nov | Dec 
2014: Jan | Feb | Mar | Apr | May | Jun | Jul | Aug | Sep | Oct | Nov | Dec 
2013: Jan | Feb | Mar | Apr | May | Jun | Jul | Aug | Sep | Oct | Nov | Dec 
2012: Jan | Feb | Mar | Apr | May | Jun | Jul | Aug | Sep | Oct | Nov | Dec 
2011: Jan | Feb | Mar | Apr | May | Jun | Jul | Aug | Sep | Oct | Nov | Dec 
2010: Jan | Feb | Mar | Apr | May | Jun | Jul | Aug | Sep | Oct | Nov | Dec 
2009: Jan | Feb | Mar | Apr | May | Jun | Jul | Aug | Sep | Oct | Nov | Dec 
2008: Jan | Feb | Mar | Apr | May | Jun | Jul | Aug | Sep | Oct | Nov | Dec 
2007: Jan | Feb | Mar | Apr | May | Jun | Jul | Aug | Sep | Oct | Nov | Dec 

Report for 2009 01
MONTHLY CLIMATOLOGICAL SUMMARY for January 2009 CITY: Blahová ELEV: 117 m LAT: 48° 5' 7" North LONG: 17° 32' 48" East TEMPERATURE (°C), BAROMETER (hPa), RAIN (mm), WIND SPEED (m/s) MEAN TEMPERATURE WIND DOM trans Ground DAY TEMP HIGH TIME LOW TIME HUM Baro Rain SPEED HIGH TIME DIR pirat min.temp time ------------------------------------------------------------------------------------------------------------------------------ 1 -4.5 -3.4 23:40 -6.3 07:00 84 1020.6 0.0 2.6 8.7 19:27 E 0.127 -- - - 2 -2.6 1.5 12:46 -5.7 07:48 78 1019.9 0.0 0.6 7.3 00:28 W-NW 0.373 -- - - 3 -7.1 0.7 12:55 -11.0 23:49 74 1020.9 0.0 0.5 4.2 03:40 N-NW 0.500 -- - - 4 -5.1 -1.2 15:34 -13.5 07:00 80 1012.9 0.0 1.1 4.8 23:15 S 0.260 -- - - 5 -3.1 -0.8 13:38 -4.7 04:23 84 1012.3 0.0 1.2 4.8 00:41 S 0.204 -- - - 6 -4.7 -2.0 12:45 -5.9 18:46 82 1017.6 0.0 1.4 3.8 05:03 E-NE 0.248 -- - - 7 -6.3 -3.1 12:40 -8.4 02:48 80 1015.4 0.0 0.9 6.8 23:32 E-SE 0.202 -- - - 8 -8.8 0.5 12:41 -14.4 23:59 75 1027.7 1.7 0.7 7.5 01:11 N-NW 0.431 -- - - 9 -9.3 -1.3 13:47 -14.9 00:23 77 1027.9 0.0 1.3 4.8 12:28 E-NE 0.374 -- - - 10 -11.5 -3.1 13:34 -15.6 07:14 75 1029.7 0.0 0.6 3.0 22:23 N-NE 0.340 -- - - 11 -7.5 -5.5 13:48 -10.2 07:17 83 1034.0 0.0 0.7 2.3 16:05 E-NE 0.155 -- - - 12 -5.4 -4.1 12:01 -7.2 00:00 82 1030.8 0.0 3.5 8.1 18:16 E-SE 0.196 -- - - 13 -5.9 -4.9 13:33 -6.4 04:33 84 1021.1 0.0 2.7 6.9 00:18 E-SE 0.152 -- - - 14 -3.2 -2.0 14:16 -6.7 02:56 86 1012.4 0.0 0.8 3.4 01:11 E-NE 0.159 -- - - 15 -3.1 1.2 13:29 -6.9 23:56 84 1016.4 1.7 1.2 4.4 14:40 E-NE 0.236 -- - - 16 -2.1 4.3 12:16 -7.8 01:56 79 1020.7 3.2 2.0 9.7 14:30 W 0.460 -- - - 17 -3.8 0.4 13:58 -9.6 07:20 83 1019.3 0.0 0.7 3.9 14:36 N-NE 0.294 -- - - 18 -2.4 -1.7 22:10 -3.1 06:43 89 1007.7 0.0 2.0 7.0 19:39 E-NE 0.119 -- - - 19 0.3 2.1 22:12 -2.8 03:34 88 1002.3 0.0 2.0 5.6 18:29 E 0.159 -- - - 20 4.1 10.1 12:32 1.2 05:52 85 998.2 0.0 2.5 7.9 11:31 E 0.600 -- - - 21 2.9 5.1 11:41 1.7 23:55 89 1001.0 13.0 2.5 6.9 08:10 E-NE 0.204 -- - - 22 2.2 5.7 12:17 1.0 23:59 87 1001.1 5.7 1.3 5.2 12:37 W-NW 0.307 -- - - 23 1.9 3.8 12:19 0.2 05:33 88 986.7 1.7 2.1 9.1 16:59 E-SE 0.233 -- - - 24 2.7 9.0 14:06 -0.4 19:36 80 986.8 0.8 1.1 7.1 11:58 W 0.887 -- - - 25 1.3 8.0 13:57 -2.1 22:32 82 996.2 0.0 1.5 5.9 14:29 N-NW 0.732 -- - - 26 0.9 3.4 13:35 -3.0 03:24 88 1000.3 0.0 1.0 2.8 15:52 E-NE 0.247 -- - - 27 2.5 4.1 14:20 0.4 06:03 84 1003.4 0.0 1.4 6.4 23:25 N-NW 0.298 -- - - 28 2.4 4.6 13:22 0.9 23:40 82 1004.7 1.7 3.9 9.9 23:18 N-NW 0.358 -- - - 29 0.3 1.3 12:43 0.1 06:36 88 1011.7 7.2 3.3 9.7 19:38 N-NW 0.158 -- - - 30 0.5 3.6 12:31 -1.0 05:53 78 1015.6 1.7 2.7 7.1 22:52 W-NW 0.374 -- - - 31 -0.8 2.8 11:35 -3.9 23:38 80 1010.6 0.0 1.7 6.7 06:58 N-NW 0.423 -- - - ------------------------------------------------------------------------------------------------------------------------------ Avg: -2.4 10.1 20 -15.6 10 82 1012.4 38.4 1.7 9.9 28 E-NE 9.810 Wind Run 5505.3 km Calm Values 4716 Calm in % 10.7 % Sun 0 min. Distribution WD Values 39193 Distribution WD N-NO 5.8 % Distribution WD NO 3.4 % Distribution WD NO-O 15.5 % Distribution WD O 11.8 % Distribution WD O-SO 9.0 % Distribution WD SO 6.1 % Distribution WD SO-S 1.9 % Distribution WD S 3.6 % Distribution WD S-SW 2.7 % Distribution WD SW 0.9 % Distribution WD SW-W 1.5 % Distribution WD W 8.8 % Distribution WD W-NW 11.1 % Distribution WD NW 4.1 % Distribution WD NW-N 10.5 % Distribution WD N 3.3 % Rain days >0.0 mm Month 10 Rain days >2.0 mm Month 4 Rain days >20.0 mm Month 0 Ice days max < 0°C 12 Cold days min < 0°C 24 Cool days max < 10°C 30 Summer days max >=25°C 0 Hot days max >=30°C 0 Last year same Month: Ice days max < 0°C - - Last year same Month: Cold days min < 0°C - - Last year same Month: Cool days max < 10°C - - Last year same Month: Summer days max >=25°C - - Last year same Month: Hot days max >=30°C - - © 1999-2011 Werner Krenn / Mischa Thurnherr - Weatherstation Operating- and Data Acquisition Software - V2.96.7


  ©UMa Astronomy

Creative Commons License
Meteo by UMa Astronomy is licensed under a Creative Commons Attribution-NonCommercial-NoDerivs 3.0 Unported License.