Blahová 11/12/2019
 Last update: 17:48
Updated every 10 minutes
 Cold 
 Akt.temp: 8.7°C
 Max.temp: 10.1°C
 Min.temp: 6.1°C
 Devpoint: 5.1 °C
 Wind speed: 1.0m/s
 Wind direction: N-NW
 Max wind gust: 6.7m/s
 Precipitation: 12.5mm
 Pressure: 1004.7 hPa
 P.tendency: -1.2 hPa/3h
 Humidity: 78%
 Abs.humidity: 6.75 g/m3
Ground temperature
Min.temp 6.1°C /06:05
Akt.temp
9.3°C

2019: Jan | Feb | Mar | Apr | May | Jun | Jul | Aug | Sep | Oct | Nov | Dec 
2018: Jan | Feb | Mar | Apr | May | Jun | Jul | Aug | Sep | Oct | Nov | Dec 
2017: Jan | Feb | Mar | Apr | May | Jun | Jul | Aug | Sep | Oct | Nov | Dec 
2016: Jan | Feb | Mar | Apr | May | Jun | Jul | Aug | Sep | Oct | Nov | Dec 
2015: Jan | Feb | Mar | Apr | May | Jun | Jul | Aug | Sep | Oct | Nov | Dec 
2014: Jan | Feb | Mar | Apr | May | Jun | Jul | Aug | Sep | Oct | Nov | Dec 
2013: Jan | Feb | Mar | Apr | May | Jun | Jul | Aug | Sep | Oct | Nov | Dec 
2012: Jan | Feb | Mar | Apr | May | Jun | Jul | Aug | Sep | Oct | Nov | Dec 
2011: Jan | Feb | Mar | Apr | May | Jun | Jul | Aug | Sep | Oct | Nov | Dec 
2010: Jan | Feb | Mar | Apr | May | Jun | Jul | Aug | Sep | Oct | Nov | Dec 
2009: Jan | Feb | Mar | Apr | May | Jun | Jul | Aug | Sep | Oct | Nov | Dec 
2008: Jan | Feb | Mar | Apr | May | Jun | Jul | Aug | Sep | Oct | Nov | Dec 
2007: Jan | Feb | Mar | Apr | May | Jun | Jul | Aug | Sep | Oct | Nov | Dec 

Report for 2009 02
MONTHLY CLIMATOLOGICAL SUMMARY for February 2009 CITY: Blahová ELEV: 117 m LAT: 48° 5' 7" North LONG: 17° 32' 48" East TEMPERATURE (°C), BAROMETER (hPa), RAIN (mm), WIND SPEED (m/s) MEAN TEMPERATURE WIND DOM trans Ground DAY TEMP HIGH TIME LOW TIME HUM Baro Rain SPEED HIGH TIME DIR pirat min.temp time ------------------------------------------------------------------------------------------------------------------------------ 1 -0.1 1.3 14:01 -3.8 00:00 87 1010.8 0.0 2.6 6.8 13:29 E 0.206 -- - - 2 3.0 5.1 13:50 0.5 00:00 82 1009.9 0.0 3.0 9.0 12:21 E 0.380 -- - - 3 3.1 3.7 21:58 1.6 07:59 89 1000.8 6.5 2.7 8.2 15:07 E 0.171 -- - - 4 4.3 5.4 15:26 3.3 05:38 91 994.9 2.5 1.2 5.6 05:06 E-NE 0.161 -- - - 5 3.8 4.7 12:04 2.7 06:02 90 998.0 1.0 1.0 3.8 12:31 S 0.187 -- - - 6 7.6 15.3 13:39 1.6 06:48 81 993.0 0.0 3.2 9.1 13:06 E-SE 1.191 -- - - 7 8.1 13.8 14:03 4.1 03:59 82 986.8 0.0 3.1 10.1 12:16 E-SE 0.982 -- - - 8 2.9 7.4 02:44 0.9 23:01 88 989.8 9.7 5.3 14.9 22:56 W-NW 0.238 -- - - 9 0.3 5.3 13:02 -2.8 23:57 77 1004.5 0.0 2.9 11.8 01:20 W-NW 0.562 -- - - 10 0.1 3.9 11:03 -3.8 01:30 85 996.2 3.2 2.1 8.7 16:46 E 0.254 -- - - 11 2.0 5.9 13:29 -1.2 00:47 79 999.9 2.5 4.3 13.3 14:22 W 0.621 -- - - 12 -0.1 4.3 13:33 -1.8 07:04 68 1004.5 0.0 4.8 11.8 23:46 W-NW 0.751 -- - - 13 -1.4 0.5 14:15 -2.8 05:39 74 1005.4 0.0 6.3 13.2 15:30 W-NW 0.436 -- - - 14 -0.4 2.8 12:43 -2.7 05:40 71 1010.1 0.0 4.9 12.3 15:26 W-NW 0.553 -- - - 15 -0.9 3.5 12:26 -3.1 19:50 66 1017.8 0.0 5.5 12.9 09:19 W-NW 0.604 -- - - 16 -1.2 0.0 12:20 -3.2 01:48 84 1012.8 0.0 2.0 7.7 13:26 W-SW 0.204 -- - - 17 -1.8 3.5 12:04 -4.6 22:33 80 1006.9 4.9 4.4 13.4 20:15 N-NW 0.271 -- - - 18 -2.1 1.7 13:32 -6.5 07:08 73 1015.1 0.0 4.5 13.7 00:46 W-NW 0.437 -- - - 19 -3.6 1.6 12:04 -5.5 20:36 70 1018.8 0.0 2.8 10.9 11:35 W-NW 0.532 -- - - 20 -1.0 1.8 13:36 -5.2 02:36 81 1019.0 0.0 1.4 7.5 13:05 W 0.399 -- - - 21 -0.5 5.3 13:07 -3.7 23:53 72 1021.3 0.8 3.3 8.7 16:05 N-NW 0.847 -- - - 22 -2.7 3.3 12:59 -7.0 06:57 72 1015.6 0.0 1.7 6.7 01:05 E-SE 0.685 -- - - 23 1.0 5.8 13:09 -2.4 00:00 83 1007.2 9.0 0.7 3.6 00:43 E 0.466 -- - - 24 -0.5 1.4 14:26 -1.5 19:35 86 1016.5 0.8 1.3 3.6 05:36 E-NE 0.244 -- - - 25 0.4 5.7 12:22 -5.7 06:17 79 1022.7 2.5 1.5 3.5 14:22 W 0.561 -- - - 26 2.3 6.6 10:58 0.2 00:00 81 1013.5 0.8 2.4 9.0 15:27 W 0.315 -- - - 27 4.3 10.5 13:40 1.7 01:11 80 1009.3 0.0 3.1 10.0 13:33 W 0.863 -- - - 28 5.9 10.1 11:15 3.7 00:00 81 1011.0 0.0 1.4 8.4 09:41 W 0.672 -- - - ------------------------------------------------------------------------------------------------------------------------------ Avg: 1.2 15.3 6 -7.0 22 80 1007.6 44.2 3.0 14.9 8 W-NW 13.796 Wind Run 8701.0 km Calm Values 1340 Calm in % 3.4 % Sun 0 min. Distribution WD Values 38187 Distribution WD N-NO 1.9 % Distribution WD NO 1.5 % Distribution WD NO-O 7.4 % Distribution WD O 11.9 % Distribution WD O-SO 7.1 % Distribution WD SO 3.5 % Distribution WD SO-S 1.2 % Distribution WD S 2.3 % Distribution WD S-SW 3.7 % Distribution WD SW 4.4 % Distribution WD SW-W 6.7 % Distribution WD W 15.0 % Distribution WD W-NW 19.5 % Distribution WD NW 4.8 % Distribution WD NW-N 7.0 % Distribution WD N 2.0 % Rain days >0.0 mm Month 12 Rain days >2.0 mm Month 8 Rain days >20.0 mm Month 0 Ice days max < 0°C 0 Cold days min < 0°C 18 Cool days max < 10°C 24 Summer days max >=25°C 0 Hot days max >=30°C 0 Last year same Month: Ice days max < 0°C - - Last year same Month: Cold days min < 0°C - - Last year same Month: Cool days max < 10°C - - Last year same Month: Summer days max >=25°C - - Last year same Month: Hot days max >=30°C - - © 1999-2011 Werner Krenn / Mischa Thurnherr - Weatherstation Operating- and Data Acquisition Software - V2.96.7


  ©UMa Astronomy

Creative Commons License
Meteo by UMa Astronomy is licensed under a Creative Commons Attribution-NonCommercial-NoDerivs 3.0 Unported License.