Blahová 10/17/2019
 Last update: 23:48
Updated every 10 minutes
 Cold 
 Akt.temp: 9.7°C
 Max.temp: 20.1°C
 Min.temp: 5.3°C
 Devpoint: 6.1 °C
 Wind speed: 0.0m/s
 Wind direction: E-SE
 Max wind gust: 3.4m/s
 Precipitation: 0.2mm
 Pressure: 1016.1 hPa
 P.tendency: -0.3 hPa/3h
 Humidity: 78%
 Abs.humidity: 7.19 g/m3
Ground temperature
Min.temp 5.3°C /01:51
Akt.temp
7.2°C

2019: Jan | Feb | Mar | Apr | May | Jun | Jul | Aug | Sep | Oct | Nov | Dec 
2018: Jan | Feb | Mar | Apr | May | Jun | Jul | Aug | Sep | Oct | Nov | Dec 
2017: Jan | Feb | Mar | Apr | May | Jun | Jul | Aug | Sep | Oct | Nov | Dec 
2016: Jan | Feb | Mar | Apr | May | Jun | Jul | Aug | Sep | Oct | Nov | Dec 
2015: Jan | Feb | Mar | Apr | May | Jun | Jul | Aug | Sep | Oct | Nov | Dec 
2014: Jan | Feb | Mar | Apr | May | Jun | Jul | Aug | Sep | Oct | Nov | Dec 
2013: Jan | Feb | Mar | Apr | May | Jun | Jul | Aug | Sep | Oct | Nov | Dec 
2012: Jan | Feb | Mar | Apr | May | Jun | Jul | Aug | Sep | Oct | Nov | Dec 
2011: Jan | Feb | Mar | Apr | May | Jun | Jul | Aug | Sep | Oct | Nov | Dec 
2010: Jan | Feb | Mar | Apr | May | Jun | Jul | Aug | Sep | Oct | Nov | Dec 
2009: Jan | Feb | Mar | Apr | May | Jun | Jul | Aug | Sep | Oct | Nov | Dec 
2008: Jan | Feb | Mar | Apr | May | Jun | Jul | Aug | Sep | Oct | Nov | Dec 
2007: Jan | Feb | Mar | Apr | May | Jun | Jul | Aug | Sep | Oct | Nov | Dec 

Report for 2009 03
MONTHLY CLIMATOLOGICAL SUMMARY for March 2009 CITY: Blahová ELEV: 117 m LAT: 48° 5' 7" North LONG: 17° 32' 48" East TEMPERATURE (°C), BAROMETER (hPa), RAIN (mm), WIND SPEED (m/s) MEAN TEMPERATURE WIND DOM trans Ground DAY TEMP HIGH TIME LOW TIME HUM Baro Rain SPEED HIGH TIME DIR pirat min.temp time ------------------------------------------------------------------------------------------------------------------------------ 1 5.1 10.5 14:19 1.3 06:02 76 1010.3 0.0 2.7 6.7 10:01 E-NE 0.978 -- - - 2 4.3 6.1 15:10 3.2 07:12 79 1010.3 0.0 1.3 4.9 02:44 E-NE 0.565 -- - - 3 5.9 8.9 13:48 2.6 03:55 85 1010.1 0.8 0.8 2.6 23:36 E-NE 0.448 -- - - 4 7.2 10.2 14:16 4.2 06:04 85 997.3 0.8 3.8 10.8 13:53 E 0.544 -- - - 5 7.1 8.6 10:16 6.1 06:32 88 981.4 9.0 3.8 10.9 09:14 E 0.266 -- - - 6 5.7 7.5 09:34 4.3 23:19 87 987.8 4.0 3.3 7.8 21:52 W 0.264 -- - - 7 4.9 6.1 12:11 3.7 05:15 82 997.3 0.0 6.1 15.8 17:23 W-NW 0.331 -- - - 8 6.6 11.5 12:44 4.2 06:28 67 1002.0 0.0 4.8 14.8 08:18 W-NW 1.244 -- - - 9 5.4 10.7 12:33 3.5 23:54 77 1002.5 0.0 4.5 12.6 12:43 W 0.618 -- - - 10 6.7 10.9 14:43 0.9 02:11 64 1006.9 0.0 3.3 11.5 09:08 W 1.279 -- - - 11 4.2 8.8 13:04 2.2 05:06 80 1001.9 0.8 3.6 10.7 15:02 W-NW 0.550 -- - - 12 5.8 11.5 13:46 1.3 02:29 71 1007.0 0.0 3.4 12.9 13:48 W 1.287 -- - - 13 6.3 12.2 14:38 1.9 02:37 79 1010.6 5.7 3.4 13.6 13:40 W 1.024 -- - - 14 4.8 12.7 14:22 0.2 03:53 74 1015.7 0.0 0.7 4.4 13:30 N-NW 1.428 -- - - 15 4.1 6.7 12:36 1.8 06:21 84 1017.2 0.8 1.0 5.2 23:49 E-NE 0.355 -- - - 16 7.0 12.5 13:17 2.9 23:51 67 1023.7 0.0 5.0 11.0 14:10 W-NW 1.355 -- - - 17 5.9 10.3 10:04 -1.7 06:14 77 1020.5 4.8 2.6 13.4 23:30 W 0.447 -- - - 18 4.5 9.3 12:32 1.3 23:00 64 1016.8 0.8 4.8 14.8 15:50 W-NW 1.263 -- - - 19 3.0 9.1 13:52 0.5 23:54 68 1014.9 0.0 2.8 9.8 15:32 N-NW 1.080 -- - - 20 3.1 9.6 14:03 -0.4 05:20 65 1020.1 0.0 4.6 10.5 10:04 N-NW 1.274 -- - - 21 2.3 10.1 13:01 -1.3 05:52 62 1019.2 0.0 2.7 9.4 16:29 N-NW 1.382 -- - - 22 6.0 11.9 12:42 -3.1 03:07 60 1010.5 0.0 5.7 13.1 23:37 W-NW 1.187 -- - - 23 8.9 13.2 14:27 5.3 05:18 64 998.6 0.0 5.4 17.6 11:59 W 1.591 -- - - 24 4.3 9.8 14:15 1.1 23:49 69 994.3 0.0 4.0 13.3 03:59 W 1.148 -- - - 25 2.7 8.5 15:33 -2.7 05:17 56 1000.8 0.0 2.9 13.6 01:39 W-NW 1.257 -- - - 26 2.4 8.8 12:36 -1.3 23:18 74 1004.1 0.0 1.5 4.8 02:29 E 0.703 -- - - 27 9.1 17.7 14:21 -1.1 00:00 62 1001.3 0.0 1.4 6.8 16:59 SE 2.318 -- - - 28 6.7 19.3 12:19 2.1 05:49 80 1000.0 0.0 2.8 13.1 12:14 E-NE 2.006 -- - - 29 10.2 12.0 12:00 8.4 06:00 77 1000.0 0.0 1.6 7.0 12:00 E-NE 1.000 -- - - 30 8.1 12.7 12:00 4.9 06:00 80 1000.0 20.4 3.5 7.9 12:00 E-NE 2.000 -- - - 31 8.4 14.5 12:00 2.8 06:00 78 1000.0 5.7 1.3 4.2 12:00 E-NE 2.000 -- - - ------------------------------------------------------------------------------------------------------------------------------ Avg: 5.8 19.3 28 -3.1 22 73 1006.6 53.6 3.3 17.6 23 W-NW 26.187 Wind Run 9373.9 km Calm Values 1641 Calm in % 4.2 % Sun 0 min. Distribution WD Values 37709 Distribution WD N-NO 1.9 % Distribution WD NO 1.9 % Distribution WD NO-O 8.7 % Distribution WD O 8.5 % Distribution WD O-SO 4.4 % Distribution WD SO 2.8 % Distribution WD SO-S 1.3 % Distribution WD S 1.7 % Distribution WD S-SW 2.2 % Distribution WD SW 3.4 % Distribution WD SW-W 6.4 % Distribution WD W 18.6 % Distribution WD W-NW 21.1 % Distribution WD NW 4.6 % Distribution WD NW-N 9.5 % Distribution WD N 3.0 % Rain days >0.0 mm Month 9 Rain days >2.0 mm Month 4 Rain days >20.0 mm Month 0 Ice days max < 0°C 0 Cold days min < 0°C 7 Cool days max < 10°C 13 Summer days max >=25°C 0 Hot days max >=30°C 0 Last year same Month: Ice days max < 0°C - - Last year same Month: Cold days min < 0°C - - Last year same Month: Cool days max < 10°C - - Last year same Month: Summer days max >=25°C - - Last year same Month: Hot days max >=30°C - - © 1999-2011 Werner Krenn / Mischa Thurnherr - Weatherstation Operating- and Data Acquisition Software - V2.96.7


  ©UMa Astronomy

Creative Commons License
Meteo by UMa Astronomy is licensed under a Creative Commons Attribution-NonCommercial-NoDerivs 3.0 Unported License.