Blahová 12/15/2019
 Last update: 16:23
Updated every 10 minutes
 Cold 
 Akt.temp: 5.2°C
 Max.temp: 6.9°C
 Min.temp: 1.0°C
 Devpoint: 2.2 °C
 Wind speed: 0.8m/s
 Wind direction: E-NE
 Max wind gust: 5.0m/s
 Precipitation: 0.0mm
 Pressure: 1011.3 hPa
 P.tendency: +0.7 hPa/3h
 Humidity: 81%
 Abs.humidity: 5.58 g/m3
Ground temperature
Min.temp 1.1°C /07:46
Akt.temp
3.9°C

2019: Jan | Feb | Mar | Apr | May | Jun | Jul | Aug | Sep | Oct | Nov | Dec 
2018: Jan | Feb | Mar | Apr | May | Jun | Jul | Aug | Sep | Oct | Nov | Dec 
2017: Jan | Feb | Mar | Apr | May | Jun | Jul | Aug | Sep | Oct | Nov | Dec 
2016: Jan | Feb | Mar | Apr | May | Jun | Jul | Aug | Sep | Oct | Nov | Dec 
2015: Jan | Feb | Mar | Apr | May | Jun | Jul | Aug | Sep | Oct | Nov | Dec 
2014: Jan | Feb | Mar | Apr | May | Jun | Jul | Aug | Sep | Oct | Nov | Dec 
2013: Jan | Feb | Mar | Apr | May | Jun | Jul | Aug | Sep | Oct | Nov | Dec 
2012: Jan | Feb | Mar | Apr | May | Jun | Jul | Aug | Sep | Oct | Nov | Dec 
2011: Jan | Feb | Mar | Apr | May | Jun | Jul | Aug | Sep | Oct | Nov | Dec 
2010: Jan | Feb | Mar | Apr | May | Jun | Jul | Aug | Sep | Oct | Nov | Dec 
2009: Jan | Feb | Mar | Apr | May | Jun | Jul | Aug | Sep | Oct | Nov | Dec 
2008: Jan | Feb | Mar | Apr | May | Jun | Jul | Aug | Sep | Oct | Nov | Dec 
2007: Jan | Feb | Mar | Apr | May | Jun | Jul | Aug | Sep | Oct | Nov | Dec 

Report for 2009 04
MONTHLY CLIMATOLOGICAL SUMMARY for apríl 2009 CITY: ELEV: 117 m LAT: 48° 1' 9" Sever LONG: 17° 2' 2" Východ TEMPERATURE (°C), BAROMETER (hPa), RAIN (mm), WIND SPEED (m/s) MEAN TEMPERATURE WIND DOM trans Ground DAY TEMP HIGH TIME LOW TIME HUM Baro Rain SPEED HIGH TIME DIR pirat min.temp time ------------------------------------------------------------------------------------------------------------------------------ 1 12.1 19.1 15:01 8.2 05:41 74 1014.1 0.0 1.3 3.4 12:21 S 2.379 -- - - 2 12.7 22.5 15:21 6.4 03:46 61 1015.8 0.0 1.2 5.6 13:46 V-SV 4.736 -- - - 3 13.4 23.3 14:51 4.5 06:26 64 1014.8 0.0 1.3 5.4 15:46 V 4.428 -- - - 4 14.5 26.2 14:11 6.8 06:51 62 1012.9 0.0 0.4 3.8 13:41 S-SV 5.563 -- - - 5 14.8 25.1 14:45 6.9 04:25 62 1013.0 0.0 1.3 3.2 23:55 Z 5.263 -- - - 6 16.6 26.3 13:40 8.8 06:35 59 1010.1 0.0 1.1 3.4 09:15 S 6.315 -- - - 7 15.8 27.2 14:50 8.0 06:10 56 1007.5 0.0 1.1 4.0 16:15 S-SV 6.606 -- - - 8 16.1 27.5 15:35 8.1 03:45 52 1009.1 0.0 1.6 6.0 14:00 JV 7.155 -- - - 9 16.1 26.9 15:30 7.7 05:15 58 1011.0 0.0 0.6 3.2 14:15 Z-SZ 6.290 -- - - 10 16.8 28.1 14:17 7.6 04:14 53 1007.1 0.0 1.3 6.7 16:37 V-JV 7.676 -- - - 11 16.3 27.1 14:25 8.2 06:23 50 1005.3 0.0 2.5 9.1 16:45 V-SV 7.447 -- - - 12 16.0 27.5 14:17 6.1 05:45 51 1004.2 0.0 2.4 7.3 16:02 J 7.684 -- - - 13 15.4 24.3 15:27 9.1 06:21 58 1003.5 0.0 1.7 6.0 10:01 V-SV 5.607 -- - - 14 14.8 24.5 15:47 7.4 06:20 56 1002.8 0.0 1.1 3.4 13:07 S-SV 5.303 -- - - 15 14.9 26.3 14:39 4.7 06:14 59 1006.9 0.0 0.9 2.9 14:29 J 6.217 -- - - 16 17.4 25.4 15:20 7.1 04:38 51 1004.9 0.0 2.8 8.1 16:25 JV 5.847 -- - - 17 12.6 18.2 14:39 6.1 23:56 67 1002.8 4.1 1.7 19.0 14:50 J 2.424 -- - - 18 13.4 23.5 14:36 4.4 06:07 69 1008.9 0.0 0.9 6.8 17:58 V-SV 4.759 -- - - 19 16.1 25.0 13:56 6.3 06:09 64 1015.1 0.0 0.6 6.5 17:07 S 5.249 -- - - 20 16.6 25.9 14:07 11.7 03:32 58 1015.3 0.0 0.6 3.4 12:18 S 6.190 -- - - 21 16.6 25.1 13:56 9.7 06:01 45 1012.7 0.0 1.8 4.6 16:10 S 6.524 -- - - 22 14.4 25.0 14:50 6.1 05:36 53 1009.7 0.0 0.3 4.8 15:24 S-SZ 6.175 -- - - 23 12.3 17.9 15:18 8.7 23:58 61 1013.4 0.0 2.8 7.5 08:43 Z-SZ 2.942 -- - - 24 15.3 25.0 14:34 5.6 06:19 62 1014.3 0.0 0.8 5.9 14:37 Z 5.540 -- - - 25 15.7 23.7 14:12 6.9 06:01 50 1014.7 0.0 2.2 8.2 11:37 V 5.831 -- - - 26 15.8 22.9 15:11 7.0 04:35 42 1014.5 0.0 4.5 11.8 11:28 V-JV 5.314 -- - - 27 16.0 22.7 14:48 8.8 05:33 42 1008.5 0.0 4.5 11.6 13:09 V-JV 4.594 -- - - 28 16.3 24.3 14:51 10.5 05:55 44 1004.0 0.0 2.7 13.3 16:02 V-JV 6.009 -- - - 29 15.8 24.1 14:36 10.7 04:39 58 1003.5 0.0 2.7 10.4 12:57 V 5.816 -- - - 30 16.3 25.5 13:51 7.8 05:12 60 1005.9 0.0 3.0 9.6 17:42 Z-SZ 5.647 -- - - ------------------------------------------------------------------------------------------------------------------------------ Avg: 15.2 28.1 10 4.4 18 57 1009.5 4.1 1.7 19.0 17 V-JV 167.529 Wind Run 5809.1 km Calm Values 1604 Calm in % 5.4 % Sun Distribution WD Values 28288 Distribution WD N-NO 7.2 % Distribution WD NO 3.7 % Distribution WD NO-O 9.8 % Distribution WD O 12.5 % Distribution WD O-SO 13.3 % Distribution WD SO 9.7 % Distribution WD SO-S 3.4 % Distribution WD S 4.4 % Distribution WD S-SW 2.9 % Distribution WD SW 1.5 % Distribution WD SW-W 2.2 % Distribution WD W 5.2 % Distribution WD W-NW 6.2 % Distribution WD NW 2.3 % Distribution WD NW-N 7.4 % Distribution WD N 8.1 % Rain days >0.0 mm Month 1 Rain days >2.0 mm Month 1 Rain days >20.0 mm Month 0 Ice days max < 0°C 0 Cold days min < 0°C 0 Cool days max < 10°C 0 Summer days max >=25°C 17 Hot days max >=30°C 0 Last year same Month: Ice days max < 0°C 0 Last year same Month: Cold days min < 0°C 1 Last year same Month: Cool days max < 10°C 1 Last year same Month: Summer days max >=25°C 2 Last year same Month: Hot days max >=30°C 0 © 1999-2011 Werner Krenn / Mischa Thurnherr - Meteostanice Obsluzný a vyhodnocovací software - V2.96.7


  ©UMa Astronomy

Creative Commons License
Meteo by UMa Astronomy is licensed under a Creative Commons Attribution-NonCommercial-NoDerivs 3.0 Unported License.