Blahová 10/18/2019
 Last update: 00:13
Updated every 10 minutes
 Cold 
 Akt.temp: 10.2°C
 Max.temp: 10.2°C
 Min.temp: 10.0°C
 Devpoint: 6.4 °C
 Wind speed: 0.0m/s
 Wind direction: 000
 Max wind gust: 0.0m/s
 Precipitation: 0.0mm
 Pressure: 1016.2 hPa
 P.tendency: -- hPa/3h
 Humidity: 77%
 Abs.humidity: 7.33 g/m3
Ground temperature
Min.temp 7.2°C /00:13
Akt.temp
7.2°C

2019: Jan | Feb | Mar | Apr | May | Jun | Jul | Aug | Sep | Oct | Nov | Dec 
2018: Jan | Feb | Mar | Apr | May | Jun | Jul | Aug | Sep | Oct | Nov | Dec 
2017: Jan | Feb | Mar | Apr | May | Jun | Jul | Aug | Sep | Oct | Nov | Dec 
2016: Jan | Feb | Mar | Apr | May | Jun | Jul | Aug | Sep | Oct | Nov | Dec 
2015: Jan | Feb | Mar | Apr | May | Jun | Jul | Aug | Sep | Oct | Nov | Dec 
2014: Jan | Feb | Mar | Apr | May | Jun | Jul | Aug | Sep | Oct | Nov | Dec 
2013: Jan | Feb | Mar | Apr | May | Jun | Jul | Aug | Sep | Oct | Nov | Dec 
2012: Jan | Feb | Mar | Apr | May | Jun | Jul | Aug | Sep | Oct | Nov | Dec 
2011: Jan | Feb | Mar | Apr | May | Jun | Jul | Aug | Sep | Oct | Nov | Dec 
2010: Jan | Feb | Mar | Apr | May | Jun | Jul | Aug | Sep | Oct | Nov | Dec 
2009: Jan | Feb | Mar | Apr | May | Jun | Jul | Aug | Sep | Oct | Nov | Dec 
2008: Jan | Feb | Mar | Apr | May | Jun | Jul | Aug | Sep | Oct | Nov | Dec 
2007: Jan | Feb | Mar | Apr | May | Jun | Jul | Aug | Sep | Oct | Nov | Dec 

Report for 2009 05
MONTHLY CLIMATOLOGICAL SUMMARY for máj 2009 CITY: ELEV: 117 m LAT: 48° 1' 9" Sever LONG: 17° 2' 2" Východ TEMPERATURE (°C), BAROMETER (hPa), RAIN (mm), WIND SPEED (m/s) MEAN TEMPERATURE WIND DOM trans Ground DAY TEMP HIGH TIME LOW TIME HUM Baro Rain SPEED HIGH TIME DIR pirat min.temp time ------------------------------------------------------------------------------------------------------------------------------ 1 17.6 26.3 14:19 11.1 03:26 46 1008.6 0.0 4.2 11.9 16:25 Z-SZ 6.457 -- - - 2 14.3 21.1 15:02 8.1 04:10 50 1009.3 0.0 2.7 13.0 10:36 S-SZ 4.241 -- - - 3 16.4 25.9 14:46 8.1 04:56 53 1009.3 0.0 0.8 5.6 14:57 S-SZ 6.649 -- - - 4 14.4 24.9 14:36 5.3 05:32 63 1011.4 0.0 2.5 12.7 15:49 Z-SZ 5.474 -- - - 5 14.0 21.1 14:25 8.6 03:50 49 1013.8 0.0 3.1 10.0 12:19 Z-SZ 4.876 -- - - 6 13.6 16.4 14:40 9.9 00:09 70 1010.4 0.7 2.3 8.1 14:24 Z 2.030 -- - - 7 14.9 23.1 15:10 9.1 23:58 61 1013.7 0.0 1.9 7.6 14:59 Z-SZ 3.825 -- - - 8 18.1 27.5 15:31 5.8 05:43 60 1012.4 0.0 1.4 7.0 13:59 V 6.338 -- - - 9 19.0 27.9 15:35 10.8 03:53 60 1015.0 0.0 0.9 4.9 08:10 Z-SZ 5.494 -- - - 10 21.0 30.1 15:13 11.9 01:15 61 1012.6 0.0 1.1 4.6 07:48 V 7.381 -- - - 11 21.1 30.5 13:25 13.0 05:35 60 1009.2 0.0 2.2 5.7 20:45 S-SZ 6.396 -- - - 12 16.1 22.9 15:24 10.5 23:54 59 1013.5 0.7 2.8 7.7 13:29 S-SZ 4.013 -- - - 13 12.4 17.7 16:18 7.2 02:58 66 1014.0 0.0 0.8 4.7 12:49 J 2.744 -- - - 14 9.3 11.1 10:34 7.3 02:22 86 1009.4 8.2 1.8 6.4 14:33 V-SV 0.517 -- - - 15 16.5 23.8 14:52 9.3 00:00 73 1005.8 0.7 1.5 5.3 15:23 V-SV 3.803 -- - - 16 16.5 22.4 11:37 12.1 05:40 75 1010.0 0.0 1.8 7.9 13:44 Z-SZ 2.573 -- - - 17 19.6 28.7 15:11 8.3 05:21 66 1012.6 0.0 0.7 4.8 14:59 V 6.510 -- - - 18 21.3 29.3 15:14 14.3 05:12 66 1012.5 0.0 0.7 5.1 12:31 V-SV 5.928 -- - - 19 19.6 27.6 14:49 15.0 04:33 72 1015.2 15.1 2.3 9.5 01:49 Z-SZ 4.806 -- - - 20 19.4 28.0 14:51 12.2 05:08 60 1016.2 0.0 1.8 5.9 13:31 S-SZ 6.681 -- - - 21 21.8 30.6 14:14 9.4 04:49 58 1011.2 0.0 1.2 5.9 12:58 J 7.720 -- - - 22 20.4 29.0 12:51 14.4 23:59 63 1009.5 0.0 1.5 6.4 14:31 Z 5.451 -- - - 23 18.1 25.3 14:58 11.2 05:29 58 1014.8 0.0 0.9 7.3 15:18 S-SZ 5.732 -- - - 24 18.6 27.5 15:03 8.9 03:18 62 1013.5 0.0 0.6 4.4 14:13 S 6.175 -- - - 25 22.0 31.2 14:51 14.1 00:46 58 1012.4 0.0 0.9 5.9 11:57 Z-SZ 8.072 -- - - 26 23.6 31.2 15:23 12.1 05:12 50 1008.8 0.0 2.1 6.8 14:48 V 8.061 -- - - 27 17.0 22.9 11:00 14.2 23:16 62 1016.1 2.7 3.1 9.6 15:50 Z-SZ 3.117 -- - - 28 14.9 24.1 12:56 10.6 05:23 63 1017.1 0.0 3.6 11.3 21:07 Z-SZ 4.108 -- - - 29 10.4 17.1 12:51 6.1 23:16 71 1016.0 0.7 2.8 12.8 12:51 Z-SZ 2.189 -- - - 30 11.1 18.8 14:53 6.5 00:00 78 1015.4 6.9 0.8 5.8 15:23 Z-SZ 2.424 -- - - 31 12.7 17.2 13:25 5.8 05:04 77 1012.8 0.7 1.6 8.6 16:06 Z 1.704 -- - - ------------------------------------------------------------------------------------------------------------------------------ Avg: 17.0 31.2 26 5.3 4 63 1012.3 36.4 1.8 13.0 2 Z-SZ 151.491 Wind Run 6378.3 km Calm Values 4329 Calm in % 10.4 % Sun Distribution WD Values 37194 Distribution WD N-NO 4.0 % Distribution WD NO 2.2 % Distribution WD NO-O 6.9 % Distribution WD O 5.9 % Distribution WD O-SO 3.2 % Distribution WD SO 3.1 % Distribution WD SO-S 1.6 % Distribution WD S 2.8 % Distribution WD S-SW 2.9 % Distribution WD SW 2.7 % Distribution WD SW-W 4.9 % Distribution WD W 14.0 % Distribution WD W-NW 18.1 % Distribution WD NW 6.1 % Distribution WD NW-N 14.5 % Distribution WD N 7.2 % Rain days >0.0 mm Month 9 Rain days >2.0 mm Month 4 Rain days >20.0 mm Month 0 Ice days max < 0°C 0 Cold days min < 0°C 0 Cool days max < 10°C 0 Summer days max >=25°C 16 Hot days max >=30°C 5 Last year same Month: Ice days max < 0°C 0 Last year same Month: Cold days min < 0°C 0 Last year same Month: Cool days max < 10°C 0 Last year same Month: Summer days max >=25°C 17 Last year same Month: Hot days max >=30°C 6 © 1999-2011 Werner Krenn / Mischa Thurnherr - Meteostanice Obsluzný a vyhodnocovací software - V2.96.7


  ©UMa Astronomy

Creative Commons License
Meteo by UMa Astronomy is licensed under a Creative Commons Attribution-NonCommercial-NoDerivs 3.0 Unported License.