Blahová 12/15/2019
 Last update: 17:28
Updated every 10 minutes
 Cold 
 Akt.temp: 4.5°C
 Max.temp: 6.9°C
 Min.temp: 1.0°C
 Devpoint: 1.5 °C
 Wind speed: 1.4m/s
 Wind direction: N-NE
 Max wind gust: 5.0m/s
 Precipitation: 0.0mm
 Pressure: 1011.8 hPa
 P.tendency: +1.5 hPa/3h
 Humidity: 81%
 Abs.humidity: 5.32 g/m3
Ground temperature
Min.temp 1.1°C /07:46
Akt.temp
2.9°C

2019: Jan | Feb | Mar | Apr | May | Jun | Jul | Aug | Sep | Oct | Nov | Dec 
2018: Jan | Feb | Mar | Apr | May | Jun | Jul | Aug | Sep | Oct | Nov | Dec 
2017: Jan | Feb | Mar | Apr | May | Jun | Jul | Aug | Sep | Oct | Nov | Dec 
2016: Jan | Feb | Mar | Apr | May | Jun | Jul | Aug | Sep | Oct | Nov | Dec 
2015: Jan | Feb | Mar | Apr | May | Jun | Jul | Aug | Sep | Oct | Nov | Dec 
2014: Jan | Feb | Mar | Apr | May | Jun | Jul | Aug | Sep | Oct | Nov | Dec 
2013: Jan | Feb | Mar | Apr | May | Jun | Jul | Aug | Sep | Oct | Nov | Dec 
2012: Jan | Feb | Mar | Apr | May | Jun | Jul | Aug | Sep | Oct | Nov | Dec 
2011: Jan | Feb | Mar | Apr | May | Jun | Jul | Aug | Sep | Oct | Nov | Dec 
2010: Jan | Feb | Mar | Apr | May | Jun | Jul | Aug | Sep | Oct | Nov | Dec 
2009: Jan | Feb | Mar | Apr | May | Jun | Jul | Aug | Sep | Oct | Nov | Dec 
2008: Jan | Feb | Mar | Apr | May | Jun | Jul | Aug | Sep | Oct | Nov | Dec 
2007: Jan | Feb | Mar | Apr | May | Jun | Jul | Aug | Sep | Oct | Nov | Dec 

Report for 2009 06
MONTHLY CLIMATOLOGICAL SUMMARY for jún 2009 CITY: Blahova ELEV: 117 m LAT: 48° 2' 0" North LONG: 17° 6' 0" East TEMPERATURE (°C), BAROMETER (hPa), RAIN (mm), WIND SPEED (m/s) MEAN TEMPERATURE WIND DOM trans Ground DAY TEMP HIGH TIME LOW TIME HUM Baro Rain SPEED HIGH TIME DIR pirat min.temp time ------------------------------------------------------------------------------------------------------------------------------ 1 12.6 20.0 14:42 9.1 23:54 80 1010.2 2.1 1.1 5.0 13:12 W 2.128 -- - - 2 14.9 22.3 13:29 6.1 04:49 68 1006.2 0.0 1.5 6.9 16:00 W-NW 2.815 -- - - 3 17.1 24.5 14:46 9.7 23:57 55 1002.4 0.0 3.1 12.2 16:53 W-NW 4.768 -- - - 4 13.8 20.1 12:15 7.8 03:41 58 1005.9 0.0 1.6 6.4 12:19 W 2.958 -- - - 5 15.6 24.8 15:36 8.2 02:46 63 1004.6 0.7 1.0 4.3 17:43 S-SW 4.108 -- - - 6 19.9 27.1 17:49 13.1 00:49 67 997.9 0.0 2.8 10.7 14:09 E-NE 3.007 -- - - 7 18.6 26.6 12:49 12.3 04:44 65 1000.9 0.0 1.1 5.6 16:05 S 3.617 -- - - 8 20.3 29.2 15:10 10.6 04:33 65 1007.3 0.0 1.2 6.0 15:50 E 4.367 -- - - 9 23.3 31.9 15:18 15.1 05:09 57 1006.0 0.0 3.4 12.8 15:05 S 5.610 -- - - 10 20.8 28.6 14:15 14.0 05:12 63 1005.8 0.7 1.9 6.7 08:15 W-NW 4.167 -- - - 11 17.7 30.0 12:40 10.3 05:13 75 1005.8 8.9 1.0 5.8 15:31 W 3.357 -- - - 12 15.8 23.2 12:46 10.1 04:50 64 1007.7 0.0 2.6 12.1 15:44 W-NW 2.053 -- - - 13 17.1 25.9 14:52 9.0 05:19 54 1013.9 1.4 2.6 10.9 13:12 W 4.883 -- - - 14 20.3 30.9 15:44 8.9 05:25 48 1014.5 0.0 1.7 7.3 11:08 W-NW 5.854 -- - - 15 21.4 29.1 14:42 16.1 03:59 67 1011.9 0.0 0.9 5.0 13:39 E 3.730 -- - - 16 21.1 28.6 14:15 16.0 03:58 67 1011.3 0.0 2.4 9.2 10:19 W 4.091 -- - - 17 19.9 29.3 15:47 10.9 04:59 57 1018.2 0.0 1.4 5.9 16:04 W-NW 4.937 -- - - 18 22.4 34.6 15:39 10.7 03:35 57 1014.3 0.0 2.0 7.5 10:49 S 6.266 -- - - 19 24.7 35.3 13:47 16.1 05:01 57 1010.1 0.0 2.6 11.0 23:49 S 4.802 -- - - 20 13.8 18.2 00:04 11.9 23:05 80 1012.3 8.2 2.7 8.6 13:55 N-NW 0.632 -- - - 21 15.5 21.2 16:57 10.2 04:33 64 1010.6 0.0 2.9 10.6 09:11 N-NW 2.112 -- - - 22 13.8 17.5 09:51 11.5 04:07 80 1005.8 21.3 3.5 9.8 16:42 N-NW 0.536 -- - - 23 16.6 22.6 16:40 13.5 00:00 84 1003.2 8.9 1.8 5.2 00:13 N-NW 1.091 -- - - 24 18.7 26.8 15:03 15.2 23:41 83 1002.6 4.1 0.7 4.2 15:28 E-NE 2.176 -- - - 25 19.0 26.6 12:09 13.8 05:21 79 1003.2 0.0 1.3 5.9 13:45 W-NW 1.812 -- - - 26 20.5 28.1 13:08 15.0 23:32 78 1002.6 46.0 1.4 6.9 15:44 N-NW 2.727 -- - - 27 18.8 28.5 13:24 13.0 04:26 84 1004.5 0.0 0.7 7.5 15:44 W-NW 2.974 -- - - 28 19.3 24.1 18:21 15.8 04:13 84 1006.2 4.1 0.9 4.1 19:26 W 1.392 -- - - 29 21.1 33.2 14:38 14.4 05:26 76 1009.3 0.0 0.8 7.4 16:12 W-NW 5.006 -- - - 30 21.9 34.3 15:11 14.7 05:33 75 1011.3 22.7 1.3 11.5 17:28 W-NW 4.885 -- - - ------------------------------------------------------------------------------------------------------------------------------ Avg: 18.6 35.3 19 6.1 2 69 1007.6 129.1 1.8 12.8 9 W-NW 102.860 Wind Run 238.3 km Calm Values 3808 Calm in % 9.5 % Sun Distribution WD Values 36153 Distribution WD N-NO 3.1 % Distribution WD NO 1.8 % Distribution WD NO-O 4.3 % Distribution WD O 4.1 % Distribution WD O-SO 3.6 % Distribution WD SO 4.4 % Distribution WD SO-S 3.3 % Distribution WD S 5.7 % Distribution WD S-SW 5.2 % Distribution WD SW 3.5 % Distribution WD SW-W 6.2 % Distribution WD W 14.3 % Distribution WD W-NW 17.1 % Distribution WD NW 5.9 % Distribution WD NW-N 12.2 % Distribution WD N 5.1 % Rain days >0.0 mm Month 12 Rain days >2.0 mm Month 9 Rain days >20.0 mm Month 3 Ice days max < 0°C 0 Cold days min < 0°C 0 Cool days max < 10°C 0 Summer days max >=25°C 19 Hot days max >=30°C 7 Last year same Month: Ice days max < 0°C - - Last year same Month: Cold days min < 0°C - - Last year same Month: Cool days max < 10°C - - Last year same Month: Summer days max >=25°C - - Last year same Month: Hot days max >=30°C - - © 1999-2007 Werner Krenn / Mischa Thurnherr - Weatherstation Operating- and Data Acquisition Software - V2.93.9


  ©UMa Astronomy

Creative Commons License
Meteo by UMa Astronomy is licensed under a Creative Commons Attribution-NonCommercial-NoDerivs 3.0 Unported License.