Blahová 10/17/2019
 Last update: 23:43
Updated every 10 minutes
 Cold 
 Akt.temp: 9.7°C
 Max.temp: 20.1°C
 Min.temp: 5.3°C
 Devpoint: 6.1 °C
 Wind speed: 0.0m/s
 Wind direction: E
 Max wind gust: 3.4m/s
 Precipitation: 0.2mm
 Pressure: 1016.1 hPa
 P.tendency: -0.3 hPa/3h
 Humidity: 78%
 Abs.humidity: 7.19 g/m3
Ground temperature
Min.temp 5.3°C /01:51
Akt.temp
7.3°C

2019: Jan | Feb | Mar | Apr | May | Jun | Jul | Aug | Sep | Oct | Nov | Dec 
2018: Jan | Feb | Mar | Apr | May | Jun | Jul | Aug | Sep | Oct | Nov | Dec 
2017: Jan | Feb | Mar | Apr | May | Jun | Jul | Aug | Sep | Oct | Nov | Dec 
2016: Jan | Feb | Mar | Apr | May | Jun | Jul | Aug | Sep | Oct | Nov | Dec 
2015: Jan | Feb | Mar | Apr | May | Jun | Jul | Aug | Sep | Oct | Nov | Dec 
2014: Jan | Feb | Mar | Apr | May | Jun | Jul | Aug | Sep | Oct | Nov | Dec 
2013: Jan | Feb | Mar | Apr | May | Jun | Jul | Aug | Sep | Oct | Nov | Dec 
2012: Jan | Feb | Mar | Apr | May | Jun | Jul | Aug | Sep | Oct | Nov | Dec 
2011: Jan | Feb | Mar | Apr | May | Jun | Jul | Aug | Sep | Oct | Nov | Dec 
2010: Jan | Feb | Mar | Apr | May | Jun | Jul | Aug | Sep | Oct | Nov | Dec 
2009: Jan | Feb | Mar | Apr | May | Jun | Jul | Aug | Sep | Oct | Nov | Dec 
2008: Jan | Feb | Mar | Apr | May | Jun | Jul | Aug | Sep | Oct | Nov | Dec 
2007: Jan | Feb | Mar | Apr | May | Jun | Jul | Aug | Sep | Oct | Nov | Dec 

Report for 2009 07
MONTHLY CLIMATOLOGICAL SUMMARY for July 2009 CITY: Blahová ELEV: 117 m LAT: 48° 5' 7" North LONG: 17° 32' 48" East TEMPERATURE (°C), BAROMETER (hPa), RAIN (mm), WIND SPEED (m/s) MEAN TEMPERATURE WIND DOM trans Ground DAY TEMP HIGH TIME LOW TIME HUM Baro Rain SPEED HIGH TIME DIR pirat min.temp time ------------------------------------------------------------------------------------------------------------------------------ 1 24.0 35.0 15:23 16.2 03:33 70 1012.6 0.1 0.9 4.3 17:43 N-NW 8.079 -- - - 2 23.9 35.2 15:23 17.1 05:18 69 1010.2 0.0 1.1 5.0 16:48 N 7.931 -- - - 3 24.1 33.2 15:08 15.7 05:08 69 1006.0 0.0 2.0 6.2 16:38 W-NW 7.253 -- - - 4 24.1 32.1 15:43 18.1 05:08 65 1003.9 0.0 1.7 6.1 12:28 W-NW 7.182 -- - - 5 24.3 33.0 14:57 18.5 05:47 65 1003.2 0.1 1.5 7.1 16:17 W-NW 6.934 -- - - 6 22.6 34.1 14:57 16.1 04:47 74 1002.7 11.0 0.6 6.7 16:17 N-NW 7.471 -- - - 7 23.2 31.9 14:57 15.0 05:02 68 1002.3 0.0 1.2 5.4 19:27 W 6.555 -- - - 8 17.7 23.6 17:12 15.0 23:42 65 1005.6 0.1 1.7 8.4 17:32 W 2.849 -- - - 9 19.3 27.6 15:47 13.6 03:37 63 1009.2 0.0 1.5 11.0 17:17 W 5.287 -- - - 10 16.1 22.0 15:22 11.9 03:07 78 1009.4 2.0 0.8 3.8 16:57 SE 1.979 -- - - 11 17.4 25.2 14:22 10.7 05:17 63 1010.8 0.0 1.6 6.8 08:37 W-NW 4.375 -- - - 12 19.5 29.5 15:37 9.3 05:02 62 1009.4 0.0 0.8 5.9 14:27 W 5.537 -- - - 13 22.4 32.3 15:22 12.9 04:42 64 1009.7 0.0 0.4 5.6 15:22 W 5.966 -- - - 14 26.2 35.6 15:11 15.2 04:02 63 1009.8 0.0 1.0 7.6 13:04 SE 8.399 -- - - 15 28.0 36.7 15:26 19.3 05:29 64 1012.8 0.0 1.7 9.0 21:52 E-NE 9.172 -- - - 16 26.0 34.1 15:32 18.9 05:14 59 1014.9 0.1 2.0 9.3 12:15 W-NW 7.815 -- - - 17 26.8 36.0 14:58 16.6 05:09 61 1007.2 0.0 1.4 6.4 15:19 E-SE 8.532 -- - - 18 16.5 27.8 11:12 11.7 16:41 78 1002.8 15.0 3.4 13.3 15:43 W-NW 1.131 -- - - 19 18.5 26.4 15:31 13.2 00:06 63 1011.6 0.0 2.5 9.9 07:51 W 4.349 -- - - 20 19.0 25.9 15:47 11.2 02:48 68 1014.6 0.0 1.4 6.2 14:13 S 3.356 -- - - 21 24.3 33.5 15:28 13.1 04:34 66 1011.7 0.0 1.5 5.6 16:03 S 7.044 -- - - 22 26.2 35.0 15:43 16.1 05:15 64 1007.5 0.0 2.0 7.8 17:53 SE 8.260 -- - - 23 27.5 36.1 15:09 18.8 05:31 59 1003.4 1.0 1.8 17.2 23:49 E-SE 8.022 -- - - 24 25.8 34.8 14:51 18.5 02:40 60 1009.3 1.0 1.5 7.9 23:51 W-NW 8.309 -- - - 25 19.5 26.4 14:11 15.2 23:58 68 1013.8 9.0 2.3 14.3 00:32 W-NW 4.294 -- - - 26 19.1 27.5 15:39 13.1 05:37 62 1016.2 0.1 1.3 6.9 17:36 W-NW 4.618 -- - - 27 21.5 31.1 15:14 10.6 05:27 61 1012.1 0.0 1.6 7.4 14:21 E-SE 6.662 -- - - 28 22.7 30.7 15:30 14.6 05:39 60 1013.5 0.0 2.1 8.6 17:42 W-NW 5.698 -- - - 29 22.9 33.1 15:32 15.0 05:30 59 1014.3 0.0 0.6 5.2 10:32 N-NW 8.013 -- - - 30 25.5 36.2 15:16 13.3 03:55 58 1012.3 0.0 1.9 8.3 15:51 W-NW 8.931 -- - - 31 23.5 30.6 14:52 19.2 05:42 50 1014.6 0.0 1.6 7.1 01:21 W-NW 7.263 -- - - ------------------------------------------------------------------------------------------------------------------------------ Avg: 22.5 36.7 15 9.3 12 64 1009.6 39.5 1.5 17.2 23 W-NW 197.267 Wind Run 5922.3 km Calm Values 3221 Calm in % 11.5 % Sun 0 min. Distribution WD Values 24720 Distribution WD N-NO 2.4 % Distribution WD NO 1.7 % Distribution WD NO-O 4.7 % Distribution WD O 6.8 % Distribution WD O-SO 8.6 % Distribution WD SO 7.8 % Distribution WD SO-S 3.7 % Distribution WD S 4.6 % Distribution WD S-SW 3.6 % Distribution WD SW 3.0 % Distribution WD SW-W 5.1 % Distribution WD W 13.9 % Distribution WD W-NW 16.7 % Distribution WD NW 4.9 % Distribution WD NW-N 9.1 % Distribution WD N 3.3 % Rain days >0.0 mm Month 11 Rain days >2.0 mm Month 3 Rain days >20.0 mm Month 0 Ice days max < 0°C 0 Cold days min < 0°C 0 Cool days max < 10°C 0 Summer days max >=25°C 29 Hot days max >=30°C 21 Last year same Month: Ice days max < 0°C - - Last year same Month: Cold days min < 0°C - - Last year same Month: Cool days max < 10°C - - Last year same Month: Summer days max >=25°C - - Last year same Month: Hot days max >=30°C - - © 1999-2011 Werner Krenn / Mischa Thurnherr - Weatherstation Operating- and Data Acquisition Software - V2.96.7


  ©UMa Astronomy

Creative Commons License
Meteo by UMa Astronomy is licensed under a Creative Commons Attribution-NonCommercial-NoDerivs 3.0 Unported License.