Blahová 11/13/2019
 Last update: 20:23
Updated every 10 minutes
 Cold 
 Akt.temp: 5.3°C
 Max.temp: 9.9°C
 Min.temp: 4.8°C
 Devpoint: 2 °C
 Wind speed: 2.0m/s
 Wind direction: W
 Max wind gust: 7.7m/s
 Precipitation: 11.8mm
 Pressure: 1005.5 hPa
 P.tendency: +3.9 hPa/3h
 Humidity: 79%
 Abs.humidity: 5.48 g/m3
Ground temperature
Min.temp 5.8°C /18:24
Akt.temp
6.5°C

2019: Jan | Feb | Mar | Apr | May | Jun | Jul | Aug | Sep | Oct | Nov | Dec 
2018: Jan | Feb | Mar | Apr | May | Jun | Jul | Aug | Sep | Oct | Nov | Dec 
2017: Jan | Feb | Mar | Apr | May | Jun | Jul | Aug | Sep | Oct | Nov | Dec 
2016: Jan | Feb | Mar | Apr | May | Jun | Jul | Aug | Sep | Oct | Nov | Dec 
2015: Jan | Feb | Mar | Apr | May | Jun | Jul | Aug | Sep | Oct | Nov | Dec 
2014: Jan | Feb | Mar | Apr | May | Jun | Jul | Aug | Sep | Oct | Nov | Dec 
2013: Jan | Feb | Mar | Apr | May | Jun | Jul | Aug | Sep | Oct | Nov | Dec 
2012: Jan | Feb | Mar | Apr | May | Jun | Jul | Aug | Sep | Oct | Nov | Dec 
2011: Jan | Feb | Mar | Apr | May | Jun | Jul | Aug | Sep | Oct | Nov | Dec 
2010: Jan | Feb | Mar | Apr | May | Jun | Jul | Aug | Sep | Oct | Nov | Dec 
2009: Jan | Feb | Mar | Apr | May | Jun | Jul | Aug | Sep | Oct | Nov | Dec 
2008: Jan | Feb | Mar | Apr | May | Jun | Jul | Aug | Sep | Oct | Nov | Dec 
2007: Jan | Feb | Mar | Apr | May | Jun | Jul | Aug | Sep | Oct | Nov | Dec 

Report for 2009 08
MONTHLY CLIMATOLOGICAL SUMMARY for August 2009 CITY: Blahová ELEV: 117 m LAT: 48° 5' 7" North LONG: 17° 32' 48" East TEMPERATURE (°C), BAROMETER (hPa), RAIN (mm), WIND SPEED (m/s) MEAN TEMPERATURE WIND DOM trans Ground DAY TEMP HIGH TIME LOW TIME HUM Baro Rain SPEED HIGH TIME DIR pirat min.temp time ------------------------------------------------------------------------------------------------------------------------------ 1 25.3 34.3 15:20 16.4 06:02 58 1010.4 0.0 1.1 5.5 16:08 E 7.834 -- - - 2 27.4 36.7 15:14 18.0 05:52 54 1005.0 0.0 2.5 10.6 23:21 E 9.239 -- - - 3 24.8 32.9 13:58 17.8 05:53 57 1008.4 0.1 1.1 9.6 00:00 W-NW 7.522 -- - - 4 19.6 25.1 16:46 17.4 23:58 80 1007.9 12.0 3.3 10.7 06:21 N-NW 1.719 -- - - 5 21.6 26.9 14:33 16.8 03:21 71 1012.0 0.0 3.2 9.3 15:11 W-NW 3.720 -- - - 6 22.9 28.9 14:05 17.9 05:09 64 1011.9 0.0 2.7 9.2 18:01 N-NW 4.465 -- - - 7 23.7 31.4 14:22 16.7 04:42 62 1011.8 0.0 0.9 5.2 13:50 N-NW 6.470 -- - - 8 23.3 31.7 13:41 16.5 05:41 63 1011.9 0.1 0.4 4.6 11:48 E 6.582 -- - - 9 20.4 27.3 12:37 16.9 06:03 67 1013.1 0.0 0.9 5.1 08:50 E-NE 3.336 -- - - 10 22.2 28.6 15:38 17.8 04:49 59 1010.7 0.0 1.8 8.6 16:20 E 4.102 -- - - 11 19.8 25.2 13:58 17.6 20:58 80 1010.3 7.0 1.5 8.3 13:20 W 2.629 -- - - 12 21.0 26.4 11:47 15.9 06:00 73 1011.8 0.0 0.7 5.1 03:22 W 3.070 -- - - 13 20.5 25.1 14:20 16.1 03:21 75 1009.3 0.0 1.0 7.8 13:10 S-SW 3.015 -- - - 14 20.1 26.9 14:13 15.4 08:13 71 1012.3 6.0 0.9 5.2 07:58 S-SW 4.612 -- - - 15 21.4 30.1 14:42 13.3 05:43 68 1014.2 0.0 1.0 3.8 13:52 E-SE 5.834 -- - - 16 23.8 32.5 14:32 14.8 05:37 65 1012.1 0.0 1.3 5.0 12:17 E 6.762 -- - - 17 25.0 34.5 14:22 16.5 05:42 64 1009.3 0.0 0.7 3.1 17:12 E 7.788 -- - - 18 23.0 30.3 14:37 17.1 23:57 61 1014.1 0.0 1.6 7.4 14:17 W-NW 5.480 -- - - 19 21.0 30.3 14:32 13.3 05:52 56 1018.4 0.0 1.3 4.8 18:37 W-NW 6.714 -- - - 20 22.4 31.9 14:02 12.7 06:07 56 1018.4 0.0 1.3 4.6 13:22 E 7.345 -- - - 21 23.3 33.3 13:42 14.5 05:42 59 1015.7 0.0 1.3 5.5 13:02 E-NE 8.196 -- - - 22 20.3 25.9 16:07 18.0 23:57 81 1015.7 9.0 1.7 5.4 18:37 W-NW 1.843 -- - - 23 19.4 24.4 15:49 16.1 06:31 62 1013.5 1.0 2.3 9.2 10:01 N-NW 3.321 -- - - 24 19.7 28.1 13:46 13.2 05:07 65 1011.9 0.0 1.3 5.0 12:41 E 5.134 -- - - 25 21.3 30.0 13:44 13.0 04:14 66 1009.9 0.0 1.7 8.7 15:49 E 6.146 -- - - 26 21.9 31.6 13:43 13.7 06:20 67 1011.5 0.0 0.7 4.6 14:18 E 6.771 -- - - 27 23.2 31.7 15:20 14.9 05:52 67 1011.8 0.0 0.3 3.2 13:44 W-NW 6.093 -- - - 28 24.6 33.7 14:30 16.3 06:01 66 1008.1 0.0 1.1 4.5 16:28 N 7.362 -- - - 29 17.0 21.7 00:01 13.7 23:56 81 1012.2 11.5 2.9 10.3 06:11 W-NW 1.171 -- - - 30 15.9 24.3 13:34 9.6 06:21 68 1016.2 0.0 0.5 5.5 11:42 W-NW 4.374 -- - - 31 16.9 26.7 13:40 8.7 06:10 66 1016.9 0.0 0.9 3.7 13:54 E 5.129 -- - - ------------------------------------------------------------------------------------------------------------------------------ Avg: 21.7 36.7 2 8.7 31 66 1012.2 46.7 1.4 10.7 4 W-NW 163.778 Wind Run 5027.7 km Calm Values 3155 Calm in % 10.5 % Sun 0 min. Distribution WD Values 27018 Distribution WD N-NO 4.2 % Distribution WD NO 2.6 % Distribution WD NO-O 7.9 % Distribution WD O 9.8 % Distribution WD O-SO 6.4 % Distribution WD SO 5.4 % Distribution WD SO-S 3.1 % Distribution WD S 4.3 % Distribution WD S-SW 3.8 % Distribution WD SW 3.3 % Distribution WD SW-W 4.3 % Distribution WD W 10.0 % Distribution WD W-NW 12.5 % Distribution WD NW 4.7 % Distribution WD NW-N 11.3 % Distribution WD N 6.5 % Rain days >0.0 mm Month 8 Rain days >2.0 mm Month 5 Rain days >20.0 mm Month 0 Ice days max < 0°C 0 Cold days min < 0°C 0 Cool days max < 10°C 0 Summer days max >=25°C 28 Hot days max >=30°C 16 Last year same Month: Ice days max < 0°C - - Last year same Month: Cold days min < 0°C - - Last year same Month: Cool days max < 10°C - - Last year same Month: Summer days max >=25°C - - Last year same Month: Hot days max >=30°C - - © 1999-2011 Werner Krenn / Mischa Thurnherr - Weatherstation Operating- and Data Acquisition Software - V2.96.7


  ©UMa Astronomy

Creative Commons License
Meteo by UMa Astronomy is licensed under a Creative Commons Attribution-NonCommercial-NoDerivs 3.0 Unported License.