Blahová 11/13/2019
 Last update: 20:53
Updated every 10 minutes
 Cold 
 Akt.temp: 5.3°C
 Max.temp: 9.9°C
 Min.temp: 4.8°C
 Devpoint: 1.8 °C
 Wind speed: 1.8m/s
 Wind direction: SW
 Max wind gust: 7.7m/s
 Precipitation: 11.8mm
 Pressure: 1005.9 hPa
 P.tendency: +3.4 hPa/3h
 Humidity: 78%
 Abs.humidity: 5.41 g/m3
Ground temperature
Min.temp 5.8°C /18:24
Akt.temp
6.5°C

2019: Jan | Feb | Mar | Apr | May | Jun | Jul | Aug | Sep | Oct | Nov | Dec 
2018: Jan | Feb | Mar | Apr | May | Jun | Jul | Aug | Sep | Oct | Nov | Dec 
2017: Jan | Feb | Mar | Apr | May | Jun | Jul | Aug | Sep | Oct | Nov | Dec 
2016: Jan | Feb | Mar | Apr | May | Jun | Jul | Aug | Sep | Oct | Nov | Dec 
2015: Jan | Feb | Mar | Apr | May | Jun | Jul | Aug | Sep | Oct | Nov | Dec 
2014: Jan | Feb | Mar | Apr | May | Jun | Jul | Aug | Sep | Oct | Nov | Dec 
2013: Jan | Feb | Mar | Apr | May | Jun | Jul | Aug | Sep | Oct | Nov | Dec 
2012: Jan | Feb | Mar | Apr | May | Jun | Jul | Aug | Sep | Oct | Nov | Dec 
2011: Jan | Feb | Mar | Apr | May | Jun | Jul | Aug | Sep | Oct | Nov | Dec 
2010: Jan | Feb | Mar | Apr | May | Jun | Jul | Aug | Sep | Oct | Nov | Dec 
2009: Jan | Feb | Mar | Apr | May | Jun | Jul | Aug | Sep | Oct | Nov | Dec 
2008: Jan | Feb | Mar | Apr | May | Jun | Jul | Aug | Sep | Oct | Nov | Dec 
2007: Jan | Feb | Mar | Apr | May | Jun | Jul | Aug | Sep | Oct | Nov | Dec 

Report for 2009 09
MONTHLY CLIMATOLOGICAL SUMMARY for September 2009 CITY: Blahová ELEV: 117 m LAT: 48° 5' 7" North LONG: 17° 32' 48" East TEMPERATURE (°C), BAROMETER (hPa), RAIN (mm), WIND SPEED (m/s) MEAN TEMPERATURE WIND DOM trans Ground DAY TEMP HIGH TIME LOW TIME HUM Baro Rain SPEED HIGH TIME DIR pirat min.temp time ------------------------------------------------------------------------------------------------------------------------------ 1 19.4 29.1 13:34 11.1 04:34 60 1012.3 0.0 2.1 7.8 13:47 E-NE 5.760 -- - - 2 20.1 29.1 13:32 12.2 06:34 66 1009.8 0.0 0.5 4.7 16:15 W-NW 4.795 -- - - 3 23.1 31.3 13:43 14.8 05:53 68 1002.6 0.8 4.2 12.5 21:27 E 5.692 -- - - 4 16.6 19.3 00:00 13.8 23:49 85 1005.4 12.8 1.7 5.1 01:13 N-NW 0.922 -- - - 5 14.9 19.8 13:08 11.2 23:58 69 1014.5 2.2 2.1 10.3 12:17 W 2.169 -- - - 6 13.9 21.8 14:03 7.6 06:17 69 1018.2 0.0 1.8 8.1 16:00 W-NW 2.921 -- - - 7 15.5 24.3 14:34 6.5 04:40 67 1019.3 0.0 1.2 4.5 13:46 N-NW 3.900 -- - - 8 16.5 25.2 14:25 10.0 06:32 66 1019.6 0.0 0.2 4.4 13:12 N 4.362 -- - - 9 18.3 27.3 14:17 10.4 05:29 67 1018.3 0.0 0.8 4.0 14:34 N 4.742 -- - - 10 19.2 28.2 13:21 12.1 05:09 67 1016.6 0.0 0.8 6.4 15:36 W-NW 5.085 -- - - 11 19.8 24.0 16:05 14.9 06:19 64 1015.0 0.1 2.3 7.7 15:05 N-NW 2.769 -- - - 12 19.0 26.2 14:18 15.0 23:49 69 1012.7 0.1 2.8 7.9 16:46 W-NW 3.946 -- - - 13 16.9 22.9 13:46 12.8 05:59 66 1009.7 0.1 2.0 7.9 13:26 W-NW 3.040 -- - - 14 17.8 23.4 13:26 13.5 06:34 71 1010.0 0.1 1.6 5.9 14:36 E-NE 2.455 -- - - 15 18.7 26.2 13:03 14.5 06:29 70 1011.8 0.1 0.8 7.1 13:06 E-NE 3.678 -- - - 16 20.2 27.9 14:58 12.9 04:28 68 1008.2 0.1 1.3 6.1 13:25 E-NE 4.006 -- - - 17 18.2 20.5 13:58 16.9 23:13 82 1008.4 1.0 0.2 3.8 12:44 E-NE 1.231 -- - - 18 19.1 25.5 14:46 14.5 06:28 75 1012.1 0.1 0.7 3.5 15:25 N-NW 3.143 -- - - 19 17.8 25.8 14:04 12.8 06:48 70 1013.4 0.0 0.8 5.3 13:55 E-NE 4.013 -- - - 20 17.0 26.8 14:13 10.5 06:20 66 1014.1 0.0 0.6 3.9 14:05 E-NE 4.632 -- - - 21 17.1 27.9 13:40 8.9 06:21 66 1016.8 0.0 0.3 3.0 13:31 N-NE 5.054 -- - - 22 17.1 28.3 13:43 9.9 06:15 68 1019.2 0.0 0.6 3.9 15:44 N 4.471 -- - - 23 16.8 27.7 13:45 9.2 06:29 66 1018.5 0.0 0.8 4.6 14:23 S 4.966 -- - - 24 17.7 26.9 13:45 10.1 07:02 65 1014.8 0.0 1.6 5.5 16:43 W-NW 4.713 -- - - 25 16.4 23.5 14:30 11.7 23:39 61 1017.0 0.0 1.6 7.7 11:56 N-NW 3.829 -- - - 26 13.5 23.9 13:25 6.4 06:46 66 1021.0 0.0 0.2 4.4 12:10 S 3.916 -- - - 27 14.3 25.3 13:36 5.7 06:29 67 1020.3 0.0 0.6 4.0 13:44 N 4.212 -- - - 28 15.7 24.5 14:20 7.2 06:27 69 1015.8 0.0 0.8 5.6 14:14 W-SW 3.495 -- - - 29 17.9 23.1 14:25 13.7 06:07 61 1010.3 0.0 2.5 9.2 15:13 W 3.455 -- - - 30 15.0 20.6 12:17 12.3 22:48 73 1011.2 0.0 1.3 6.8 04:38 W 1.840 -- - - ------------------------------------------------------------------------------------------------------------------------------ Avg: 17.5 31.3 3 5.7 27 68 1013.9 17.5 1.3 12.5 3 W-NW 113.210 Wind Run 4125.8 km Calm Values 7851 Calm in % 19.9 % Sun 0 min. Distribution WD Values 31513 Distribution WD N-NO 5.8 % Distribution WD NO 4.1 % Distribution WD NO-O 9.6 % Distribution WD O 6.5 % Distribution WD O-SO 4.6 % Distribution WD SO 3.8 % Distribution WD SO-S 2.3 % Distribution WD S 3.4 % Distribution WD S-SW 3.4 % Distribution WD SW 3.5 % Distribution WD SW-W 5.4 % Distribution WD W 11.0 % Distribution WD W-NW 14.1 % Distribution WD NW 4.9 % Distribution WD NW-N 10.6 % Distribution WD N 6.7 % Rain days >0.0 mm Month 11 Rain days >2.0 mm Month 2 Rain days >20.0 mm Month 0 Ice days max < 0°C 0 Cold days min < 0°C 0 Cool days max < 10°C 0 Summer days max >=25°C 17 Hot days max >=30°C 1 Last year same Month: Ice days max < 0°C - - Last year same Month: Cold days min < 0°C - - Last year same Month: Cool days max < 10°C - - Last year same Month: Summer days max >=25°C - - Last year same Month: Hot days max >=30°C - - © 1999-2011 Werner Krenn / Mischa Thurnherr - Weatherstation Operating- and Data Acquisition Software - V2.96.7


  ©UMa Astronomy

Creative Commons License
Meteo by UMa Astronomy is licensed under a Creative Commons Attribution-NonCommercial-NoDerivs 3.0 Unported License.