Blahová 12/15/2019
 Last update: 16:33
Updated every 10 minutes
 Cold 
 Akt.temp: 5.1°C
 Max.temp: 6.9°C
 Min.temp: 1.0°C
 Devpoint: 2.1 °C
 Wind speed: 0.9m/s
 Wind direction: N-NE
 Max wind gust: 5.0m/s
 Precipitation: 0.0mm
 Pressure: 1011.3 hPa
 P.tendency: +0.7 hPa/3h
 Humidity: 81%
 Abs.humidity: 5.54 g/m3
Ground temperature
Min.temp 1.1°C /07:46
Akt.temp
3.9°C

2019: Jan | Feb | Mar | Apr | May | Jun | Jul | Aug | Sep | Oct | Nov | Dec 
2018: Jan | Feb | Mar | Apr | May | Jun | Jul | Aug | Sep | Oct | Nov | Dec 
2017: Jan | Feb | Mar | Apr | May | Jun | Jul | Aug | Sep | Oct | Nov | Dec 
2016: Jan | Feb | Mar | Apr | May | Jun | Jul | Aug | Sep | Oct | Nov | Dec 
2015: Jan | Feb | Mar | Apr | May | Jun | Jul | Aug | Sep | Oct | Nov | Dec 
2014: Jan | Feb | Mar | Apr | May | Jun | Jul | Aug | Sep | Oct | Nov | Dec 
2013: Jan | Feb | Mar | Apr | May | Jun | Jul | Aug | Sep | Oct | Nov | Dec 
2012: Jan | Feb | Mar | Apr | May | Jun | Jul | Aug | Sep | Oct | Nov | Dec 
2011: Jan | Feb | Mar | Apr | May | Jun | Jul | Aug | Sep | Oct | Nov | Dec 
2010: Jan | Feb | Mar | Apr | May | Jun | Jul | Aug | Sep | Oct | Nov | Dec 
2009: Jan | Feb | Mar | Apr | May | Jun | Jul | Aug | Sep | Oct | Nov | Dec 
2008: Jan | Feb | Mar | Apr | May | Jun | Jul | Aug | Sep | Oct | Nov | Dec 
2007: Jan | Feb | Mar | Apr | May | Jun | Jul | Aug | Sep | Oct | Nov | Dec 

Report for 2009 10
MONTHLY CLIMATOLOGICAL SUMMARY for October 2009 CITY: Blahová ELEV: 117 m LAT: 48° 5' 7" North LONG: 17° 32' 48" East TEMPERATURE (°C), BAROMETER (hPa), RAIN (mm), WIND SPEED (m/s) MEAN TEMPERATURE WIND DOM trans Ground DAY TEMP HIGH TIME LOW TIME HUM Baro Rain SPEED HIGH TIME DIR pirat min.temp time ------------------------------------------------------------------------------------------------------------------------------ 1 15.4 22.2 15:14 10.9 07:45 69 1006.0 0.0 1.2 8.3 17:13 W 2.464 -- - - 2 12.9 19.5 13:56 8.1 23:51 68 1009.8 0.0 1.3 7.1 13:43 W-NW 2.607 -- - - 3 10.7 19.9 12:37 2.7 07:01 63 1011.0 0.0 1.2 5.4 14:03 SE 2.719 -- - - 4 12.5 23.1 14:32 3.7 06:54 67 1008.1 0.0 1.1 6.7 12:55 S-SW 3.354 -- - - 5 14.5 22.4 14:32 5.7 06:40 64 1012.1 0.0 1.0 5.0 10:11 E 3.331 -- - - 6 19.1 25.9 14:20 11.6 07:24 63 1011.3 0.1 0.9 7.8 13:53 S 3.847 -- - - 7 20.2 27.1 14:25 15.9 07:05 68 1011.8 0.0 1.8 7.2 16:03 S-SW 3.769 -- - - 8 19.3 27.8 15:05 13.6 06:49 68 1008.3 0.0 1.3 6.5 12:18 E-SE 4.272 -- - - 9 13.1 16.9 03:30 11.0 23:54 80 1013.3 3.0 1.8 6.3 03:42 W-NW 0.524 -- - - 10 11.3 12.9 10:21 10.6 22:27 88 1008.8 17.0 0.2 3.1 06:20 E-NE 0.349 -- - - 11 12.5 17.3 11:58 9.1 23:51 79 1006.9 8.0 0.0 0.0 00:00 N 1.445 -- - - 12 10.1 12.2 10:05 8.2 23:50 79 1000.7 10.0 0.0 0.0 00:00 N 0.785 -- - - 13 6.1 10.8 12:58 4.1 23:46 67 1007.3 0.5 0.0 0.0 00:00 N 0.995 -- - - 14 3.5 6.8 11:53 2.5 21:47 78 1008.2 1.0 0.0 0.0 00:00 N 0.557 -- - - 15 3.3 5.3 13:28 2.3 06:35 81 1011.4 3.0 1.6 9.2 19:45 W 0.470 -- - - 16 4.4 7.3 13:53 2.4 06:19 78 1010.6 0.0 2.5 9.5 14:06 W 0.762 -- - - 17 5.2 9.3 14:30 3.1 23:57 80 1010.5 1.4 1.7 7.6 12:45 W-NW 0.814 -- - - 18 4.1 9.5 16:04 1.1 23:52 80 1012.8 0.0 1.1 5.3 16:08 W-NW 0.814 -- - - 19 4.5 10.8 15:09 -2.0 06:59 73 1012.4 0.0 2.1 7.7 14:15 N-NW 1.130 -- - - 20 5.2 8.0 13:44 3.8 04:36 80 1009.7 0.0 1.0 3.5 14:55 E 0.621 -- - - 21 7.1 13.1 14:01 0.9 07:32 79 1007.0 0.0 2.5 7.1 15:13 E-NE 1.309 -- - - 22 12.0 18.4 12:40 6.3 02:19 74 1000.5 0.0 2.9 8.9 11:30 E 1.529 -- - - 23 11.8 15.9 11:30 9.9 20:08 81 1004.8 2.0 1.4 5.9 21:45 N-NW 1.262 -- - - 24 9.5 10.9 15:23 8.0 23:17 82 1010.2 3.0 3.3 9.1 13:54 N-NW 0.514 -- - - 25 8.4 16.1 14:00 4.1 06:32 81 1013.2 0.0 0.3 4.0 01:24 N-NW 1.421 -- - - 26 11.5 15.5 13:43 5.6 04:33 86 1013.7 0.0 0.6 3.4 22:34 E-NE 0.831 -- - - 27 11.7 16.4 11:09 8.2 03:51 79 1015.3 0.0 1.6 6.7 09:54 W-NW 1.243 -- - - 28 10.9 15.0 13:40 7.9 03:42 75 1014.5 0.0 0.9 6.2 13:34 W-NW 1.481 -- - - 29 8.9 10.5 12:52 5.9 23:50 84 1015.3 1.4 2.0 6.4 20:07 N-NW 0.383 -- - - 30 3.9 10.7 12:46 -0.5 23:56 77 1023.3 0.0 1.3 7.2 10:14 N-NW 1.052 -- - - 31 1.0 5.2 14:39 -2.0 03:16 86 1023.4 0.0 0.7 4.5 16:19 E-NE 0.343 -- - - ------------------------------------------------------------------------------------------------------------------------------ Avg: 9.8 27.8 8 -2.0 31 76 1010.7 50.3 1.3 9.5 16 W-NW 46.999 Wind Run 4165.3 km Calm Values 11695 Calm in % 27.7 % Sun 0 min. Distribution WD Values 30524 Distribution WD N-NO 2.6 % Distribution WD NO 1.3 % Distribution WD NO-O 6.2 % Distribution WD O 7.5 % Distribution WD O-SO 5.0 % Distribution WD SO 4.1 % Distribution WD SO-S 2.6 % Distribution WD S 4.9 % Distribution WD S-SW 5.8 % Distribution WD SW 3.7 % Distribution WD SW-W 5.2 % Distribution WD W 12.4 % Distribution WD W-NW 15.7 % Distribution WD NW 5.8 % Distribution WD NW-N 12.5 % Distribution WD N 4.6 % Rain days >0.0 mm Month 12 Rain days >2.0 mm Month 6 Rain days >20.0 mm Month 0 Ice days max < 0°C 0 Cold days min < 0°C 3 Cool days max < 10°C 7 Summer days max >=25°C 3 Hot days max >=30°C 0 Last year same Month: Ice days max < 0°C - - Last year same Month: Cold days min < 0°C - - Last year same Month: Cool days max < 10°C - - Last year same Month: Summer days max >=25°C - - Last year same Month: Hot days max >=30°C - - © 1999-2011 Werner Krenn / Mischa Thurnherr - Weatherstation Operating- and Data Acquisition Software - V2.96.7


  ©UMa Astronomy

Creative Commons License
Meteo by UMa Astronomy is licensed under a Creative Commons Attribution-NonCommercial-NoDerivs 3.0 Unported License.