Blahová 11/13/2019
 Last update: 21:13
Updated every 10 minutes
 Cold 
 Akt.temp: 5.2°C
 Max.temp: 9.9°C
 Min.temp: 4.8°C
 Devpoint: 1.7 °C
 Wind speed: 1.7m/s
 Wind direction: SW
 Max wind gust: 7.7m/s
 Precipitation: 11.9mm
 Pressure: 1006.4 hPa
 P.tendency: +3.6 hPa/3h
 Humidity: 78%
 Abs.humidity: 5.37 g/m3
Ground temperature
Min.temp 5.8°C /18:24
Akt.temp
6.5°C

2019: Jan | Feb | Mar | Apr | May | Jun | Jul | Aug | Sep | Oct | Nov | Dec 
2018: Jan | Feb | Mar | Apr | May | Jun | Jul | Aug | Sep | Oct | Nov | Dec 
2017: Jan | Feb | Mar | Apr | May | Jun | Jul | Aug | Sep | Oct | Nov | Dec 
2016: Jan | Feb | Mar | Apr | May | Jun | Jul | Aug | Sep | Oct | Nov | Dec 
2015: Jan | Feb | Mar | Apr | May | Jun | Jul | Aug | Sep | Oct | Nov | Dec 
2014: Jan | Feb | Mar | Apr | May | Jun | Jul | Aug | Sep | Oct | Nov | Dec 
2013: Jan | Feb | Mar | Apr | May | Jun | Jul | Aug | Sep | Oct | Nov | Dec 
2012: Jan | Feb | Mar | Apr | May | Jun | Jul | Aug | Sep | Oct | Nov | Dec 
2011: Jan | Feb | Mar | Apr | May | Jun | Jul | Aug | Sep | Oct | Nov | Dec 
2010: Jan | Feb | Mar | Apr | May | Jun | Jul | Aug | Sep | Oct | Nov | Dec 
2009: Jan | Feb | Mar | Apr | May | Jun | Jul | Aug | Sep | Oct | Nov | Dec 
2008: Jan | Feb | Mar | Apr | May | Jun | Jul | Aug | Sep | Oct | Nov | Dec 
2007: Jan | Feb | Mar | Apr | May | Jun | Jul | Aug | Sep | Oct | Nov | Dec 

Report for 2009 11
MONTHLY CLIMATOLOGICAL SUMMARY for November 2009 CITY: Blahová ELEV: 117 m LAT: 48° 5' 7" North LONG: 17° 32' 48" East TEMPERATURE (°C), BAROMETER (hPa), RAIN (mm), WIND SPEED (m/s) MEAN TEMPERATURE WIND DOM trans Ground DAY TEMP HIGH TIME LOW TIME HUM Baro Rain SPEED HIGH TIME DIR pirat min.temp time ------------------------------------------------------------------------------------------------------------------------------ 1 1.3 2.8 13:15 -2.1 00:00 88 1017.4 0.0 1.3 3.8 21:16 E 0.180 -- - - 2 3.3 6.1 13:16 -0.9 05:26 79 1004.2 1.0 3.1 8.6 11:56 E 0.609 -- - - 3 1.6 3.1 13:56 0.3 05:51 86 997.8 5.0 1.3 7.4 00:53 E 0.247 -- - - 4 2.6 7.0 10:58 1.3 00:08 87 995.0 6.9 4.0 10.9 13:14 SE 0.252 -- - - 5 4.5 5.7 11:48 2.1 04:22 88 1002.3 3.1 1.5 5.6 23:58 E 0.256 -- - - 6 4.8 5.4 14:26 3.8 04:14 88 1005.4 2.7 1.7 6.4 01:06 E 0.252 -- - - 7 6.5 7.8 13:50 5.1 06:35 89 1000.6 6.3 2.0 6.3 14:56 E-SE 0.253 -- - - 8 8.1 10.9 12:46 5.3 05:21 87 997.4 3.0 0.7 5.3 01:50 N-NE 0.511 -- - - 9 6.2 9.7 13:45 3.2 21:48 88 1002.8 1.0 0.8 4.8 08:23 S-SW 0.379 -- - - 10 6.4 8.3 10:30 3.9 00:00 87 998.6 12.0 5.0 12.5 22:13 W-NW 0.221 -- - - 11 5.6 6.7 23:21 4.3 05:56 86 999.3 16.0 4.5 12.7 01:32 W-NW 0.256 -- - - 12 5.1 8.8 10:25 2.2 20:03 82 1007.1 0.0 1.3 10.1 02:15 W 0.624 -- - - 13 6.4 12.8 11:40 2.7 07:06 81 1013.9 0.0 1.2 3.9 00:13 E-NE 0.796 -- - - 14 8.2 11.8 13:50 2.3 06:24 84 1010.9 0.0 2.3 7.1 12:47 E-NE 0.616 -- - - 15 8.2 15.5 12:32 4.5 21:38 80 1011.8 0.0 0.7 7.9 11:02 W-NW 1.241 -- - - 16 8.8 11.3 12:42 5.0 00:00 85 1009.9 0.0 0.6 2.6 10:22 N-NE 0.520 -- - - 17 9.6 13.5 13:36 8.1 06:48 88 1010.8 0.0 1.9 5.4 17:11 E 0.583 -- - - 18 7.5 13.0 13:15 3.0 23:56 86 1017.6 1.0 0.4 3.5 12:39 S-SW 0.670 -- - - 19 6.3 15.0 12:18 2.5 01:26 83 1020.8 0.0 0.9 4.2 12:47 S-SW 0.987 -- - - 20 4.6 8.1 14:24 0.8 04:57 90 1021.9 0.0 0.8 2.9 22:43 N-NE 0.239 -- - - 21 4.9 5.8 11:47 4.1 00:00 91 1022.7 0.0 0.4 2.4 10:37 N-NE 0.162 -- - - 22 4.9 5.3 14:02 3.8 06:23 91 1014.1 2.0 1.1 6.2 10:28 E 0.161 -- - - 23 5.9 7.2 13:48 4.2 06:45 90 1010.9 3.0 1.8 7.3 18:01 S-SW 0.204 -- - - 24 9.5 14.0 12:51 4.3 01:42 86 1009.6 2.1 2.1 7.8 13:09 S-SW 0.713 -- - - 25 8.0 16.9 11:55 4.3 20:25 80 1010.7 1.9 1.8 7.8 02:25 E-NE 1.209 -- - - 26 4.7 10.7 13:48 2.3 20:15 87 1010.5 1.0 1.3 4.3 11:36 E-NE 0.493 -- - - 27 4.9 9.5 13:56 3.2 21:30 90 1007.0 1.0 0.7 4.9 13:24 E-NE 0.262 -- - - 28 5.4 8.4 14:05 3.5 23:54 90 1008.4 0.0 2.5 5.7 20:40 S-SW 0.286 -- - - 29 7.3 10.4 11:49 0.7 05:01 80 1003.9 1.0 4.0 11.8 21:39 SE 0.444 -- - - 30 9.8 12.6 13:04 6.2 03:13 78 996.8 0.0 3.8 11.5 10:37 E-SE 0.723 -- - - ------------------------------------------------------------------------------------------------------------------------------ Avg: 6.0 16.9 25 -2.1 1 86 1008.0 69.9 1.9 12.7 11 E 14.349 Wind Run 5922.2 km Calm Values 3715 Calm in % 9.1 % Sun 0 min. Distribution WD Values 37314 Distribution WD N-NO 6.8 % Distribution WD NO 4.0 % Distribution WD NO-O 13.5 % Distribution WD O 15.5 % Distribution WD O-SO 10.0 % Distribution WD SO 7.7 % Distribution WD SO-S 3.2 % Distribution WD S 4.8 % Distribution WD S-SW 6.0 % Distribution WD SW 2.5 % Distribution WD SW-W 2.6 % Distribution WD W 5.4 % Distribution WD W-NW 7.0 % Distribution WD NW 2.3 % Distribution WD NW-N 5.1 % Distribution WD N 3.7 % Rain days >0.0 mm Month 18 Rain days >2.0 mm Month 10 Rain days >20.0 mm Month 0 Ice days max < 0°C 0 Cold days min < 0°C 2 Cool days max < 10°C 17 Summer days max >=25°C 0 Hot days max >=30°C 0 Last year same Month: Ice days max < 0°C - - Last year same Month: Cold days min < 0°C - - Last year same Month: Cool days max < 10°C - - Last year same Month: Summer days max >=25°C - - Last year same Month: Hot days max >=30°C - - © 1999-2011 Werner Krenn / Mischa Thurnherr - Weatherstation Operating- and Data Acquisition Software - V2.96.7


  ©UMa Astronomy

Creative Commons License
Meteo by UMa Astronomy is licensed under a Creative Commons Attribution-NonCommercial-NoDerivs 3.0 Unported License.