Blahová 09/20/2019
 Last update: 09:13
Updated every 10 minutes
 Cold 
 Akt.temp: 10.9°C
 Max.temp: 10.9°C
 Min.temp: 3.3°C
 Devpoint: 6.3 °C
 Wind speed: 1.3m/s
 Wind direction: N-NW
 Max wind gust: 2.9m/s
 Precipitation: 0.0mm
 Pressure: 1028.4 hPa
 P.tendency: +1.5 hPa/3h
 Humidity: 73%
 Abs.humidity: 7.26 g/m3
Ground temperature
Min.temp 2.5°C /05:08
Akt.temp
13.6°C

2019: Jan | Feb | Mar | Apr | May | Jun | Jul | Aug | Sep | Oct | Nov | Dec 
2018: Jan | Feb | Mar | Apr | May | Jun | Jul | Aug | Sep | Oct | Nov | Dec 
2017: Jan | Feb | Mar | Apr | May | Jun | Jul | Aug | Sep | Oct | Nov | Dec 
2016: Jan | Feb | Mar | Apr | May | Jun | Jul | Aug | Sep | Oct | Nov | Dec 
2015: Jan | Feb | Mar | Apr | May | Jun | Jul | Aug | Sep | Oct | Nov | Dec 
2014: Jan | Feb | Mar | Apr | May | Jun | Jul | Aug | Sep | Oct | Nov | Dec 
2013: Jan | Feb | Mar | Apr | May | Jun | Jul | Aug | Sep | Oct | Nov | Dec 
2012: Jan | Feb | Mar | Apr | May | Jun | Jul | Aug | Sep | Oct | Nov | Dec 
2011: Jan | Feb | Mar | Apr | May | Jun | Jul | Aug | Sep | Oct | Nov | Dec 
2010: Jan | Feb | Mar | Apr | May | Jun | Jul | Aug | Sep | Oct | Nov | Dec 
2009: Jan | Feb | Mar | Apr | May | Jun | Jul | Aug | Sep | Oct | Nov | Dec 
2008: Jan | Feb | Mar | Apr | May | Jun | Jul | Aug | Sep | Oct | Nov | Dec 
2007: Jan | Feb | Mar | Apr | May | Jun | Jul | Aug | Sep | Oct | Nov | Dec 

Report for 2009 12
MONTHLY CLIMATOLOGICAL SUMMARY for December 2009 CITY: Blahová ELEV: 117 m LAT: 48° 5' 7" North LONG: 17° 32' 48" East TEMPERATURE (°C), BAROMETER (hPa), RAIN (mm), WIND SPEED (m/s) MEAN TEMPERATURE WIND DOM trans Ground DAY TEMP HIGH TIME LOW TIME HUM Baro Rain SPEED HIGH TIME DIR pirat min.temp time ------------------------------------------------------------------------------------------------------------------------------ 1 7.0 9.9 00:20 4.3 23:56 87 999.3 11.0 2.1 7.9 15:40 E 0.262 -- - - 2 2.4 8.5 13:01 -1.6 23:40 83 1010.2 2.0 0.4 5.0 00:51 W 0.616 -- - - 3 0.4 1.5 12:47 -2.0 04:26 90 1007.3 0.0 0.4 2.8 14:39 N-NE 0.149 -- - - 4 4.0 5.0 13:32 0.7 00:01 91 1004.9 2.0 1.1 6.7 23:32 E-NE 0.159 -- - - 5 2.7 5.8 13:57 -1.2 23:57 84 1011.2 0.0 1.2 7.2 00:41 W-NW 0.370 -- - - 6 1.0 1.7 14:34 -2.0 01:38 90 1012.1 0.0 1.3 3.3 08:49 E 0.139 -- - - 7 4.0 5.2 13:25 0.4 01:40 91 1011.6 1.0 1.1 4.3 23:16 E-NE 0.160 -- - - 8 4.3 4.5 14:16 3.8 02:23 91 1007.3 12.0 1.7 8.2 08:09 E-SE 0.153 -- - - 9 5.9 6.7 11:36 4.5 00:02 86 1016.3 12.0 3.4 9.2 11:39 W-NW 0.294 -- - - 10 4.4 8.9 12:43 1.3 07:57 81 1015.8 2.0 1.0 7.7 01:19 N-NW 0.638 -- - - 11 3.7 5.0 01:49 3.1 23:51 90 1011.5 2.0 1.2 4.4 23:37 E-NE 0.166 -- - - 12 1.4 3.1 00:00 0.5 23:33 80 1013.8 2.0 2.4 6.7 15:17 N-NW 0.340 -- - - 13 -1.0 0.5 00:03 -2.0 23:37 80 1015.2 1.0 1.0 5.0 00:38 N 0.225 -- - - 14 -2.9 -1.4 14:17 -4.6 23:51 77 1015.1 0.0 1.2 4.1 02:48 N 0.301 -- - - 15 -2.6 1.7 12:39 -5.9 07:46 74 1008.8 0.0 1.7 5.3 19:48 N-NW 0.413 -- - - 16 -4.0 -1.0 12:32 -5.5 23:16 77 1002.3 0.5 1.4 5.1 16:48 N-NW 0.288 -- - - 17 -5.1 -2.4 11:24 -6.5 23:51 73 1001.7 0.0 2.5 6.8 13:32 W-NW 0.332 -- - - 18 -6.2 -3.7 14:10 -10.1 08:02 76 1000.8 0.0 0.6 5.8 03:18 E 0.280 -- - - 19 -6.8 -6.3 00:00 -10.0 04:08 84 997.8 3.0 2.7 7.6 23:57 E-NE 0.135 -- - - 20 -13.0 -6.9 00:00 -17.4 21:54 73 1003.9 2.0 2.5 10.6 07:29 W-NW 0.250 -- - - 21 -8.2 -5.3 12:19 -16.0 00:00 77 1006.3 0.0 3.8 9.3 23:07 E-NE 0.221 -- - - 22 1.2 5.4 12:56 -6.3 00:15 83 996.6 0.0 3.7 9.0 23:25 E 0.426 -- - - 23 2.9 6.2 14:58 1.3 21:46 88 995.4 0.0 1.6 12.0 04:57 E-SE 0.179 -- - - 24 6.0 8.8 14:56 1.3 00:00 88 994.7 1.0 1.8 7.1 10:55 E 0.296 -- - - 25 8.5 12.5 14:08 5.0 23:51 83 992.8 17.0 2.6 10.0 15:37 E-SE 0.405 -- - - 26 2.1 8.1 13:03 -1.3 19:58 76 1006.5 0.0 1.5 7.9 12:49 W 0.839 -- - - 27 0.6 2.9 12:13 -1.3 00:58 83 1001.8 0.0 1.1 3.3 23:08 N-NW 0.279 -- - - 28 2.3 8.0 13:01 -1.2 23:38 74 1001.2 0.0 2.0 9.4 12:28 W 0.744 -- - - 29 0.4 5.3 12:35 -3.6 07:52 80 1003.5 0.0 2.1 5.9 20:54 E 0.441 -- - - 30 1.6 3.1 13:01 0.2 00:00 90 993.5 5.0 2.2 6.0 02:12 E-NE 0.165 -- - - 31 1.5 2.9 14:42 0.8 19:54 91 990.6 0.0 1.1 4.4 06:19 N-NE 0.135 -- - - ------------------------------------------------------------------------------------------------------------------------------ Avg: 0.6 12.5 25 -17.4 20 83 1004.8 75.4 1.8 12.0 23 E 9.799 Wind Run 5937.4 km Calm Values 3599 Calm in % 8.2 % Sun 0 min. Distribution WD Values 40250 Distribution WD N-NO 6.5 % Distribution WD NO 2.9 % Distribution WD NO-O 10.5 % Distribution WD O 13.7 % Distribution WD O-SO 8.1 % Distribution WD SO 3.3 % Distribution WD SO-S 0.8 % Distribution WD S 1.6 % Distribution WD S-SW 2.2 % Distribution WD SW 2.0 % Distribution WD SW-W 3.5 % Distribution WD W 8.1 % Distribution WD W-NW 11.4 % Distribution WD NW 4.2 % Distribution WD NW-N 12.9 % Distribution WD N 8.1 % Rain days >0.0 mm Month 16 Rain days >2.0 mm Month 6 Rain days >20.0 mm Month 0 Ice days max < 0°C 7 Cold days min < 0°C 18 Cool days max < 10°C 30 Summer days max >=25°C 0 Hot days max >=30°C 0 Last year same Month: Ice days max < 0°C - - Last year same Month: Cold days min < 0°C - - Last year same Month: Cool days max < 10°C - - Last year same Month: Summer days max >=25°C - - Last year same Month: Hot days max >=30°C - - © 1999-2011 Werner Krenn / Mischa Thurnherr - Weatherstation Operating- and Data Acquisition Software - V2.96.7


  ©UMa Astronomy

Creative Commons License
Meteo by UMa Astronomy is licensed under a Creative Commons Attribution-NonCommercial-NoDerivs 3.0 Unported License.