Blahová 11/12/2019
 Last update: 16:23
Updated every 10 minutes
 Cold 
 Akt.temp: 8.9°C
 Max.temp: 10.1°C
 Min.temp: 6.1°C
 Devpoint: 5.3 °C
 Wind speed: 0.5m/s
 Wind direction: SW
 Max wind gust: 6.7m/s
 Precipitation: 7.1mm
 Pressure: 1005.8 hPa
 P.tendency: -1.8 hPa/3h
 Humidity: 78%
 Abs.humidity: 6.83 g/m3
Ground temperature
Min.temp 6.1°C /06:05
Akt.temp
9.5°C

2019: Jan | Feb | Mar | Apr | May | Jun | Jul | Aug | Sep | Oct | Nov | Dec 
2018: Jan | Feb | Mar | Apr | May | Jun | Jul | Aug | Sep | Oct | Nov | Dec 
2017: Jan | Feb | Mar | Apr | May | Jun | Jul | Aug | Sep | Oct | Nov | Dec 
2016: Jan | Feb | Mar | Apr | May | Jun | Jul | Aug | Sep | Oct | Nov | Dec 
2015: Jan | Feb | Mar | Apr | May | Jun | Jul | Aug | Sep | Oct | Nov | Dec 
2014: Jan | Feb | Mar | Apr | May | Jun | Jul | Aug | Sep | Oct | Nov | Dec 
2013: Jan | Feb | Mar | Apr | May | Jun | Jul | Aug | Sep | Oct | Nov | Dec 
2012: Jan | Feb | Mar | Apr | May | Jun | Jul | Aug | Sep | Oct | Nov | Dec 
2011: Jan | Feb | Mar | Apr | May | Jun | Jul | Aug | Sep | Oct | Nov | Dec 
2010: Jan | Feb | Mar | Apr | May | Jun | Jul | Aug | Sep | Oct | Nov | Dec 
2009: Jan | Feb | Mar | Apr | May | Jun | Jul | Aug | Sep | Oct | Nov | Dec 
2008: Jan | Feb | Mar | Apr | May | Jun | Jul | Aug | Sep | Oct | Nov | Dec 
2007: Jan | Feb | Mar | Apr | May | Jun | Jul | Aug | Sep | Oct | Nov | Dec 

Report for 2010 01
MONTHLY CLIMATOLOGICAL SUMMARY for January 2010 CITY: Blahová ELEV: 117 m LAT: 48° 5' 7" North LONG: 17° 32' 48" East TEMPERATURE (°C), BAROMETER (hPa), RAIN (mm), WIND SPEED (m/s) MEAN TEMPERATURE WIND DOM trans Ground DAY TEMP HIGH TIME LOW TIME HUM Baro Rain SPEED HIGH TIME DIR pirat min.temp time ------------------------------------------------------------------------------------------------------------------------------ 1 3.0 9.2 13:15 -0.2 23:22 88 987.5 0.0 1.0 3.7 15:51 W-NW 0.407 -- - - 2 1.0 3.1 13:10 -1.0 23:43 74 1002.9 0.0 5.4 12.6 21:12 W-NW 0.455 -- - - 3 -3.3 0.8 13:20 -6.3 23:14 74 1012.6 0.0 2.7 11.9 06:15 W-NW 0.402 -- - - 4 -2.7 0.9 12:50 -6.3 00:02 76 1011.6 0.0 2.4 8.6 18:53 E 0.390 -- - - 5 -3.2 -2.5 14:36 -4.0 03:33 82 1004.0 0.1 3.6 6.7 07:23 E 0.235 -- - - 6 -0.8 3.0 12:11 -2.7 00:01 85 996.8 9.0 1.3 5.6 00:15 E-NE 0.243 -- - - 7 -4.8 2.4 12:53 -9.4 20:10 82 1007.7 0.0 0.4 3.1 08:35 W 0.355 -- - - 8 0.3 1.7 23:43 -7.3 00:00 89 1004.0 16.0 1.4 6.1 11:20 E-NE 0.159 -- - - 9 1.4 2.6 02:26 1.2 20:39 92 997.3 12.0 0.9 5.7 01:05 E 0.122 -- - - 10 0.4 1.5 11:13 -0.1 23:46 87 1003.2 7.0 1.8 7.2 10:55 W 0.185 -- - - 11 -0.8 1.4 13:40 -2.0 07:39 81 1010.3 0.0 0.6 4.8 04:44 W 0.364 -- - - 12 -3.5 1.7 13:56 -5.1 07:44 83 1010.8 0.0 0.9 4.4 11:32 N-NW 0.331 -- - - 13 -1.8 -0.8 13:07 -3.1 03:51 84 1009.6 0.0 1.1 5.1 22:22 SE 0.205 -- - - 14 -0.5 0.6 14:15 -1.3 00:03 84 1011.2 0.0 1.4 5.1 13:12 E 0.243 -- - - 15 -0.0 1.0 12:56 -0.7 06:04 83 1021.2 0.0 0.6 2.6 00:26 E 0.224 -- - - 16 -0.7 3.6 13:04 -2.4 23:24 83 1023.3 0.0 3.0 9.5 23:30 E-SE 0.426 -- - - 17 -1.0 -0.2 14:14 -2.6 02:06 87 1017.6 0.1 3.2 10.4 04:05 E-SE 0.195 -- - - 18 -0.8 2.2 13:18 -2.0 23:54 88 1019.5 8.0 0.3 3.8 00:39 E 0.217 -- - - 19 -0.3 5.0 13:28 -3.0 03:26 86 1016.4 0.0 0.3 2.3 13:31 W-NW 0.304 -- - - 20 -5.1 3.3 12:30 -10.0 23:56 79 1012.9 0.0 1.5 5.8 13:42 W-NW 0.468 -- - - 21 -5.7 -2.3 12:57 -10.2 17:33 81 1016.6 4.0 1.4 5.1 04:54 N-NW 0.271 -- - - 22 -6.8 -2.0 12:02 -11.0 19:32 77 1022.3 0.0 1.1 4.8 10:47 W-NW 0.320 -- - - 23 -10.1 -1.5 13:25 -16.2 22:38 76 1024.4 0.0 0.5 2.9 05:00 N-NW 0.342 -- - - 24 -10.3 -1.4 12:43 -15.5 03:41 79 1026.9 0.0 0.9 4.5 12:59 E-NE 0.316 -- - - 25 -6.4 -2.3 14:42 -11.5 04:46 78 1029.7 0.0 2.0 5.8 12:35 E 0.288 -- - - 26 -8.1 -0.4 12:58 -14.4 23:41 73 1029.5 0.0 0.6 4.5 00:12 E-NE 0.444 -- - - 27 -12.0 -3.9 13:41 -17.2 06:03 69 1019.3 0.0 0.7 3.9 18:05 S-SW 0.407 -- - - 28 -5.0 -1.9 14:11 -15.1 00:00 79 997.1 8.0 1.5 7.2 06:35 S-SW 0.305 -- - - 29 -3.4 2.4 12:15 -5.6 21:06 76 989.7 1.0 2.3 7.1 03:20 S-SW 0.448 -- - - 30 -1.8 3.8 12:07 -4.4 22:14 83 988.9 1.0 0.7 7.3 03:20 NW 0.326 -- - - 31 -3.8 0.0 11:50 -8.2 22:58 75 998.6 0.1 2.8 9.8 12:55 NW 0.347 -- - - ------------------------------------------------------------------------------------------------------------------------------ Avg: -3.1 9.2 1 -17.2 27 81 1010.4 66.3 1.5 12.6 2 E 9.743 Wind Run 5431.2 km Calm Values 5335 Calm in % 12.1 % Sun 0 min. Distribution WD Values 38644 Distribution WD N-NO 3.8 % Distribution WD NO 2.6 % Distribution WD NO-O 11.6 % Distribution WD O 13.9 % Distribution WD O-SO 9.2 % Distribution WD SO 5.5 % Distribution WD SO-S 2.5 % Distribution WD S 2.9 % Distribution WD S-SW 3.9 % Distribution WD SW 2.2 % Distribution WD SW-W 3.5 % Distribution WD W 8.9 % Distribution WD W-NW 10.7 % Distribution WD NW 6.4 % Distribution WD NW-N 9.5 % Distribution WD N 2.8 % Rain days >0.0 mm Month 12 Rain days >2.0 mm Month 7 Rain days >20.0 mm Month 0 Ice days max < 0°C 11 Cold days min < 0°C 30 Cool days max < 10°C 31 Summer days max >=25°C 0 Hot days max >=30°C 0 Last year same Month: Ice days max < 0°C - - Last year same Month: Cold days min < 0°C - - Last year same Month: Cool days max < 10°C - - Last year same Month: Summer days max >=25°C - - Last year same Month: Hot days max >=30°C - - © 1999-2011 Werner Krenn / Mischa Thurnherr - Weatherstation Operating- and Data Acquisition Software - V2.96.7


  ©UMa Astronomy

Creative Commons License
Meteo by UMa Astronomy is licensed under a Creative Commons Attribution-NonCommercial-NoDerivs 3.0 Unported License.