Blahová 11/13/2019
 Last update: 20:48
Updated every 10 minutes
 Cold 
 Akt.temp: 5.3°C
 Max.temp: 9.9°C
 Min.temp: 4.8°C
 Devpoint: 2 °C
 Wind speed: 1.8m/s
 Wind direction: W
 Max wind gust: 7.7m/s
 Precipitation: 11.8mm
 Pressure: 1005.9 hPa
 P.tendency: +3.4 hPa/3h
 Humidity: 79%
 Abs.humidity: 5.48 g/m3
Ground temperature
Min.temp 5.8°C /18:24
Akt.temp
6.6°C

2019: Jan | Feb | Mar | Apr | May | Jun | Jul | Aug | Sep | Oct | Nov | Dec 
2018: Jan | Feb | Mar | Apr | May | Jun | Jul | Aug | Sep | Oct | Nov | Dec 
2017: Jan | Feb | Mar | Apr | May | Jun | Jul | Aug | Sep | Oct | Nov | Dec 
2016: Jan | Feb | Mar | Apr | May | Jun | Jul | Aug | Sep | Oct | Nov | Dec 
2015: Jan | Feb | Mar | Apr | May | Jun | Jul | Aug | Sep | Oct | Nov | Dec 
2014: Jan | Feb | Mar | Apr | May | Jun | Jul | Aug | Sep | Oct | Nov | Dec 
2013: Jan | Feb | Mar | Apr | May | Jun | Jul | Aug | Sep | Oct | Nov | Dec 
2012: Jan | Feb | Mar | Apr | May | Jun | Jul | Aug | Sep | Oct | Nov | Dec 
2011: Jan | Feb | Mar | Apr | May | Jun | Jul | Aug | Sep | Oct | Nov | Dec 
2010: Jan | Feb | Mar | Apr | May | Jun | Jul | Aug | Sep | Oct | Nov | Dec 
2009: Jan | Feb | Mar | Apr | May | Jun | Jul | Aug | Sep | Oct | Nov | Dec 
2008: Jan | Feb | Mar | Apr | May | Jun | Jul | Aug | Sep | Oct | Nov | Dec 
2007: Jan | Feb | Mar | Apr | May | Jun | Jul | Aug | Sep | Oct | Nov | Dec 

Report for 2010 02
MONTHLY CLIMATOLOGICAL SUMMARY for February 2010 CITY: Blahová ELEV: 117 m LAT: 48° 5' 7" North LONG: 17° 32' 48" East TEMPERATURE (°C), BAROMETER (hPa), RAIN (mm), WIND SPEED (m/s) MEAN TEMPERATURE WIND DOM trans Ground DAY TEMP HIGH TIME LOW TIME HUM Baro Rain SPEED HIGH TIME DIR pirat min.temp time ------------------------------------------------------------------------------------------------------------------------------ 1 -4.8 2.6 11:50 -9.5 04:41 74 1006.7 0.1 0.6 4.9 09:29 N-NW 0.567 -- - - 2 -4.8 4.3 13:54 -10.6 01:56 76 1011.5 0.1 1.7 5.6 22:21 S-SW 0.528 -- - - 3 -2.6 2.5 13:18 -7.4 01:33 81 1008.8 3.0 1.3 7.1 07:29 E-NE 0.321 -- - - 4 -2.1 -0.5 14:16 -5.2 07:33 80 1017.4 0.0 2.4 7.1 21:48 E-NE 0.293 -- - - 5 -0.3 1.7 11:37 -1.8 03:44 79 1011.8 1.0 3.7 11.5 15:45 E 0.353 -- - - 6 -0.4 3.9 11:40 -2.7 23:51 73 1006.8 0.0 1.2 8.5 03:19 E-NE 0.566 -- - - 7 -4.2 -0.1 12:50 -7.4 05:52 71 1011.1 0.0 3.0 8.4 02:49 N-NW 0.466 -- - - 8 -5.4 0.5 13:17 -9.5 04:53 71 1006.0 0.0 1.0 6.1 00:49 W-NW 0.497 -- - - 9 -3.5 -0.6 13:04 -5.6 05:31 76 1003.1 0.0 2.1 6.3 14:18 E 0.356 -- - - 10 0.0 3.0 11:44 -3.2 00:00 77 998.7 0.0 1.7 7.1 01:15 E-NE 0.452 -- - - 11 -1.1 1.2 12:24 -2.4 23:07 86 996.5 6.0 1.8 5.5 16:28 N-NW 0.243 -- - - 12 -1.7 0.4 12:26 -3.2 07:07 83 1003.7 6.0 2.9 7.6 22:48 W-NW 0.262 -- - - 13 -0.8 1.6 12:49 -3.2 07:40 76 1004.6 0.0 4.6 13.0 15:38 W-NW 0.380 -- - - 14 -0.3 4.0 13:37 -3.5 04:16 74 1005.8 0.0 2.5 6.6 01:36 W-NW 0.658 -- - - 15 -1.2 4.9 12:59 -6.9 23:36 76 1004.1 0.0 1.3 5.6 03:37 W-NW 0.612 -- - - 16 -1.5 2.5 11:42 -6.9 00:00 80 1003.9 0.0 2.2 5.8 22:13 E 0.425 -- - - 17 2.0 5.2 14:24 -1.1 00:00 80 997.8 0.0 2.8 6.9 21:01 E 0.572 -- - - 18 2.0 4.4 13:10 0.8 23:55 86 997.9 0.0 0.9 6.1 04:47 E 0.312 -- - - 19 3.2 6.2 12:22 0.0 05:18 88 990.9 5.0 2.0 9.5 12:27 E 0.306 -- - - 20 2.1 3.7 00:03 1.3 22:39 82 992.7 10.0 4.0 11.0 13:37 W-NW 0.304 -- - - 21 1.5 8.1 14:35 -1.8 23:55 75 1001.3 0.0 1.5 6.3 11:39 W-NW 0.933 -- - - 22 3.8 10.6 15:04 -2.4 02:43 79 998.0 0.0 2.9 8.4 14:51 E 0.867 -- - - 23 4.6 12.9 12:42 0.2 03:21 81 995.9 0.0 2.2 5.8 11:07 E-NE 0.911 -- - - 24 5.6 13.3 14:16 0.8 06:50 81 998.7 0.0 0.5 2.5 00:45 N-NW 0.993 -- - - 25 6.1 14.1 14:35 1.0 01:13 83 1000.8 0.0 1.2 4.3 23:57 E 1.034 -- - - 26 6.1 9.1 13:02 2.5 01:02 88 994.8 2.0 2.2 12.3 23:44 E-SE 0.387 -- - - 27 4.9 12.3 14:04 0.6 22:01 65 1003.7 0.0 3.5 14.8 04:26 W-NW 1.523 -- - - 28 7.4 14.2 15:03 1.3 00:00 65 994.9 0.0 3.8 11.1 10:26 E-SE 1.463 -- - - ------------------------------------------------------------------------------------------------------------------------------ Avg: 0.5 14.2 28 -10.6 2 78 1002.4 33.2 2.2 14.8 27 E 16.585 Wind Run 6945.5 km Calm Values 1465 Calm in % 3.7 % Sun 0 min. Distribution WD Values 38491 Distribution WD N-NO 2.9 % Distribution WD NO 2.4 % Distribution WD NO-O 9.4 % Distribution WD O 16.2 % Distribution WD O-SO 11.4 % Distribution WD SO 6.0 % Distribution WD SO-S 2.2 % Distribution WD S 2.2 % Distribution WD S-SW 3.0 % Distribution WD SW 1.9 % Distribution WD SW-W 2.8 % Distribution WD W 8.0 % Distribution WD W-NW 14.6 % Distribution WD NW 4.6 % Distribution WD NW-N 9.6 % Distribution WD N 2.9 % Rain days >0.0 mm Month 9 Rain days >2.0 mm Month 5 Rain days >20.0 mm Month 0 Ice days max < 0°C 3 Cold days min < 0°C 19 Cool days max < 10°C 22 Summer days max >=25°C 0 Hot days max >=30°C 0 Last year same Month: Ice days max < 0°C - - Last year same Month: Cold days min < 0°C - - Last year same Month: Cool days max < 10°C - - Last year same Month: Summer days max >=25°C - - Last year same Month: Hot days max >=30°C - - © 1999-2011 Werner Krenn / Mischa Thurnherr - Weatherstation Operating- and Data Acquisition Software - V2.96.7


  ©UMa Astronomy

Creative Commons License
Meteo by UMa Astronomy is licensed under a Creative Commons Attribution-NonCommercial-NoDerivs 3.0 Unported License.