Blahová 10/18/2019
 Last update: 00:18
Updated every 10 minutes
 Cold 
 Akt.temp: 10.2°C
 Max.temp: 10.2°C
 Min.temp: 10.0°C
 Devpoint: 6.4 °C
 Wind speed: 0.0m/s
 Wind direction: 000
 Max wind gust: 0.0m/s
 Precipitation: 0.0mm
 Pressure: 1016.2 hPa
 P.tendency: -- hPa/3h
 Humidity: 77%
 Abs.humidity: 7.33 g/m3
Ground temperature
Min.temp 7.2°C /00:18
Akt.temp
7.2°C

2019: Jan | Feb | Mar | Apr | May | Jun | Jul | Aug | Sep | Oct | Nov | Dec 
2018: Jan | Feb | Mar | Apr | May | Jun | Jul | Aug | Sep | Oct | Nov | Dec 
2017: Jan | Feb | Mar | Apr | May | Jun | Jul | Aug | Sep | Oct | Nov | Dec 
2016: Jan | Feb | Mar | Apr | May | Jun | Jul | Aug | Sep | Oct | Nov | Dec 
2015: Jan | Feb | Mar | Apr | May | Jun | Jul | Aug | Sep | Oct | Nov | Dec 
2014: Jan | Feb | Mar | Apr | May | Jun | Jul | Aug | Sep | Oct | Nov | Dec 
2013: Jan | Feb | Mar | Apr | May | Jun | Jul | Aug | Sep | Oct | Nov | Dec 
2012: Jan | Feb | Mar | Apr | May | Jun | Jul | Aug | Sep | Oct | Nov | Dec 
2011: Jan | Feb | Mar | Apr | May | Jun | Jul | Aug | Sep | Oct | Nov | Dec 
2010: Jan | Feb | Mar | Apr | May | Jun | Jul | Aug | Sep | Oct | Nov | Dec 
2009: Jan | Feb | Mar | Apr | May | Jun | Jul | Aug | Sep | Oct | Nov | Dec 
2008: Jan | Feb | Mar | Apr | May | Jun | Jul | Aug | Sep | Oct | Nov | Dec 
2007: Jan | Feb | Mar | Apr | May | Jun | Jul | Aug | Sep | Oct | Nov | Dec 

Report for 2010 03
MONTHLY CLIMATOLOGICAL SUMMARY for March 2010 CITY: Blahová ELEV: 117 m LAT: 48° 5' 7" North LONG: 17° 32' 48" East TEMPERATURE (°C), BAROMETER (hPa), RAIN (mm), WIND SPEED (m/s) MEAN TEMPERATURE WIND DOM trans Ground DAY TEMP HIGH TIME LOW TIME HUM Baro Rain SPEED HIGH TIME DIR pirat min.temp time ------------------------------------------------------------------------------------------------------------------------------ 1 6.9 15.0 13:00 1.3 23:45 55 1005.4 0.0 2.2 14.6 10:24 W 2.238 -- - - 2 5.3 11.6 12:13 -2.2 06:45 69 1014.2 1.0 2.1 6.0 14:16 W-NW 1.484 -- - - 3 2.0 10.7 12:50 -1.6 06:05 68 1018.4 0.0 1.2 7.8 12:20 W 1.333 -- - - 4 2.3 6.1 13:44 -0.2 05:04 65 1018.4 0.0 2.2 8.6 20:47 N-NE 0.829 -- - - 5 -1.0 3.7 11:37 -4.3 23:50 62 1014.6 0.0 3.9 12.3 10:27 W-NW 0.912 -- - - 6 -1.3 4.7 12:10 -7.9 06:44 56 1013.2 0.0 1.9 6.9 02:05 N-NW 0.944 -- - - 7 -2.6 4.7 13:18 -6.6 23:54 62 1022.2 0.0 2.3 7.7 13:25 N-NW 0.834 -- - - 8 -2.7 3.8 13:46 -8.1 06:16 62 1017.7 0.0 1.9 5.5 11:49 N-NW 0.798 -- - - 9 -0.9 6.5 13:29 -6.3 05:39 50 1018.5 0.0 2.5 5.4 08:35 N 1.422 -- - - 10 1.0 7.4 14:06 -6.8 05:35 50 1016.3 0.0 1.5 8.9 11:55 E-NE 1.270 -- - - 11 0.4 1.7 10:06 -0.8 06:27 84 1007.0 3.0 1.4 6.5 01:59 E-NE 0.255 -- - - 12 2.0 5.8 14:08 -1.1 04:29 72 1008.7 0.0 3.2 10.5 12:48 W 0.796 -- - - 13 3.5 7.0 12:39 0.8 05:15 73 1011.7 0.1 4.4 13.5 12:35 W 0.750 -- - - 14 5.2 8.9 13:47 3.0 00:00 66 1009.8 0.1 5.1 14.0 11:34 W 0.997 -- - - 15 3.4 7.6 14:31 0.8 05:37 61 1013.0 0.1 4.2 14.1 03:07 W-NW 1.348 -- - - 16 3.5 8.7 13:01 0.5 00:30 68 1016.2 3.0 2.8 10.0 09:23 W-NW 0.937 -- - - 17 5.1 10.1 13:55 -1.2 03:47 70 1022.3 0.0 1.4 7.8 10:34 S-SW 1.095 -- - - 18 6.7 16.7 13:36 0.1 05:06 64 1021.3 0.0 1.6 7.0 12:31 S-SW 2.310 -- - - 19 9.1 18.3 12:28 0.5 04:47 64 1017.4 0.0 1.5 5.4 10:17 E 2.525 -- - - 20 11.1 19.3 13:41 2.2 02:32 62 1011.7 0.0 1.6 6.8 12:25 E 2.654 -- - - 21 13.0 18.1 11:10 5.3 00:27 68 1011.6 0.0 1.3 6.0 22:14 E 1.821 -- - - 22 10.2 18.9 13:54 3.5 23:54 68 1016.2 0.0 1.3 7.3 09:08 W-NW 1.839 -- - - 23 8.6 18.5 14:42 1.4 05:27 72 1014.4 0.0 0.5 3.8 13:51 N 1.984 -- - - 24 11.1 21.5 14:08 1.7 05:05 68 1013.6 0.0 1.0 5.6 12:44 E 3.171 -- - - 25 14.5 21.3 12:30 6.6 00:00 65 1010.7 0.0 3.5 10.1 12:03 SE 2.562 -- - - 26 15.9 22.6 14:05 6.7 05:52 59 1004.5 0.0 4.7 13.9 15:13 SE 3.120 -- - - 27 9.9 17.3 11:58 3.8 23:48 65 1003.4 4.0 0.7 8.9 02:43 W 2.007 -- - - 28 9.7 17.6 13:45 2.9 03:22 64 1006.4 0.0 2.7 10.3 10:31 W 2.006 -- - - 29 12.4 20.9 14:46 4.7 02:57 58 1005.0 0.0 1.8 8.2 12:23 SE 3.032 -- - - 30 14.1 21.3 14:15 6.0 05:59 54 996.7 0.0 5.1 17.5 15:15 SE 3.160 -- - - 31 7.1 13.0 00:21 3.4 23:59 79 999.6 5.0 2.0 10.7 12:16 S 0.521 -- - - ------------------------------------------------------------------------------------------------------------------------------ Avg: 6.0 22.6 26 -8.1 8 64 1012.3 16.3 2.4 17.5 30 W-NW 50.955 Wind Run 8186.7 km Calm Values 1639 Calm in % 3.8 % Sun 0 min. Distribution WD Values 41961 Distribution WD N-NO 5.6 % Distribution WD NO 1.8 % Distribution WD NO-O 5.1 % Distribution WD O 6.3 % Distribution WD O-SO 4.9 % Distribution WD SO 6.5 % Distribution WD SO-S 3.7 % Distribution WD S 5.0 % Distribution WD S-SW 4.7 % Distribution WD SW 3.6 % Distribution WD SW-W 5.9 % Distribution WD W 13.0 % Distribution WD W-NW 13.1 % Distribution WD NW 4.5 % Distribution WD NW-N 10.2 % Distribution WD N 6.1 % Rain days >0.0 mm Month 8 Rain days >2.0 mm Month 4 Rain days >20.0 mm Month 0 Ice days max < 0°C 0 Cold days min < 0°C 12 Cool days max < 10°C 13 Summer days max >=25°C 0 Hot days max >=30°C 0 Last year same Month: Ice days max < 0°C - - Last year same Month: Cold days min < 0°C - - Last year same Month: Cool days max < 10°C - - Last year same Month: Summer days max >=25°C - - Last year same Month: Hot days max >=30°C - - © 1999-2011 Werner Krenn / Mischa Thurnherr - Weatherstation Operating- and Data Acquisition Software - V2.96.7


  ©UMa Astronomy

Creative Commons License
Meteo by UMa Astronomy is licensed under a Creative Commons Attribution-NonCommercial-NoDerivs 3.0 Unported License.