Blahová 11/13/2019
 Last update: 21:45
Updated every 10 minutes
 Cold 
 Akt.temp: 5.1°C
 Max.temp: 9.9°C
 Min.temp: 4.8°C
 Devpoint: 1.6 °C
 Wind speed:  1.7m/s
 Wind direction:  W-NW
 Max wind gust:  7.7m/s
 Precipitation:  11.9mm
 Pressure:  1006.7 hPa
 P.tendency: +3.1 hPa/3h
 Humidity: 78%
 Abs.humidity: 5.34 g/m3
Ground temperature
Min.temp 5.8°C /18:24
Akt.temp
6.4°C

2019: Jan | Feb | Mar | Apr | May | Jun | Jul | Aug | Sep | Oct | Nov | Dec 
2018: Jan | Feb | Mar | Apr | May | Jun | Jul | Aug | Sep | Oct | Nov | Dec 
2017: Jan | Feb | Mar | Apr | May | Jun | Jul | Aug | Sep | Oct | Nov | Dec 
2016: Jan | Feb | Mar | Apr | May | Jun | Jul | Aug | Sep | Oct | Nov | Dec 
2015: Jan | Feb | Mar | Apr | May | Jun | Jul | Aug | Sep | Oct | Nov | Dec 
2014: Jan | Feb | Mar | Apr | May | Jun | Jul | Aug | Sep | Oct | Nov | Dec 
2013: Jan | Feb | Mar | Apr | May | Jun | Jul | Aug | Sep | Oct | Nov | Dec 
2012: Jan | Feb | Mar | Apr | May | Jun | Jul | Aug | Sep | Oct | Nov | Dec 
2011: Jan | Feb | Mar | Apr | May | Jun | Jul | Aug | Sep | Oct | Nov | Dec 
2010: Jan | Feb | Mar | Apr | May | Jun | Jul | Aug | Sep | Oct | Nov | Dec 
2009: Jan | Feb | Mar | Apr | May | Jun | Jul | Aug | Sep | Oct | Nov | Dec 
2008: Jan | Feb | Mar | Apr | May | Jun | Jul | Aug | Sep | Oct | Nov | Dec 
2007: Jan | Feb | Mar | Apr | May | Jun | Jul | Aug | Sep | Oct | Nov | Dec 

Report for 2010 04
MONTHLY CLIMATOLOGICAL SUMMARY for April 2010 CITY: Blahová ELEV: 117 m LAT: 48° 5' 7" North LONG: 17° 32' 48" East TEMPERATURE (°C), BAROMETER (hPa), RAIN (mm), WIND SPEED (m/s) MEAN TEMPERATURE WIND DOM trans Ground DAY TEMP HIGH TIME LOW TIME HUM Baro Rain SPEED HIGH TIME DIR pirat min.temp time ------------------------------------------------------------------------------------------------------------------------------ 1 8.3 18.5 14:00 -0.6 21:55 68 1011.8 0.0 1.3 10.6 13:15 N-NW 2.045 -- - - 2 7.6 13.4 15:00 1.9 23:55 64 1011.8 0.0 2.4 8.6 13:15 N-NW 2.045 -- - - 3 8.4 18.1 14:45 -1.4 04:30 60 1011.8 0.0 1.4 7.2 14:15 SE 3.503 -- - - 4 11.5 18.3 13:05 5.9 06:20 58 1009.3 0.0 3.6 10.9 14:15 SE 3.153 -- - - 5 7.4 12.1 00:00 6.6 07:05 84 1014.3 20.0 4.2 10.9 11:05 W-NW 0.498 -- - - 6 7.4 13.2 15:35 4.4 23:44 67 1018.8 2.0 3.9 11.6 10:15 N-NW 2.029 -- - - 7 9.2 18.9 13:26 0.7 06:27 65 1017.7 0.0 0.4 4.4 00:14 N-NW 3.504 -- - - 8 10.8 20.8 13:52 1.7 06:36 67 1017.7 0.0 0.8 5.7 12:31 N-NE 3.824 -- - - 9 12.9 22.0 14:34 3.0 06:30 63 1018.6 0.0 1.9 7.9 18:20 N-NW 4.650 -- - - 10 7.4 16.1 13:12 5.1 23:52 68 1015.6 0.0 3.0 16.5 13:23 N-NW 1.682 -- - - 11 7.8 14.3 15:06 2.0 05:06 66 1010.9 0.0 3.0 6.8 10:06 N-NW 2.102 -- - - 12 7.1 8.9 15:04 2.7 06:27 86 1009.3 11.0 1.7 5.9 10:49 N 0.419 -- - - 13 8.9 11.2 12:34 7.9 05:23 89 1007.1 16.0 2.0 5.0 01:34 E-NE 0.479 -- - - 14 9.6 15.4 14:37 6.1 23:49 84 1003.4 13.0 1.4 5.7 18:51 N-NE 0.958 -- - - 15 8.3 9.2 12:59 5.9 00:24 89 1005.3 21.0 2.0 7.0 19:10 W 0.430 -- - - 16 10.3 17.3 14:25 4.4 04:13 79 1009.9 2.0 1.4 9.7 17:50 W-NW 2.249 -- - - 17 9.3 16.7 14:53 4.1 06:08 65 1014.5 0.0 1.8 8.4 11:07 N-NW 2.995 -- - - 18 12.0 19.0 14:43 0.4 05:47 69 1011.1 0.0 2.2 8.9 14:40 E-SE 3.171 -- - - 19 12.3 20.8 15:08 5.8 06:54 69 1007.2 1.0 1.5 5.9 16:53 N-NW 3.345 -- - - 20 13.9 23.8 13:25 4.4 05:54 63 1006.6 0.0 0.9 8.9 18:00 W-NW 4.980 -- - - 21 11.8 19.4 13:58 6.7 23:11 57 1006.6 0.0 2.3 11.7 13:20 W 3.720 -- - - 22 9.5 16.3 15:00 4.0 05:56 56 1011.1 0.0 2.5 7.6 01:35 W-NW 3.450 -- - - 23 9.6 13.5 15:30 2.6 02:41 66 1011.4 0.0 1.5 5.1 13:10 E-NE 1.829 -- - - 24 13.7 21.8 15:25 8.6 23:55 63 1014.4 0.0 1.0 4.5 14:41 N-NE 4.017 -- - - 25 15.5 25.7 14:05 6.8 05:58 62 1018.0 0.0 0.6 3.4 13:55 N 5.426 -- - - 26 17.0 26.5 14:40 8.5 02:00 61 1017.4 0.0 0.9 9.6 17:26 E-NE 6.118 -- - - 27 14.4 21.3 14:11 10.2 05:32 66 1018.7 0.0 0.5 4.7 13:33 N-NW 3.594 -- - - 28 13.6 21.1 14:30 8.1 23:54 59 1019.7 0.0 1.5 6.4 09:43 N-NW 4.455 -- - - 29 15.1 24.1 14:12 3.2 05:43 58 1013.5 0.0 1.8 8.1 14:19 S 5.186 -- - - 30 18.5 27.2 14:56 8.8 03:50 60 1006.0 0.0 1.5 4.9 14:29 E 6.103 -- - - ------------------------------------------------------------------------------------------------------------------------------ Avg: 11.1 27.2 30 -1.4 3 68 1012.3 86.0 1.8 16.5 10 N-NW 89.915 Wind Run 6045.1 km Calm Values 3104 Calm in % 8.9 % Sun 0 min. Distribution WD Values 31603 Distribution WD N-NO 7.5 % Distribution WD NO 3.8 % Distribution WD NO-O 8.6 % Distribution WD O 6.3 % Distribution WD O-SO 4.9 % Distribution WD SO 4.1 % Distribution WD SO-S 1.6 % Distribution WD S 2.2 % Distribution WD S-SW 2.4 % Distribution WD SW 1.9 % Distribution WD SW-W 3.4 % Distribution WD W 8.5 % Distribution WD W-NW 14.9 % Distribution WD NW 5.7 % Distribution WD NW-N 15.5 % Distribution WD N 8.8 % Rain days >0.0 mm Month 8 Rain days >2.0 mm Month 5 Rain days >20.0 mm Month 1 Ice days max < 0°C 0 Cold days min < 0°C 1 Cool days max < 10°C 2 Summer days max >=25°C 3 Hot days max >=30°C 0 Last year same Month: Ice days max < 0°C - - Last year same Month: Cold days min < 0°C - - Last year same Month: Cool days max < 10°C - - Last year same Month: Summer days max >=25°C - - Last year same Month: Hot days max >=30°C - - © 1999-2011 Werner Krenn / Mischa Thurnherr - Weatherstation Operating- and Data Acquisition Software - V2.96.7


  ©UMa Astronomy

Creative Commons License
Meteo by UMa Astronomy is licensed under a Creative Commons Attribution-NonCommercial-NoDerivs 3.0 Unported License.