Blahová 11/13/2019
 Last update: 20:23
Updated every 10 minutes
 Cold 
 Akt.temp: 5.3°C
 Max.temp: 9.9°C
 Min.temp: 4.8°C
 Devpoint: 2 °C
 Wind speed: 2.0m/s
 Wind direction: W
 Max wind gust: 7.7m/s
 Precipitation: 11.8mm
 Pressure: 1005.5 hPa
 P.tendency: +3.9 hPa/3h
 Humidity: 79%
 Abs.humidity: 5.48 g/m3
Ground temperature
Min.temp 5.8°C /18:24
Akt.temp
6.5°C

2019: Jan | Feb | Mar | Apr | May | Jun | Jul | Aug | Sep | Oct | Nov | Dec 
2018: Jan | Feb | Mar | Apr | May | Jun | Jul | Aug | Sep | Oct | Nov | Dec 
2017: Jan | Feb | Mar | Apr | May | Jun | Jul | Aug | Sep | Oct | Nov | Dec 
2016: Jan | Feb | Mar | Apr | May | Jun | Jul | Aug | Sep | Oct | Nov | Dec 
2015: Jan | Feb | Mar | Apr | May | Jun | Jul | Aug | Sep | Oct | Nov | Dec 
2014: Jan | Feb | Mar | Apr | May | Jun | Jul | Aug | Sep | Oct | Nov | Dec 
2013: Jan | Feb | Mar | Apr | May | Jun | Jul | Aug | Sep | Oct | Nov | Dec 
2012: Jan | Feb | Mar | Apr | May | Jun | Jul | Aug | Sep | Oct | Nov | Dec 
2011: Jan | Feb | Mar | Apr | May | Jun | Jul | Aug | Sep | Oct | Nov | Dec 
2010: Jan | Feb | Mar | Apr | May | Jun | Jul | Aug | Sep | Oct | Nov | Dec 
2009: Jan | Feb | Mar | Apr | May | Jun | Jul | Aug | Sep | Oct | Nov | Dec 
2008: Jan | Feb | Mar | Apr | May | Jun | Jul | Aug | Sep | Oct | Nov | Dec 
2007: Jan | Feb | Mar | Apr | May | Jun | Jul | Aug | Sep | Oct | Nov | Dec 

Report for 2010 05
MONTHLY CLIMATOLOGICAL SUMMARY for May 2010 CITY: Blahová ELEV: 117 m LAT: 48° 5' 7" North LONG: 17° 32' 48" East TEMPERATURE (°C), BAROMETER (hPa), RAIN (mm), WIND SPEED (m/s) MEAN TEMPERATURE WIND DOM trans Ground DAY TEMP HIGH TIME LOW TIME HUM Baro Rain SPEED HIGH TIME DIR pirat min.temp time ------------------------------------------------------------------------------------------------------------------------------ 1 18.4 25.4 14:49 12.6 06:19 70 1004.1 0.0 1.1 7.3 09:09 N-NW 4.386 -- - - 2 18.2 23.5 15:09 13.2 04:46 67 1003.8 0.1 2.9 6.8 20:18 W 3.613 -- - - 3 16.1 23.0 15:46 13.4 23:35 77 1004.3 4.0 0.9 6.6 01:16 SE 2.797 -- - - 4 17.6 23.9 14:49 11.6 06:02 77 1006.2 9.2 0.8 6.7 23:01 N-NW 3.690 -- - - 5 14.3 18.5 13:31 12.0 22:43 84 1003.7 27.8 1.8 6.8 11:48 N-NW 1.709 -- - - 6 17.1 23.3 14:29 12.2 23:56 69 995.9 2.0 2.2 10.2 13:35 S 3.841 -- - - 7 14.6 21.1 15:35 7.9 06:06 73 1000.4 0.0 0.8 4.5 09:56 N-NW 2.921 -- - - 8 15.3 21.9 14:01 8.4 06:01 73 1002.9 0.0 0.6 5.0 16:57 S 3.350 -- - - 9 14.4 21.4 12:26 11.3 04:07 75 1003.0 3.9 0.3 5.4 13:18 N-NW 2.190 -- - - 10 17.3 23.1 12:33 10.9 05:24 72 1000.8 0.0 1.1 5.8 10:21 E-NE 3.580 -- - - 11 17.3 24.2 13:43 9.9 05:32 72 1001.8 0.0 1.7 6.5 14:58 E 3.624 -- - - 12 15.1 21.7 10:33 12.4 23:50 82 1001.1 4.0 0.9 6.4 09:57 E 1.144 -- - - 13 15.8 22.6 13:18 8.4 05:26 81 999.1 9.0 0.4 4.4 17:07 E-NE 2.958 -- - - 14 13.0 16.0 16:54 9.3 23:59 81 1000.5 10.0 2.1 7.3 12:57 W 1.203 -- - - 15 10.8 15.7 09:55 7.8 04:30 82 995.4 15.6 4.5 13.7 22:27 N-NW 1.392 -- - - 16 8.1 8.9 22:18 6.4 05:29 86 998.9 31.4 6.4 14.3 03:54 W-NW 0.442 -- - - 17 7.8 9.4 02:02 6.7 10:29 86 1006.8 32.0 4.6 15.1 02:26 W-NW 0.445 -- - - 18 10.3 13.1 15:32 8.4 23:45 75 1010.4 4.0 4.1 11.1 05:27 W-NW 1.312 -- - - 19 9.9 14.1 10:44 6.9 04:08 75 1013.4 0.1 2.5 9.0 10:49 W-NW 1.293 -- - - 20 13.0 17.3 15:01 8.7 03:15 78 1015.3 0.1 3.1 11.0 17:00 W-NW 1.786 -- - - 21 15.9 22.4 13:25 11.9 00:31 79 1013.0 4.9 2.7 9.2 19:56 W-NW 2.720 -- - - 22 17.1 24.6 13:35 12.5 00:52 71 1011.9 0.1 3.5 9.9 14:36 N-NW 3.301 -- - - 23 17.6 24.3 15:01 11.5 05:44 69 1010.7 0.0 1.5 7.9 09:16 N-NW 4.045 -- - - 24 17.6 25.7 14:47 11.7 05:12 76 1005.1 6.0 1.7 12.3 19:06 W 4.450 -- - - 25 17.0 24.4 16:31 12.5 23:54 83 1004.6 24.0 1.2 13.9 17:19 S-SW 2.917 -- - - 26 17.4 25.0 15:06 12.1 01:32 83 1003.0 3.0 0.6 6.2 08:46 N-NE 2.629 -- - - 27 17.3 25.3 13:58 12.6 01:10 83 1003.4 3.9 0.5 3.8 12:25 W 2.923 -- - - 28 18.7 25.4 15:15 12.3 05:39 73 1007.8 0.1 0.8 4.9 12:41 W-NW 4.031 -- - - 29 18.0 24.1 14:57 14.1 05:07 74 1011.4 6.0 1.1 6.9 11:21 N-NW 3.635 -- - - 30 15.8 23.9 13:31 13.0 04:24 85 1003.2 32.0 2.2 10.6 14:31 E-NE 1.607 -- - - 31 13.1 17.4 15:18 10.1 04:36 76 1000.1 2.0 3.5 12.8 13:41 W-NW 2.302 -- - - ------------------------------------------------------------------------------------------------------------------------------ Avg: 15.2 25.7 24 6.4 16 77 1004.6 235.4 2.0 15.1 17 W-NW 82.235 Wind Run 7212.9 km Calm Values 4030 Calm in % 9.2 % Sun 0 min. Distribution WD Values 39597 Distribution WD N-NO 4.1 % Distribution WD NO 2.1 % Distribution WD NO-O 5.2 % Distribution WD O 4.7 % Distribution WD O-SO 3.9 % Distribution WD SO 4.0 % Distribution WD SO-S 2.7 % Distribution WD S 4.5 % Distribution WD S-SW 5.4 % Distribution WD SW 3.4 % Distribution WD SW-W 4.3 % Distribution WD W 9.6 % Distribution WD W-NW 17.1 % Distribution WD NW 7.1 % Distribution WD NW-N 15.9 % Distribution WD N 6.0 % Rain days >0.0 mm Month 25 Rain days >2.0 mm Month 18 Rain days >20.0 mm Month 5 Ice days max < 0°C 0 Cold days min < 0°C 0 Cool days max < 10°C 2 Summer days max >=25°C 5 Hot days max >=30°C 0 Last year same Month: Ice days max < 0°C - - Last year same Month: Cold days min < 0°C - - Last year same Month: Cool days max < 10°C - - Last year same Month: Summer days max >=25°C - - Last year same Month: Hot days max >=30°C - - © 1999-2011 Werner Krenn / Mischa Thurnherr - Weatherstation Operating- and Data Acquisition Software - V2.96.7


  ©UMa Astronomy

Creative Commons License
Meteo by UMa Astronomy is licensed under a Creative Commons Attribution-NonCommercial-NoDerivs 3.0 Unported License.