Blahová 10/17/2019
 Last update: 23:48
Updated every 10 minutes
 Cold 
 Akt.temp: 9.7°C
 Max.temp: 20.1°C
 Min.temp: 5.3°C
 Devpoint: 6.1 °C
 Wind speed: 0.0m/s
 Wind direction: E-SE
 Max wind gust: 3.4m/s
 Precipitation: 0.2mm
 Pressure: 1016.1 hPa
 P.tendency: -0.3 hPa/3h
 Humidity: 78%
 Abs.humidity: 7.19 g/m3
Ground temperature
Min.temp 5.3°C /01:51
Akt.temp
7.2°C

2019: Jan | Feb | Mar | Apr | May | Jun | Jul | Aug | Sep | Oct | Nov | Dec 
2018: Jan | Feb | Mar | Apr | May | Jun | Jul | Aug | Sep | Oct | Nov | Dec 
2017: Jan | Feb | Mar | Apr | May | Jun | Jul | Aug | Sep | Oct | Nov | Dec 
2016: Jan | Feb | Mar | Apr | May | Jun | Jul | Aug | Sep | Oct | Nov | Dec 
2015: Jan | Feb | Mar | Apr | May | Jun | Jul | Aug | Sep | Oct | Nov | Dec 
2014: Jan | Feb | Mar | Apr | May | Jun | Jul | Aug | Sep | Oct | Nov | Dec 
2013: Jan | Feb | Mar | Apr | May | Jun | Jul | Aug | Sep | Oct | Nov | Dec 
2012: Jan | Feb | Mar | Apr | May | Jun | Jul | Aug | Sep | Oct | Nov | Dec 
2011: Jan | Feb | Mar | Apr | May | Jun | Jul | Aug | Sep | Oct | Nov | Dec 
2010: Jan | Feb | Mar | Apr | May | Jun | Jul | Aug | Sep | Oct | Nov | Dec 
2009: Jan | Feb | Mar | Apr | May | Jun | Jul | Aug | Sep | Oct | Nov | Dec 
2008: Jan | Feb | Mar | Apr | May | Jun | Jul | Aug | Sep | Oct | Nov | Dec 
2007: Jan | Feb | Mar | Apr | May | Jun | Jul | Aug | Sep | Oct | Nov | Dec 

Report for 2010 06
MONTHLY CLIMATOLOGICAL SUMMARY for June 2010 CITY: Blahová ELEV: 117 m LAT: 48° 5' 7" North LONG: 17° 32' 48" East TEMPERATURE (°C), BAROMETER (hPa), RAIN (mm), WIND SPEED (m/s) MEAN TEMPERATURE WIND DOM trans Ground DAY TEMP HIGH TIME LOW TIME HUM Baro Rain SPEED HIGH TIME DIR pirat min.temp time ------------------------------------------------------------------------------------------------------------------------------ 1 11.4 12.3 07:45 10.4 23:59 86 1000.1 29.1 3.3 11.8 05:55 W-NW 0.587 -- - - 2 11.5 15.0 15:22 9.6 23:04 85 999.8 8.9 1.8 9.1 01:10 W-NW 0.981 -- - - 3 15.3 19.3 09:53 8.7 04:52 85 1004.5 6.3 1.8 5.9 16:23 N-NW 1.683 -- - - 4 16.6 21.5 16:51 13.1 23:48 74 1008.9 3.6 2.9 11.1 14:34 W-NW 2.044 -- - - 5 19.0 27.9 14:29 10.3 03:53 68 1014.4 0.0 0.4 4.9 09:19 N-NW 5.515 -- - - 6 20.7 28.7 14:39 10.5 04:51 70 1010.2 0.0 1.8 8.4 13:57 E-SE 5.677 -- - - 7 21.9 30.6 14:13 13.3 04:17 73 1006.4 0.0 0.5 3.5 11:40 E 4.628 -- - - 8 24.1 32.1 13:55 17.3 04:13 71 1004.9 0.0 0.9 5.6 18:24 E-SE 5.947 -- - - 9 24.9 32.0 13:28 18.1 04:47 65 1004.8 0.0 2.5 9.1 16:29 SE 7.068 -- - - 10 25.5 32.4 14:25 19.0 04:54 61 1004.8 0.0 2.7 9.0 14:30 SE 7.497 -- - - 11 25.9 34.4 14:11 17.9 05:28 64 1001.9 0.0 1.8 5.6 09:09 E 8.009 -- - - 12 25.9 33.8 13:48 17.1 04:53 62 1003.2 0.0 3.9 14.5 21:20 E-SE 7.161 -- - - 13 22.3 28.4 15:04 17.3 04:47 70 1005.9 0.0 1.9 6.9 12:36 N-NW 4.683 -- - - 14 17.6 24.9 14:01 13.0 23:57 79 1007.8 19.6 2.5 8.8 11:36 N-NW 1.715 -- - - 15 20.8 28.3 15:01 11.4 03:49 69 1011.6 0.0 1.5 4.8 00:47 N-NW 5.264 -- - - 16 15.5 17.9 00:00 14.8 20:25 89 1009.9 29.9 0.9 6.8 04:58 N 0.504 -- - - 17 19.8 26.3 14:04 14.8 02:53 75 1010.1 2.1 0.6 4.5 17:56 E 3.751 -- - - 18 18.0 21.7 14:50 15.5 23:46 86 1001.2 21.2 1.9 9.5 15:36 E 1.378 -- - - 19 17.1 22.3 15:05 13.1 23:56 73 998.4 0.8 2.1 5.6 12:58 N-NW 3.038 -- - - 20 16.5 23.1 15:27 10.9 04:23 75 1000.1 0.0 2.6 7.9 19:38 N-NW 2.743 -- - - 21 15.1 17.8 13:11 12.4 05:51 73 1004.5 7.0 4.8 13.0 19:38 N-NW 1.600 -- - - 22 15.8 16.5 14:03 14.6 06:21 64 1008.8 0.2 4.7 14.5 08:58 N-NW 1.951 -- - - 23 17.4 23.0 14:35 12.6 05:09 60 1011.0 0.0 3.5 14.4 08:41 N-NW 4.278 -- - - 24 18.3 25.1 16:46 11.4 03:09 65 1008.8 0.0 2.3 7.9 15:54 W-NW 4.327 -- - - 25 16.5 20.1 12:52 13.9 05:23 76 1006.8 1.0 1.0 6.0 12:04 N-NW 2.301 -- - - 26 19.9 26.0 15:00 13.9 04:13 66 1007.6 0.0 2.3 10.3 13:26 N-NW 4.465 -- - - 27 20.5 27.2 15:16 15.0 04:10 59 1011.3 0.0 2.3 10.8 15:37 N-NW 5.429 -- - - 28 23.3 30.3 15:10 13.3 04:38 65 1011.5 0.0 2.0 4.7 10:14 N-NW 6.155 -- - - 29 23.3 30.9 14:26 16.3 03:44 60 1010.5 0.0 2.0 8.5 13:17 N-NW 7.378 -- - - 30 23.8 31.7 14:36 15.0 05:12 60 1010.8 0.0 1.7 7.9 13:07 N-NW 7.592 -- - - ------------------------------------------------------------------------------------------------------------------------------ Avg: 19.5 34.4 11 8.7 3 71 1006.7 129.8 2.2 14.5 22 N-NW 125.347 Wind Run 7121.9 km Calm Values 1889 Calm in % 4.5 % Sun 0 min. Distribution WD Values 39790 Distribution WD N-NO 5.6 % Distribution WD NO 1.8 % Distribution WD NO-O 4.3 % Distribution WD O 5.9 % Distribution WD O-SO 5.6 % Distribution WD SO 5.1 % Distribution WD SO-S 2.5 % Distribution WD S 2.6 % Distribution WD S-SW 1.8 % Distribution WD SW 1.1 % Distribution WD SW-W 1.7 % Distribution WD W 6.1 % Distribution WD W-NW 14.5 % Distribution WD NW 8.1 % Distribution WD NW-N 23.2 % Distribution WD N 10.1 % Rain days >0.0 mm Month 12 Rain days >2.0 mm Month 9 Rain days >20.0 mm Month 3 Ice days max < 0°C 0 Cold days min < 0°C 0 Cool days max < 10°C 0 Summer days max >=25°C 17 Hot days max >=30°C 9 Last year same Month: Ice days max < 0°C - - Last year same Month: Cold days min < 0°C - - Last year same Month: Cool days max < 10°C - - Last year same Month: Summer days max >=25°C - - Last year same Month: Hot days max >=30°C - - © 1999-2011 Werner Krenn / Mischa Thurnherr - Weatherstation Operating- and Data Acquisition Software - V2.96.7


  ©UMa Astronomy

Creative Commons License
Meteo by UMa Astronomy is licensed under a Creative Commons Attribution-NonCommercial-NoDerivs 3.0 Unported License.