Blahová 11/18/2019
 Last update: 20:03
Updated every 10 minutes
 Cold 
 Akt.temp: 6.5°C
 Max.temp: 14.1°C
 Min.temp: 6.5°C
 Devpoint: 2.9 °C
 Wind speed: 1.8m/s
 Wind direction: SE
 Max wind gust: 8.4m/s
 Precipitation: 0.3mm
 Pressure: 1016.1 hPa
 P.tendency: +2.9 hPa/3h
 Humidity: 78%
 Abs.humidity: 5.85 g/m3
Ground temperature
Min.temp 3.9°C /20:03
Akt.temp
3.9°C

2019: Jan | Feb | Mar | Apr | May | Jun | Jul | Aug | Sep | Oct | Nov | Dec 
2018: Jan | Feb | Mar | Apr | May | Jun | Jul | Aug | Sep | Oct | Nov | Dec 
2017: Jan | Feb | Mar | Apr | May | Jun | Jul | Aug | Sep | Oct | Nov | Dec 
2016: Jan | Feb | Mar | Apr | May | Jun | Jul | Aug | Sep | Oct | Nov | Dec 
2015: Jan | Feb | Mar | Apr | May | Jun | Jul | Aug | Sep | Oct | Nov | Dec 
2014: Jan | Feb | Mar | Apr | May | Jun | Jul | Aug | Sep | Oct | Nov | Dec 
2013: Jan | Feb | Mar | Apr | May | Jun | Jul | Aug | Sep | Oct | Nov | Dec 
2012: Jan | Feb | Mar | Apr | May | Jun | Jul | Aug | Sep | Oct | Nov | Dec 
2011: Jan | Feb | Mar | Apr | May | Jun | Jul | Aug | Sep | Oct | Nov | Dec 
2010: Jan | Feb | Mar | Apr | May | Jun | Jul | Aug | Sep | Oct | Nov | Dec 
2009: Jan | Feb | Mar | Apr | May | Jun | Jul | Aug | Sep | Oct | Nov | Dec 
2008: Jan | Feb | Mar | Apr | May | Jun | Jul | Aug | Sep | Oct | Nov | Dec 
2007: Jan | Feb | Mar | Apr | May | Jun | Jul | Aug | Sep | Oct | Nov | Dec 

Report for 2010 07
MONTHLY CLIMATOLOGICAL SUMMARY for July 2010 CITY: Blahová ELEV: 117 m LAT: 48° 5' 7" North LONG: 17° 32' 48" East TEMPERATURE (°C), BAROMETER (hPa), RAIN (mm), WIND SPEED (m/s) MEAN TEMPERATURE WIND DOM trans Ground DAY TEMP HIGH TIME LOW TIME HUM Baro Rain SPEED HIGH TIME DIR pirat min.temp time ------------------------------------------------------------------------------------------------------------------------------ 1 23.9 32.8 14:59 15.0 04:42 62 1010.5 0.0 1.0 4.9 14:07 N-NW 7.684 -- - - 2 24.9 33.3 14:18 15.3 04:59 63 1011.4 0.0 0.4 3.3 15:18 N-NW 7.903 -- - - 3 23.9 33.3 14:34 16.4 05:34 55 1010.3 0.0 1.6 7.8 16:45 N-NW 7.508 -- - - 4 22.3 30.5 14:02 14.1 05:17 61 1011.0 0.0 0.4 5.8 14:55 N 6.771 -- - - 5 22.3 29.6 13:36 14.5 04:51 60 1009.6 0.0 1.3 6.8 14:54 N-NW 5.322 -- - - 6 19.3 26.0 12:10 15.7 04:58 77 1011.0 9.7 3.4 11.2 17:33 W-NW 1.115 -- - - 7 17.8 24.3 15:35 12.7 04:06 62 1015.6 0.0 2.2 10.3 15:15 N-NW 3.626 -- - - 8 19.8 27.7 15:21 10.6 05:18 58 1016.0 0.0 1.6 7.9 10:45 N-NW 5.848 -- - - 9 21.6 31.0 15:27 11.5 04:58 59 1016.1 0.0 0.4 4.8 13:04 N-NW 7.291 -- - - 10 24.3 33.8 14:35 12.9 04:43 60 1014.7 0.0 0.4 3.8 14:14 N-NE 8.939 -- - - 11 26.3 36.7 15:05 15.4 05:25 62 1012.6 0.0 0.5 4.8 14:14 E-NE 10.009 -- - - 12 27.0 37.1 13:46 17.0 05:35 63 1008.7 0.0 0.4 4.6 13:19 SE 9.857 -- - - 13 26.8 34.6 15:32 17.9 04:59 63 1005.9 0.0 1.0 6.1 17:13 W-NW 7.800 -- - - 14 27.8 36.8 19:03 18.2 05:16 56 1005.9 0.0 1.1 4.1 14:58 E-NE 9.229 -- - - 15 28.2 35.5 14:51 20.6 04:46 59 1007.5 0.0 0.8 4.3 14:35 E-NE 8.445 -- - - 16 26.8 34.0 14:54 19.6 02:41 69 1011.9 17.9 0.4 10.4 01:01 E 6.347 -- - - 17 27.5 34.9 14:53 17.0 06:37 66 1009.3 0.0 0.8 8.4 23:40 E 7.844 -- - - 18 19.9 25.2 14:11 17.2 23:40 72 1015.7 11.4 4.0 12.2 19:08 W-NW 3.424 -- - - 19 21.1 27.6 15:53 16.3 05:11 67 1015.0 0.0 2.2 8.4 07:49 N-NW 3.698 -- - - 20 24.7 31.2 14:59 15.9 05:26 68 1010.4 0.0 0.4 4.6 15:39 W 4.996 -- - - 21 26.2 33.5 19:14 18.9 05:17 65 1007.0 0.0 1.5 7.1 12:27 E 5.745 -- - - 22 28.1 35.4 14:55 19.7 05:15 61 1007.0 0.0 1.7 4.9 12:38 E 7.808 -- - - 23 27.0 33.0 14:56 21.6 05:19 65 1005.3 0.0 0.6 9.6 23:36 E-NE 6.569 -- - - 24 17.6 21.9 00:01 16.3 21:16 78 1005.3 17.0 3.9 10.3 19:16 W-NW 1.760 -- - - 25 14.9 17.2 14:26 13.7 19:51 80 1005.8 6.5 3.5 10.2 13:16 W-NW 1.851 -- - - 26 16.7 19.3 18:01 13.8 00:01 79 1005.2 0.8 2.5 7.3 12:16 W-NW 1.555 -- - - 27 19.6 25.6 16:21 14.1 05:41 68 1005.2 0.0 2.2 8.3 11:36 N-NW 4.124 -- - - 28 19.2 24.9 12:31 17.2 06:01 70 1005.2 4.1 2.8 9.8 07:46 W 1.408 -- - - 29 19.6 26.7 13:51 15.1 23:46 77 1005.2 15.4 1.5 10.1 18:16 W 4.251 -- - - 30 16.6 18.7 14:46 14.4 05:11 91 1005.2 17.9 1.2 4.6 01:06 W-NW 0.438 -- - - 31 19.8 27.1 19:11 14.5 01:11 76 1009.6 0.0 1.3 4.9 12:55 W-NW 2.687 -- - - ------------------------------------------------------------------------------------------------------------------------------ Avg: 22.6 37.1 12 0.0 17 67 1009.5 100.7 1.5 12.2 18 N-NW 171.853 Wind Run 5637.3 km Calm Values 5630 Calm in % 15.9 % Sun 0 min. Distribution WD Values 29741 Distribution WD N-NO 6.8 % Distribution WD NO 2.9 % Distribution WD NO-O 8.4 % Distribution WD O 7.5 % Distribution WD O-SO 3.7 % Distribution WD SO 3.4 % Distribution WD SO-S 1.7 % Distribution WD S 2.3 % Distribution WD S-SW 2.3 % Distribution WD SW 1.8 % Distribution WD SW-W 2.8 % Distribution WD W 7.2 % Distribution WD W-NW 14.5 % Distribution WD NW 6.9 % Distribution WD NW-N 18.4 % Distribution WD N 9.6 % Rain days >0.0 mm Month 9 Rain days >2.0 mm Month 8 Rain days >20.0 mm Month 0 Ice days max < 0°C 0 Cold days min < 0°C 0 Cool days max < 10°C 0 Summer days max >=25°C 25 Hot days max >=30°C 17 Last year same Month: Ice days max < 0°C - - Last year same Month: Cold days min < 0°C - - Last year same Month: Cool days max < 10°C - - Last year same Month: Summer days max >=25°C - - Last year same Month: Hot days max >=30°C - - © 1999-2011 Werner Krenn / Mischa Thurnherr - Weatherstation Operating- and Data Acquisition Software - V2.96.7


  ©UMa Astronomy

Creative Commons License
Meteo by UMa Astronomy is licensed under a Creative Commons Attribution-NonCommercial-NoDerivs 3.0 Unported License.