Blahová 09/20/2019
 Last update: 09:03
Updated every 10 minutes
 Cold 
 Akt.temp: 10.9°C
 Max.temp: 10.9°C
 Min.temp: 3.3°C
 Devpoint: 6.3 °C
 Wind speed: 1.1m/s
 Wind direction: N-NW
 Max wind gust: 2.9m/s
 Precipitation: 0.0mm
 Pressure: 1028.4 hPa
 P.tendency: +1.5 hPa/3h
 Humidity: 73%
 Abs.humidity: 7.26 g/m3
Ground temperature
Min.temp 2.5°C /05:08
Akt.temp
13.5°C

2019: Jan | Feb | Mar | Apr | May | Jun | Jul | Aug | Sep | Oct | Nov | Dec 
2018: Jan | Feb | Mar | Apr | May | Jun | Jul | Aug | Sep | Oct | Nov | Dec 
2017: Jan | Feb | Mar | Apr | May | Jun | Jul | Aug | Sep | Oct | Nov | Dec 
2016: Jan | Feb | Mar | Apr | May | Jun | Jul | Aug | Sep | Oct | Nov | Dec 
2015: Jan | Feb | Mar | Apr | May | Jun | Jul | Aug | Sep | Oct | Nov | Dec 
2014: Jan | Feb | Mar | Apr | May | Jun | Jul | Aug | Sep | Oct | Nov | Dec 
2013: Jan | Feb | Mar | Apr | May | Jun | Jul | Aug | Sep | Oct | Nov | Dec 
2012: Jan | Feb | Mar | Apr | May | Jun | Jul | Aug | Sep | Oct | Nov | Dec 
2011: Jan | Feb | Mar | Apr | May | Jun | Jul | Aug | Sep | Oct | Nov | Dec 
2010: Jan | Feb | Mar | Apr | May | Jun | Jul | Aug | Sep | Oct | Nov | Dec 
2009: Jan | Feb | Mar | Apr | May | Jun | Jul | Aug | Sep | Oct | Nov | Dec 
2008: Jan | Feb | Mar | Apr | May | Jun | Jul | Aug | Sep | Oct | Nov | Dec 
2007: Jan | Feb | Mar | Apr | May | Jun | Jul | Aug | Sep | Oct | Nov | Dec 

Report for 2010 08
MONTHLY CLIMATOLOGICAL SUMMARY for August 2010 CITY: Blahová ELEV: 117 m LAT: 48° 5' 7" North LONG: 17° 32' 48" East TEMPERATURE (°C), BAROMETER (hPa), RAIN (mm), WIND SPEED (m/s) MEAN TEMPERATURE WIND DOM trans Ground DAY TEMP HIGH TIME LOW TIME HUM Baro Rain SPEED HIGH TIME DIR pirat min.temp time ------------------------------------------------------------------------------------------------------------------------------ 1 22.0 30.8 19:11 14.5 05:56 68 1011.3 0.0 0.7 5.4 09:47 W-NW 5.466 -- - - 2 24.2 31.2 14:58 15.0 05:10 69 1009.5 0.0 1.1 5.1 13:17 E 5.001 -- - - 3 20.9 25.0 14:19 18.0 23:23 78 993.1 0.0 2.0 7.0 13:50 W-NW 2.674 -- - - 4 20.3 27.0 14:13 15.3 05:20 67 992.3 0.0 2.0 9.3 12:15 W-NW 4.446 -- - - 5 20.9 28.2 13:52 12.6 04:13 74 989.5 0.0 1.5 5.9 13:57 E-NE 4.036 -- - - 6 18.7 22.0 15:04 16.4 23:59 81 992.4 20.3 2.1 8.3 09:52 W-NW 1.267 -- - - 7 16.4 19.9 12:49 14.5 05:35 84 997.0 14.6 1.5 7.5 11:49 W 1.233 -- - - 8 20.1 26.5 13:54 15.0 01:59 74 998.6 0.0 1.4 6.5 14:35 W 3.528 -- - - 9 18.8 25.1 15:25 15.0 23:50 78 999.3 0.0 0.5 5.4 10:08 S-SW 2.417 -- - - 10 19.8 29.3 12:58 12.5 05:28 73 998.8 0.8 0.2 2.3 13:57 E-NE 3.696 -- - - 11 22.9 31.3 12:52 15.1 04:45 73 997.7 0.0 1.2 6.2 13:47 SE 5.265 -- - - 12 23.3 31.1 14:58 16.4 05:55 70 996.1 0.0 1.5 6.4 14:58 E-SE 5.283 -- - - 13 25.3 32.3 15:19 16.7 06:07 72 995.9 26.8 1.5 10.8 22:59 E-NE 5.487 -- - - 14 23.4 29.7 14:34 16.9 06:19 78 998.0 4.9 1.2 4.6 15:54 E 3.971 -- - - 15 22.9 29.5 11:38 19.5 23:59 81 995.8 0.0 1.1 7.0 17:05 E 2.452 -- - - 16 18.1 24.7 10:57 16.5 22:47 84 995.3 9.7 0.7 6.9 14:34 SE 1.271 -- - - 17 17.8 24.9 12:00 13.8 05:44 77 994.5 0.8 1.2 7.0 17:02 S-SW 2.537 -- - - 18 20.1 26.2 13:37 13.7 06:08 73 993.9 0.0 2.4 9.1 15:07 S-SW 3.584 -- - - 19 20.7 26.7 15:28 16.3 23:56 67 998.4 0.0 1.5 8.9 15:56 W 4.250 -- - - 20 19.1 27.5 14:06 11.2 06:00 69 1005.2 0.0 0.3 3.4 12:25 N 4.902 -- - - 21 20.8 29.8 15:04 14.5 06:26 70 1006.3 0.0 0.5 5.7 14:28 N-NE 5.192 -- - - 22 22.3 30.7 14:17 14.2 06:12 72 1000.9 0.0 1.2 5.4 16:39 S 5.283 -- - - 23 23.0 30.2 13:32 15.1 06:03 69 992.7 0.0 2.0 8.4 16:11 E 5.585 -- - - 24 19.5 23.7 16:47 16.9 23:26 83 992.3 4.1 0.8 5.2 09:43 E-NE 1.090 -- - - 25 19.1 25.1 13:47 15.0 23:57 65 999.4 0.0 2.0 9.3 04:44 W-NW 4.250 -- - - 26 21.6 28.9 14:56 11.9 06:22 74 996.0 0.0 1.8 6.2 12:45 S 4.569 -- - - 27 20.8 30.0 14:56 16.3 23:20 79 989.2 17.1 1.0 10.1 16:35 E 4.378 -- - - 28 16.9 21.8 12:49 14.6 23:56 77 992.3 1.6 2.7 10.1 14:24 W-NW 1.860 -- - - 29 13.7 21.2 13:12 9.8 06:08 76 996.8 2.4 1.6 7.9 16:14 W-NW 2.388 -- - - 30 12.4 14.8 12:05 10.3 03:51 85 992.0 4.1 0.5 3.0 14:06 E 0.689 -- - - 31 11.5 13.1 20:01 8.7 05:43 83 988.5 15.4 4.4 13.8 20:04 W-NW 0.410 -- - - ------------------------------------------------------------------------------------------------------------------------------ Avg: 19.9 32.3 13 8.7 31 75 996.7 122.6 1.4 13.8 31 W-NW 108.464 Wind Run 4935.8 km Calm Values 6361 Calm in % 14.6 % Sun 0 min. Distribution WD Values 37095 Distribution WD N-NO 3.6 % Distribution WD NO 2.2 % Distribution WD NO-O 7.1 % Distribution WD O 8.9 % Distribution WD O-SO 7.2 % Distribution WD SO 7.0 % Distribution WD SO-S 4.1 % Distribution WD S 6.4 % Distribution WD S-SW 7.5 % Distribution WD SW 4.1 % Distribution WD SW-W 5.4 % Distribution WD W 10.0 % Distribution WD W-NW 10.9 % Distribution WD NW 3.8 % Distribution WD NW-N 7.6 % Distribution WD N 4.1 % Rain days >0.0 mm Month 13 Rain days >2.0 mm Month 10 Rain days >20.0 mm Month 2 Ice days max < 0°C 0 Cold days min < 0°C 0 Cool days max < 10°C 0 Summer days max >=25°C 22 Hot days max >=30°C 8 Last year same Month: Ice days max < 0°C - - Last year same Month: Cold days min < 0°C - - Last year same Month: Cool days max < 10°C - - Last year same Month: Summer days max >=25°C - - Last year same Month: Hot days max >=30°C - - © 1999-2011 Werner Krenn / Mischa Thurnherr - Weatherstation Operating- and Data Acquisition Software - V2.96.7


  ©UMa Astronomy

Creative Commons License
Meteo by UMa Astronomy is licensed under a Creative Commons Attribution-NonCommercial-NoDerivs 3.0 Unported License.