Blahová 11/13/2019
 Last update: 22:03
Updated every 10 minutes
 Cold 
 Akt.temp: 5.1°C
 Max.temp: 9.9°C
 Min.temp: 4.8°C
 Devpoint: 1.6 °C
 Wind speed: 1.2m/s
 Wind direction: W
 Max wind gust: 7.7m/s
 Precipitation: 11.9mm
 Pressure: 1006.9 hPa
 P.tendency: +2.8 hPa/3h
 Humidity: 78%
 Abs.humidity: 5.34 g/m3
Ground temperature
Min.temp 5.8°C /18:24
Akt.temp
6.4°C

2019: Jan | Feb | Mar | Apr | May | Jun | Jul | Aug | Sep | Oct | Nov | Dec 
2018: Jan | Feb | Mar | Apr | May | Jun | Jul | Aug | Sep | Oct | Nov | Dec 
2017: Jan | Feb | Mar | Apr | May | Jun | Jul | Aug | Sep | Oct | Nov | Dec 
2016: Jan | Feb | Mar | Apr | May | Jun | Jul | Aug | Sep | Oct | Nov | Dec 
2015: Jan | Feb | Mar | Apr | May | Jun | Jul | Aug | Sep | Oct | Nov | Dec 
2014: Jan | Feb | Mar | Apr | May | Jun | Jul | Aug | Sep | Oct | Nov | Dec 
2013: Jan | Feb | Mar | Apr | May | Jun | Jul | Aug | Sep | Oct | Nov | Dec 
2012: Jan | Feb | Mar | Apr | May | Jun | Jul | Aug | Sep | Oct | Nov | Dec 
2011: Jan | Feb | Mar | Apr | May | Jun | Jul | Aug | Sep | Oct | Nov | Dec 
2010: Jan | Feb | Mar | Apr | May | Jun | Jul | Aug | Sep | Oct | Nov | Dec 
2009: Jan | Feb | Mar | Apr | May | Jun | Jul | Aug | Sep | Oct | Nov | Dec 
2008: Jan | Feb | Mar | Apr | May | Jun | Jul | Aug | Sep | Oct | Nov | Dec 
2007: Jan | Feb | Mar | Apr | May | Jun | Jul | Aug | Sep | Oct | Nov | Dec 

Report for 2010 09
MONTHLY CLIMATOLOGICAL SUMMARY for September 2010 CITY: Blahová ELEV: 117 m LAT: 48° 5' 7" North LONG: 17° 32' 48" East TEMPERATURE (°C), BAROMETER (hPa), RAIN (mm), WIND SPEED (m/s) MEAN TEMPERATURE WIND DOM trans Ground DAY TEMP HIGH TIME LOW TIME HUM Baro Rain SPEED HIGH TIME DIR pirat min.temp time ------------------------------------------------------------------------------------------------------------------------------ 1 13.7 18.1 14:56 11.5 07:25 71 993.1 0.0 4.1 13.1 10:54 W-NW 1.765 -- - - 2 14.5 19.7 13:46 11.0 02:02 76 997.3 0.0 1.4 8.9 14:14 W-NW 1.430 -- - - 3 14.8 22.6 13:25 12.0 04:58 75 1001.0 0.0 0.4 3.7 11:02 N-NW 2.211 -- - - 4 13.6 17.4 13:06 10.6 23:59 86 999.6 3.2 1.2 5.3 08:24 E 0.802 -- - - 5 11.7 16.5 15:36 8.2 06:39 76 1002.1 0.0 2.3 7.6 15:17 N-NW 1.390 -- - - 6 11.2 20.0 14:57 7.2 23:51 76 1000.2 0.0 0.8 5.1 14:59 N 1.717 -- - - 7 11.9 18.4 12:37 5.9 04:31 82 996.1 2.4 2.5 8.5 15:33 E-NE 1.232 -- - - 8 13.5 15.2 17:20 11.5 06:38 88 992.6 2.4 3.0 8.4 12:53 E 0.466 -- - - 9 15.4 22.2 15:31 11.6 23:49 79 997.9 13.8 0.8 5.7 11:06 W-NW 2.065 -- - - 10 15.4 18.2 13:15 10.8 02:54 81 1000.7 0.0 1.9 7.6 10:52 N-NW 1.293 -- - - 11 15.6 18.5 12:11 14.6 22:05 85 1000.9 1.6 1.5 7.6 11:37 N-NW 0.940 -- - - 12 16.8 23.3 13:21 13.8 23:58 82 1000.6 0.0 0.9 3.8 16:16 S-SW 1.818 -- - - 13 17.0 23.0 13:36 11.4 03:01 79 1001.4 0.0 1.8 8.3 17:23 W-NW 2.025 -- - - 14 17.1 21.9 13:24 12.2 06:24 69 1002.9 0.0 2.2 7.7 10:53 W-NW 2.622 -- - - 15 18.2 23.9 12:43 14.1 01:06 79 995.9 0.8 1.6 6.5 14:59 S 2.113 -- - - 16 14.6 19.1 15:51 13.8 22:31 86 994.6 7.3 1.0 6.3 12:02 S-SW 0.680 -- - - 17 14.4 17.8 16:13 13.1 06:43 86 995.0 9.7 1.0 4.3 21:12 E-NE 0.470 -- - - 18 15.1 20.9 15:04 12.2 07:44 75 997.8 0.0 0.9 4.6 22:15 S-SW 2.541 -- - - 19 12.7 19.7 13:04 8.5 23:55 69 998.6 0.0 1.8 7.8 14:12 W-NW 2.422 -- - - 20 11.3 20.1 14:19 5.3 06:48 72 1002.1 0.0 0.3 3.1 13:43 N-NW 2.767 -- - - 21 12.9 21.9 13:43 6.1 06:27 76 1003.1 0.0 0.4 4.9 12:12 E-NE 2.485 -- - - 22 13.6 23.3 13:57 6.8 06:17 75 1004.5 0.0 0.1 2.6 17:02 E-NE 2.886 -- - - 23 14.9 23.3 14:05 8.7 05:47 74 1000.5 0.0 1.7 7.0 17:01 E 2.886 -- - - 24 16.4 23.7 14:12 10.0 05:56 72 989.8 0.0 2.4 9.5 15:11 E 3.244 -- - - 25 17.5 22.5 12:59 11.8 04:16 72 982.4 1.6 2.8 9.2 14:01 E 2.351 -- - - 26 11.1 16.0 00:00 9.4 23:54 86 984.0 30.9 3.9 12.3 11:34 W-NW 0.707 -- - - 27 10.8 17.1 14:56 8.7 06:35 83 990.7 0.8 1.8 9.3 01:37 W 0.368 -- - - 28 11.9 17.5 11:40 9.5 05:10 74 993.7 0.8 3.2 13.9 11:07 W 1.780 -- - - 29 11.2 16.9 12:34 9.1 07:03 77 996.5 0.8 2.6 9.2 12:47 W-NW 1.298 -- - - 30 8.7 15.0 13:15 5.9 07:33 74 998.8 0.0 0.9 7.3 14:47 W-NW 1.544 -- - - ------------------------------------------------------------------------------------------------------------------------------ Avg: 13.9 23.9 15 5.3 20 78 997.1 76.4 1.7 13.9 28 W-NW 52.317 Wind Run 5987.3 km Calm Values 4882 Calm in % 11.7 % Sun 0 min. Distribution WD Values 36682 Distribution WD N-NO 3.3 % Distribution WD NO 2.2 % Distribution WD NO-O 8.6 % Distribution WD O 9.9 % Distribution WD O-SO 5.6 % Distribution WD SO 4.1 % Distribution WD SO-S 1.9 % Distribution WD S 3.6 % Distribution WD S-SW 5.2 % Distribution WD SW 3.7 % Distribution WD SW-W 5.3 % Distribution WD W 10.5 % Distribution WD W-NW 14.0 % Distribution WD NW 5.5 % Distribution WD NW-N 11.7 % Distribution WD N 4.7 % Rain days >0.0 mm Month 13 Rain days >2.0 mm Month 7 Rain days >20.0 mm Month 1 Ice days max < 0°C 0 Cold days min < 0°C 0 Cool days max < 10°C 0 Summer days max >=25°C 0 Hot days max >=30°C 0 Last year same Month: Ice days max < 0°C - - Last year same Month: Cold days min < 0°C - - Last year same Month: Cool days max < 10°C - - Last year same Month: Summer days max >=25°C - - Last year same Month: Hot days max >=30°C - - © 1999-2011 Werner Krenn / Mischa Thurnherr - Weatherstation Operating- and Data Acquisition Software - V2.96.7


  ©UMa Astronomy

Creative Commons License
Meteo by UMa Astronomy is licensed under a Creative Commons Attribution-NonCommercial-NoDerivs 3.0 Unported License.