Blahová 09/20/2019
 Last update: 09:18
Updated every 10 minutes
 Cold 
 Akt.temp: 13.3°C
 Max.temp: 13.3°C
 Min.temp: 3.3°C
 Devpoint: 7.3 °C
 Wind speed: 1.7m/s
 Wind direction: N-NW
 Max wind gust: 3.2m/s
 Precipitation: 0.0mm
 Pressure: 1028.4 hPa
 P.tendency: +1.5 hPa/3h
 Humidity: 67%
 Abs.humidity: 7.74 g/m3
Ground temperature
Min.temp 2.5°C /05:08
Akt.temp
14.1°C

2019: Jan | Feb | Mar | Apr | May | Jun | Jul | Aug | Sep | Oct | Nov | Dec 
2018: Jan | Feb | Mar | Apr | May | Jun | Jul | Aug | Sep | Oct | Nov | Dec 
2017: Jan | Feb | Mar | Apr | May | Jun | Jul | Aug | Sep | Oct | Nov | Dec 
2016: Jan | Feb | Mar | Apr | May | Jun | Jul | Aug | Sep | Oct | Nov | Dec 
2015: Jan | Feb | Mar | Apr | May | Jun | Jul | Aug | Sep | Oct | Nov | Dec 
2014: Jan | Feb | Mar | Apr | May | Jun | Jul | Aug | Sep | Oct | Nov | Dec 
2013: Jan | Feb | Mar | Apr | May | Jun | Jul | Aug | Sep | Oct | Nov | Dec 
2012: Jan | Feb | Mar | Apr | May | Jun | Jul | Aug | Sep | Oct | Nov | Dec 
2011: Jan | Feb | Mar | Apr | May | Jun | Jul | Aug | Sep | Oct | Nov | Dec 
2010: Jan | Feb | Mar | Apr | May | Jun | Jul | Aug | Sep | Oct | Nov | Dec 
2009: Jan | Feb | Mar | Apr | May | Jun | Jul | Aug | Sep | Oct | Nov | Dec 
2008: Jan | Feb | Mar | Apr | May | Jun | Jul | Aug | Sep | Oct | Nov | Dec 
2007: Jan | Feb | Mar | Apr | May | Jun | Jul | Aug | Sep | Oct | Nov | Dec 

Report for 2010 10
MONTHLY CLIMATOLOGICAL SUMMARY for October 2010 CITY: Blahová ELEV: 117 m LAT: 48° 5' 7" North LONG: 17° 32' 48" East TEMPERATURE (°C), BAROMETER (hPa), RAIN (mm), WIND SPEED (m/s) MEAN TEMPERATURE WIND DOM trans Ground DAY TEMP HIGH TIME LOW TIME HUM Baro Rain SPEED HIGH TIME DIR pirat min.temp time ------------------------------------------------------------------------------------------------------------------------------ 1 8.8 15.0 12:02 2.0 06:35 77 999.4 0.0 0.3 2.5 12:17 E-NE 1.302 -- - - 2 10.6 12.9 12:51 8.2 04:18 79 1002.4 0.0 1.7 4.9 12:37 E 0.881 -- - - 3 11.4 12.6 15:06 9.6 07:02 75 1002.0 0.0 2.6 6.4 13:53 E 0.944 -- - - 4 11.3 12.3 20:18 9.6 07:38 81 996.4 0.1 4.6 12.0 11:32 E 0.517 -- - - 5 10.4 11.4 00:00 9.8 23:39 87 995.9 2.4 3.4 10.3 12:37 E 0.430 -- - - 6 9.9 14.5 16:07 8.7 21:53 88 1002.2 4.1 0.7 5.5 01:47 E-NE 0.444 -- - - 7 12.1 19.0 13:57 8.1 23:22 80 1007.1 0.0 1.3 4.4 14:00 E 1.497 -- - - 8 8.3 16.9 13:14 4.7 23:52 79 1009.2 0.0 1.2 6.5 13:27 E 1.153 -- - - 9 7.3 15.7 14:27 1.2 07:20 74 1003.4 0.0 0.6 2.1 12:33 E-NE 1.743 -- - - 10 7.6 15.4 13:47 2.9 07:13 77 996.6 0.0 0.2 2.6 15:43 N-NW 1.388 -- - - 11 7.7 15.7 14:11 1.5 03:54 78 1009.4 0.0 0.1 2.9 12:18 S-SW 1.300 -- - - 12 8.0 17.3 13:59 2.1 03:30 77 1009.8 0.0 0.4 3.1 13:47 N-NE 1.693 -- - - 13 7.9 16.8 13:58 1.3 06:44 77 1009.6 0.0 0.7 2.5 08:45 N 1.527 -- - - 14 6.8 14.7 13:52 2.0 06:59 79 1006.6 0.0 0.8 4.9 17:21 W 1.255 -- - - 15 8.4 13.3 15:06 2.7 06:04 78 1005.5 0.0 1.3 5.5 13:23 W-NW 1.070 -- - - 16 9.0 13.1 13:18 6.3 23:54 81 1004.9 0.0 0.2 2.9 17:38 N-NW 0.840 -- - - 17 7.8 11.1 12:59 3.7 03:03 85 1009.2 3.3 1.8 4.8 21:42 N-NW 0.623 -- - - 18 8.1 12.3 14:42 6.2 06:00 84 1011.1 3.3 2.3 6.7 16:57 N-NW 0.593 -- - - 19 7.9 10.3 14:04 6.6 02:07 79 1003.2 0.1 2.0 7.6 14:35 W-NW 0.821 -- - - 20 5.9 11.1 12:13 2.7 06:45 81 1002.7 0.0 1.6 7.3 10:58 W 0.653 -- - - 21 4.7 10.7 13:56 1.3 21:57 69 1018.7 0.0 1.9 11.5 13:34 W 1.425 -- - - 22 5.4 13.6 14:04 -1.6 04:16 75 1017.4 0.0 1.7 7.7 12:29 E 1.378 -- - - 23 6.5 11.7 12:48 1.3 03:56 79 1011.1 0.0 1.7 4.8 19:09 E 0.809 -- - - 24 8.6 15.5 12:18 4.1 05:10 80 1006.1 2.4 1.4 7.9 11:39 E-NE 1.260 -- - - 25 5.9 7.6 00:03 4.4 20:54 86 1008.8 4.9 4.7 12.9 19:43 N-NW 0.287 -- - - 26 4.1 8.3 14:07 1.5 21:20 77 1019.1 0.0 3.1 11.4 00:49 W-NW 0.652 -- - - 27 2.7 10.5 13:29 -1.4 23:54 73 1022.2 0.0 1.3 6.7 10:35 N-NW 1.235 -- - - 28 3.9 10.4 13:59 -2.6 04:14 76 1019.9 0.0 0.7 3.4 13:48 SE 0.886 -- - - 29 4.5 12.2 14:01 -1.8 06:56 73 1015.6 0.0 1.6 5.6 14:04 E 1.249 -- - - 30 6.3 12.5 14:02 1.2 05:37 74 1009.1 0.0 3.3 11.5 14:22 E 1.265 -- - - 31 10.1 18.1 12:18 4.3 01:41 72 1008.2 0.0 3.6 11.4 12:10 E-SE 1.499 -- - - ------------------------------------------------------------------------------------------------------------------------------ Avg: 7.7 19.0 7 -2.6 28 78 1007.8 20.6 1.7 12.9 25 E 32.619 Wind Run 5581.3 km Calm Values 8092 Calm in % 18.3 % Sun 0 min. Distribution WD Values 36154 Distribution WD N-NO 4.5 % Distribution WD NO 2.6 % Distribution WD NO-O 12.6 % Distribution WD O 17.8 % Distribution WD O-SO 10.0 % Distribution WD SO 4.9 % Distribution WD SO-S 1.6 % Distribution WD S 1.9 % Distribution WD S-SW 2.2 % Distribution WD SW 1.9 % Distribution WD SW-W 2.9 % Distribution WD W 6.2 % Distribution WD W-NW 9.7 % Distribution WD NW 4.3 % Distribution WD NW-N 10.5 % Distribution WD N 6.4 % Rain days >0.0 mm Month 8 Rain days >2.0 mm Month 6 Rain days >20.0 mm Month 0 Ice days max < 0°C 0 Cold days min < 0°C 4 Cool days max < 10°C 2 Summer days max >=25°C 0 Hot days max >=30°C 0 Last year same Month: Ice days max < 0°C - - Last year same Month: Cold days min < 0°C - - Last year same Month: Cool days max < 10°C - - Last year same Month: Summer days max >=25°C - - Last year same Month: Hot days max >=30°C - - © 1999-2011 Werner Krenn / Mischa Thurnherr - Weatherstation Operating- and Data Acquisition Software - V2.96.7


  ©UMa Astronomy

Creative Commons License
Meteo by UMa Astronomy is licensed under a Creative Commons Attribution-NonCommercial-NoDerivs 3.0 Unported License.