Blahová 11/13/2019
 Last update: 20:38
Updated every 10 minutes
 Cold 
 Akt.temp: 5.3°C
 Max.temp: 9.9°C
 Min.temp: 4.8°C
 Devpoint: 1.8 °C
 Wind speed: 1.7m/s
 Wind direction: W
 Max wind gust: 7.7m/s
 Precipitation: 11.8mm
 Pressure: 1005.5 hPa
 P.tendency: +3.9 hPa/3h
 Humidity: 78%
 Abs.humidity: 5.41 g/m3
Ground temperature
Min.temp 5.8°C /18:24
Akt.temp
6.5°C

2019: Jan | Feb | Mar | Apr | May | Jun | Jul | Aug | Sep | Oct | Nov | Dec 
2018: Jan | Feb | Mar | Apr | May | Jun | Jul | Aug | Sep | Oct | Nov | Dec 
2017: Jan | Feb | Mar | Apr | May | Jun | Jul | Aug | Sep | Oct | Nov | Dec 
2016: Jan | Feb | Mar | Apr | May | Jun | Jul | Aug | Sep | Oct | Nov | Dec 
2015: Jan | Feb | Mar | Apr | May | Jun | Jul | Aug | Sep | Oct | Nov | Dec 
2014: Jan | Feb | Mar | Apr | May | Jun | Jul | Aug | Sep | Oct | Nov | Dec 
2013: Jan | Feb | Mar | Apr | May | Jun | Jul | Aug | Sep | Oct | Nov | Dec 
2012: Jan | Feb | Mar | Apr | May | Jun | Jul | Aug | Sep | Oct | Nov | Dec 
2011: Jan | Feb | Mar | Apr | May | Jun | Jul | Aug | Sep | Oct | Nov | Dec 
2010: Jan | Feb | Mar | Apr | May | Jun | Jul | Aug | Sep | Oct | Nov | Dec 
2009: Jan | Feb | Mar | Apr | May | Jun | Jul | Aug | Sep | Oct | Nov | Dec 
2008: Jan | Feb | Mar | Apr | May | Jun | Jul | Aug | Sep | Oct | Nov | Dec 
2007: Jan | Feb | Mar | Apr | May | Jun | Jul | Aug | Sep | Oct | Nov | Dec 

Report for 2010 12
MONTHLY CLIMATOLOGICAL SUMMARY for December 2010 CITY: Blahová ELEV: 117 m LAT: 48° 5' 7" North LONG: 17° 32' 48" East TEMPERATURE (°C), BAROMETER (hPa), RAIN (mm), WIND SPEED (m/s) MEAN TEMPERATURE WIND DOM trans Ground DAY TEMP HIGH TIME LOW TIME HUM Baro Rain SPEED HIGH TIME DIR pirat min.temp time ------------------------------------------------------------------------------------------------------------------------------ 1 -0.9 0.0 22:44 -3.9 00:00 86 1003.9 4.0 3.3 8.5 10:53 E-NE 0.164 -- - - 2 -1.2 2.5 13:20 -2.4 21:31 85 1012.1 1.6 0.6 7.6 00:23 N-NE 0.283 -- - - 3 -1.9 0.4 13:27 -4.0 03:41 88 1010.5 4.9 1.3 5.9 16:43 W-NW 0.162 -- - - 4 -9.0 -1.9 12:59 -14.7 07:26 82 1022.7 3.5 1.7 5.4 13:13 W-NW 0.248 -- - - 5 -7.3 -2.0 21:36 -17.8 07:11 85 1017.3 0.0 1.7 6.6 20:21 E-NE 0.119 -- - - 6 0.8 2.7 12:16 -4.5 02:46 87 1009.3 3.0 2.0 5.2 10:16 E 0.238 -- - - 7 1.5 4.4 12:16 -0.5 17:46 90 1009.3 0.0 0.8 3.7 00:16 E-NE 0.192 -- - - 8 1.6 4.4 18:11 0.9 21:31 92 1009.3 0.0 0.9 3.7 17:41 E 0.136 -- - - 9 1.0 3.6 06:56 -0.4 23:26 79 1009.3 0.0 5.0 13.2 06:46 W-NW 0.332 -- - - 10 -2.0 0.9 12:55 -3.0 23:55 73 1014.3 1.0 3.2 10.3 17:05 W-NW 0.360 -- - - 11 0.2 2.7 23:38 -5.9 03:31 84 1011.0 6.0 4.1 10.9 22:00 S 0.170 -- - - 12 2.4 4.6 13:25 0.7 23:53 80 1006.8 0.8 4.5 10.6 10:43 W 0.400 -- - - 13 -3.1 1.2 11:45 -5.6 23:51 75 1015.6 0.1 3.9 13.9 17:17 W-NW 0.348 -- - - 14 -3.9 -2.8 12:37 -5.6 00:00 80 1018.3 0.0 3.1 9.6 11:33 W-NW 0.248 -- - - 15 -3.8 -1.7 13:00 -5.2 16:35 82 1020.0 0.2 2.0 8.3 07:14 W 0.203 -- - - 16 -8.4 -2.4 12:34 -11.4 23:44 80 1015.7 0.0 0.3 3.4 00:34 N 0.260 -- - - 17 -7.5 -5.6 12:53 -11.7 03:54 82 1003.9 0.0 3.3 10.4 20:08 E 0.160 -- - - 18 -8.3 -4.8 12:37 -11.4 22:45 84 1006.6 3.5 1.1 5.3 02:08 N-NE 0.176 -- - - 19 -8.7 -3.6 12:56 -15.6 07:04 82 1009.5 0.0 2.3 8.0 18:50 E-NE 0.202 -- - - 20 -3.2 1.3 12:44 -7.3 00:00 80 1009.7 0.0 1.1 7.0 03:28 E-NE 0.331 -- - - 21 -1.7 2.4 13:21 -7.6 05:44 86 1012.8 0.0 1.6 4.6 11:51 E-NE 0.267 -- - - 22 1.8 5.6 12:11 -1.3 00:39 88 1009.0 0.0 1.6 5.8 03:14 E-NE 0.252 -- - - 23 5.2 9.7 13:22 1.6 02:41 88 1004.2 0.0 2.7 6.4 17:08 E 0.404 -- - - 24 6.0 10.0 13:21 3.1 23:28 89 998.6 4.1 1.9 7.9 08:18 E 0.308 -- - - 25 -0.1 3.3 00:08 -1.8 23:31 79 1009.9 2.4 6.7 15.3 16:48 W-NW 0.284 -- - - 26 -5.1 -1.8 00:00 -6.3 21:30 71 1024.3 0.0 4.1 13.9 00:18 W-NW 0.315 -- - - 27 -4.9 -0.3 13:30 -7.2 22:26 74 1025.7 0.0 1.7 6.4 08:09 N-NW 0.393 -- - - 28 -4.9 -1.4 14:14 -9.7 04:04 81 1024.3 0.1 2.2 7.6 20:26 W-NW 0.210 -- - - 29 -8.4 -3.5 11:36 -10.2 07:39 81 1028.5 0.0 0.5 5.1 04:16 E 0.221 -- - - 30 -6.8 -5.2 12:46 -8.9 00:00 83 1028.9 0.0 0.4 4.2 22:57 E 0.157 -- - - 31 -5.9 -4.7 23:27 -8.0 02:26 88 1026.0 0.1 0.0 3.9 01:37 E-NE 0.103 -- - - ------------------------------------------------------------------------------------------------------------------------------ Avg: -2.8 10.0 24 -17.8 5 83 1013.8 35.5 2.2 15.3 25 W-NW 7.647 Wind Run 7432.0 km Calm Values 4189 Calm in % 11.6 % Sun 0 min. Distribution WD Values 31787 Distribution WD N-NO 4.0 % Distribution WD NO 2.3 % Distribution WD NO-O 14.9 % Distribution WD O 14.8 % Distribution WD O-SO 5.5 % Distribution WD SO 3.1 % Distribution WD SO-S 1.4 % Distribution WD S 2.8 % Distribution WD S-SW 3.0 % Distribution WD SW 2.2 % Distribution WD SW-W 4.0 % Distribution WD W 9.5 % Distribution WD W-NW 16.1 % Distribution WD NW 4.9 % Distribution WD NW-N 7.7 % Distribution WD N 3.8 % Rain days >0.0 mm Month 17 Rain days >2.0 mm Month 8 Rain days >20.0 mm Month 0 Ice days max < 0°C 14 Cold days min < 0°C 27 Cool days max < 10°C 30 Summer days max >=25°C 0 Hot days max >=30°C 0 Last year same Month: Ice days max < 0°C - - Last year same Month: Cold days min < 0°C - - Last year same Month: Cool days max < 10°C - - Last year same Month: Summer days max >=25°C - - Last year same Month: Hot days max >=30°C - - © 1999-2011 Werner Krenn / Mischa Thurnherr - Weatherstation Operating- and Data Acquisition Software - V2.96.7


  ©UMa Astronomy

Creative Commons License
Meteo by UMa Astronomy is licensed under a Creative Commons Attribution-NonCommercial-NoDerivs 3.0 Unported License.