Blahová 12/15/2019
 Last update: 17:13
Updated every 10 minutes
 Cold 
 Akt.temp: 4.6°C
 Max.temp: 6.9°C
 Min.temp: 1.0°C
 Devpoint: 1.6 °C
 Wind speed: 1.1m/s
 Wind direction: N
 Max wind gust: 5.0m/s
 Precipitation: 0.0mm
 Pressure: 1011.4 hPa
 P.tendency: +1.1 hPa/3h
 Humidity: 81%
 Abs.humidity: 5.36 g/m3
Ground temperature
Min.temp 1.1°C /07:46
Akt.temp
3.2°C

2019: Jan | Feb | Mar | Apr | May | Jun | Jul | Aug | Sep | Oct | Nov | Dec 
2018: Jan | Feb | Mar | Apr | May | Jun | Jul | Aug | Sep | Oct | Nov | Dec 
2017: Jan | Feb | Mar | Apr | May | Jun | Jul | Aug | Sep | Oct | Nov | Dec 
2016: Jan | Feb | Mar | Apr | May | Jun | Jul | Aug | Sep | Oct | Nov | Dec 
2015: Jan | Feb | Mar | Apr | May | Jun | Jul | Aug | Sep | Oct | Nov | Dec 
2014: Jan | Feb | Mar | Apr | May | Jun | Jul | Aug | Sep | Oct | Nov | Dec 
2013: Jan | Feb | Mar | Apr | May | Jun | Jul | Aug | Sep | Oct | Nov | Dec 
2012: Jan | Feb | Mar | Apr | May | Jun | Jul | Aug | Sep | Oct | Nov | Dec 
2011: Jan | Feb | Mar | Apr | May | Jun | Jul | Aug | Sep | Oct | Nov | Dec 
2010: Jan | Feb | Mar | Apr | May | Jun | Jul | Aug | Sep | Oct | Nov | Dec 
2009: Jan | Feb | Mar | Apr | May | Jun | Jul | Aug | Sep | Oct | Nov | Dec 
2008: Jan | Feb | Mar | Apr | May | Jun | Jul | Aug | Sep | Oct | Nov | Dec 
2007: Jan | Feb | Mar | Apr | May | Jun | Jul | Aug | Sep | Oct | Nov | Dec 

Report for 2011 01
MONTHLY CLIMATOLOGICAL SUMMARY for January 2011 CITY: Blahová ELEV: 117 m LAT: 48° 5' 7" North LONG: 17° 32' 48" East TEMPERATURE (°C), BAROMETER (hPa), RAIN (mm), WIND SPEED (m/s) MEAN TEMPERATURE WIND DOM trans Ground DAY TEMP HIGH TIME LOW TIME HUM Baro Rain SPEED HIGH TIME DIR pirat min.temp time ------------------------------------------------------------------------------------------------------------------------------ 1 -1.8 0.1 23:18 -4.9 00:49 89 1018.9 0.1 0.6 3.8 23:24 S-SW 0.131 -- - - 2 -1.5 2.5 12:30 -3.2 21:23 83 1020.0 0.0 1.0 6.1 12:27 W 0.307 -- - - 3 -1.9 2.5 11:55 -4.7 07:55 83 1023.8 0.1 2.1 4.9 12:05 W-NW 0.374 -- - - 4 -5.3 -3.2 13:30 -9.5 06:30 87 1025.7 0.0 2.7 7.3 20:55 E 0.125 -- - - 5 -4.4 -4.0 03:35 -5.2 08:10 84 1024.2 0.1 3.2 7.5 04:35 E-SE 0.155 -- - - 6 -2.3 0.3 13:15 -5.5 08:30 83 1018.5 0.0 3.8 9.1 06:56 E 0.261 -- - - 7 0.8 3.8 12:31 -1.4 00:00 86 1019.9 0.0 3.9 8.1 19:36 E-NE 0.285 -- - - 8 1.3 3.4 12:49 -0.5 23:01 89 1019.0 0.8 1.3 6.9 01:36 E-NE 0.205 -- - - 9 1.2 3.9 14:22 -0.5 02:09 91 1018.5 0.0 2.5 7.2 17:40 E-NE 0.130 -- - - 10 2.2 5.0 14:10 0.4 05:45 91 1023.1 0.0 0.2 2.3 21:10 E-NE 0.141 -- - - 11 3.0 5.2 13:39 1.1 02:50 92 1016.2 0.0 1.3 4.7 13:49 E-SE 0.139 -- - - 12 2.8 7.6 12:19 0.5 23:09 87 1020.0 0.0 1.5 5.6 12:59 W 0.274 -- - - 13 3.9 5.8 14:19 1.3 02:44 91 1015.3 7.3 2.2 6.1 09:24 S-SW 0.185 -- - - 14 8.3 11.0 14:09 3.9 04:19 87 1017.7 0.0 1.6 6.3 23:00 S-SW 0.237 -- - - 15 6.6 12.0 13:16 2.9 23:51 78 1024.6 0.0 2.1 15.0 11:25 W-NW 0.859 -- - - 16 3.5 9.5 14:16 0.6 05:33 86 1029.9 0.1 1.4 2.6 21:26 E-NE 0.474 -- - - 17 0.7 3.5 13:22 -1.6 06:45 90 1018.5 0.0 0.8 2.3 07:30 N-NW 0.171 -- - - 18 2.4 5.9 14:27 0.5 00:02 90 1014.4 0.8 1.1 4.3 17:57 S-SW 0.207 -- - - 19 2.6 4.1 13:32 1.0 00:02 90 1010.6 3.2 1.8 6.5 22:22 W-NW 0.149 -- - - 20 0.8 4.9 12:27 -0.8 22:57 79 1011.6 0.0 3.4 9.6 13:57 N-NW 0.519 -- - - 21 -0.4 3.5 12:47 -1.6 03:07 75 1015.9 0.0 3.9 10.1 19:21 N-NW 0.461 -- - - 22 -1.5 2.2 13:03 -3.2 20:42 72 1024.7 0.0 3.3 8.1 10:49 N-NW 0.559 -- - - 23 -1.5 1.8 12:19 -5.8 06:53 78 1021.7 0.2 2.6 9.1 10:48 W-NW 0.461 -- - - 24 -3.8 2.5 12:39 -7.4 23:56 72 1022.0 0.0 1.5 7.8 14:10 N-NW 0.606 -- - - 25 -2.0 -0.5 14:07 -8.6 03:11 83 1014.3 1.2 1.5 5.5 23:08 E-SE 0.200 -- - - 26 -2.5 1.2 12:05 -6.1 07:16 86 1012.4 2.9 1.2 6.8 00:38 E-NE 0.195 -- - - 27 -2.8 1.7 12:33 -4.5 23:51 83 1021.7 0.8 0.7 4.1 20:47 E-NE 0.274 -- - - 28 -7.9 -2.0 14:21 -12.6 23:11 83 1028.7 0.0 0.7 3.8 06:41 N-NE 0.233 -- - - 29 -11.3 -2.8 13:26 -14.8 07:21 80 1027.4 0.0 0.6 1.4 20:46 E-NE 0.248 -- - - 30 -4.4 0.3 12:41 -13.9 00:26 81 1024.9 0.0 0.8 2.6 13:41 E-NE 0.291 -- - - 31 -5.5 -3.1 13:16 -6.8 23:32 82 1028.8 0.0 1.5 3.6 23:38 E-NE 0.199 -- - - ------------------------------------------------------------------------------------------------------------------------------ Avg: -0.7 12.0 15 -14.8 29 84 1020.4 17.6 1.8 15.0 15 E-NE 9.055 Wind Run 5735.2 km Calm Values 3391 Calm in % 13.3 % Sun 0 min. Distribution WD Values 22012 Distribution WD N-NO 5.5 % Distribution WD NO 4.4 % Distribution WD NO-O 15.0 % Distribution WD O 11.4 % Distribution WD O-SO 6.4 % Distribution WD SO 3.5 % Distribution WD SO-S 1.5 % Distribution WD S 3.7 % Distribution WD S-SW 4.5 % Distribution WD SW 3.1 % Distribution WD SW-W 4.8 % Distribution WD W 7.7 % Distribution WD W-NW 10.8 % Distribution WD NW 4.7 % Distribution WD NW-N 9.8 % Distribution WD N 3.6 % Rain days >0.0 mm Month 12 Rain days >2.0 mm Month 3 Rain days >20.0 mm Month 0 Ice days max < 0°C 6 Cold days min < 0°C 22 Cool days max < 10°C 29 Summer days max >=25°C 0 Hot days max >=30°C 0 Last year same Month: Ice days max < 0°C 11 Last year same Month: Cold days min < 0°C 30 Last year same Month: Cool days max < 10°C 31 Last year same Month: Summer days max >=25°C 0 Last year same Month: Hot days max >=30°C 0 © 1999-2011 Werner Krenn / Mischa Thurnherr - Weatherstation Operating- and Data Acquisition Software - V2.96.7


  ©UMa Astronomy

Creative Commons License
Meteo by UMa Astronomy is licensed under a Creative Commons Attribution-NonCommercial-NoDerivs 3.0 Unported License.