Blahová 09/20/2019
 Last update: 09:18
Updated every 10 minutes
 Cold 
 Akt.temp: 13.3°C
 Max.temp: 13.3°C
 Min.temp: 3.3°C
 Devpoint: 7.3 °C
 Wind speed: 1.7m/s
 Wind direction: N-NW
 Max wind gust: 3.2m/s
 Precipitation: 0.0mm
 Pressure: 1028.4 hPa
 P.tendency: +1.5 hPa/3h
 Humidity: 67%
 Abs.humidity: 7.74 g/m3
Ground temperature
Min.temp 2.5°C /05:08
Akt.temp
14.1°C

2019: Jan | Feb | Mar | Apr | May | Jun | Jul | Aug | Sep | Oct | Nov | Dec 
2018: Jan | Feb | Mar | Apr | May | Jun | Jul | Aug | Sep | Oct | Nov | Dec 
2017: Jan | Feb | Mar | Apr | May | Jun | Jul | Aug | Sep | Oct | Nov | Dec 
2016: Jan | Feb | Mar | Apr | May | Jun | Jul | Aug | Sep | Oct | Nov | Dec 
2015: Jan | Feb | Mar | Apr | May | Jun | Jul | Aug | Sep | Oct | Nov | Dec 
2014: Jan | Feb | Mar | Apr | May | Jun | Jul | Aug | Sep | Oct | Nov | Dec 
2013: Jan | Feb | Mar | Apr | May | Jun | Jul | Aug | Sep | Oct | Nov | Dec 
2012: Jan | Feb | Mar | Apr | May | Jun | Jul | Aug | Sep | Oct | Nov | Dec 
2011: Jan | Feb | Mar | Apr | May | Jun | Jul | Aug | Sep | Oct | Nov | Dec 
2010: Jan | Feb | Mar | Apr | May | Jun | Jul | Aug | Sep | Oct | Nov | Dec 
2009: Jan | Feb | Mar | Apr | May | Jun | Jul | Aug | Sep | Oct | Nov | Dec 
2008: Jan | Feb | Mar | Apr | May | Jun | Jul | Aug | Sep | Oct | Nov | Dec 
2007: Jan | Feb | Mar | Apr | May | Jun | Jul | Aug | Sep | Oct | Nov | Dec 

Report for 2011 02
MONTHLY CLIMATOLOGICAL SUMMARY for February 2011 CITY: Blahová ELEV: 117 m LAT: 48° 5' 7" North LONG: 17° 32' 48" East TEMPERATURE (°C), BAROMETER (hPa), RAIN (mm), WIND SPEED (m/s) MEAN TEMPERATURE WIND DOM trans Ground DAY TEMP HIGH TIME LOW TIME HUM Baro Rain SPEED HIGH TIME DIR pirat min.temp time ------------------------------------------------------------------------------------------------------------------------------ 1 -5.1 -2.8 13:20 -6.8 00:00 82 1029.7 0.0 1.4 3.6 10:49 E-NE 0.213 -- - - 2 -4.7 -0.4 12:02 -9.0 23:54 76 1030.7 0.0 1.0 6.3 10:59 W-NW 0.374 -- - - 3 -3.8 2.1 13:55 -10.8 02:01 82 1030.2 0.1 0.7 3.9 10:34 E 0.371 -- - - 4 0.0 5.7 12:48 -5.2 07:32 83 1028.9 0.0 1.5 4.3 14:05 SE 0.423 -- - - 5 6.3 11.4 12:45 -0.6 04:55 74 1024.9 0.0 3.4 10.1 13:02 W 0.956 -- - - 6 5.8 12.9 13:53 0.7 23:58 75 1026.3 0.0 2.1 9.4 11:34 W 1.063 -- - - 7 2.2 12.9 13:54 -3.0 07:06 74 1023.8 0.0 0.9 3.7 01:17 E-NE 1.375 -- - - 8 4.0 13.2 13:33 -3.8 06:21 77 1018.5 0.0 2.9 8.2 14:27 W-NW 1.186 -- - - 9 1.0 9.7 13:19 -3.1 23:52 72 1025.8 0.0 0.8 5.4 12:57 W-NW 1.128 -- - - 10 0.3 7.6 13:22 -5.7 06:22 78 1024.3 0.0 1.4 4.5 13:37 E 0.666 -- - - 11 4.8 8.8 23:04 -2.6 02:49 85 1013.2 2.7 1.8 7.9 18:17 S-SW 0.211 -- - - 12 0.4 8.9 00:11 -3.2 21:47 64 1020.8 0.9 2.6 14.1 04:18 N-NW 0.898 -- - - 13 -0.7 1.3 12:59 -3.2 01:14 75 1019.8 0.2 1.4 4.5 17:33 E-SE 0.409 -- - - 14 -0.0 2.1 12:43 -0.8 00:00 78 1016.9 0.0 1.4 4.6 10:16 E-NE 0.366 -- - - 15 -0.8 -0.2 13:11 -1.6 23:44 67 1012.5 0.0 3.1 9.8 22:13 E-SE 0.444 -- - - 16 -0.6 0.3 15:28 -2.1 02:02 87 1010.1 0.2 3.5 8.1 01:48 E-SE 0.162 -- - - 17 0.6 1.5 11:47 -0.4 00:00 87 1010.1 0.4 2.3 7.1 00:23 E-SE 0.176 -- - - 18 2.0 3.3 16:00 0.7 00:57 90 1014.2 0.0 0.9 4.3 00:15 E-NE 0.154 -- - - 19 2.0 5.2 13:41 -0.3 19:46 80 1015.8 0.0 4.2 9.2 13:26 W-NW 0.470 -- - - 20 -1.5 3.9 12:28 -5.6 23:50 71 1018.3 0.0 2.1 8.1 12:46 N-NW 0.606 -- - - 21 -3.7 -2.3 14:00 -6.4 01:22 73 1019.4 0.0 2.5 5.5 10:05 N-NW 0.323 -- - - 22 -4.9 0.1 15:30 -7.8 23:59 70 1019.1 0.0 2.3 7.0 22:57 N-NW 0.432 -- - - 23 -6.1 -1.0 14:22 -8.8 06:44 65 1026.9 0.0 3.7 9.5 09:45 W-NW 0.543 -- - - 24 -4.4 1.8 14:03 -10.0 06:54 63 1030.2 0.0 1.8 7.6 15:55 N-NW 0.726 -- - - 25 -3.7 2.2 13:46 -7.7 05:53 65 1030.6 0.0 3.0 9.8 08:45 N-NW 0.718 -- - - 26 -2.5 5.7 13:56 -9.2 06:07 66 1025.5 0.0 1.1 4.7 15:05 E-SE 0.919 -- - - 27 -3.3 3.2 10:28 -6.6 05:56 78 1021.8 0.0 1.2 5.8 10:05 SE 0.359 -- - - 28 -0.1 7.0 15:00 -6.9 01:52 79 1028.3 0.0 1.9 6.9 09:35 N-NW 0.749 -- - - ------------------------------------------------------------------------------------------------------------------------------ Avg: -0.6 13.2 8 -10.8 3 75 1022.0 4.4 2.0 14.1 12 N-NW 16.421 Wind Run 5740.1 km Calm Values 2731 Calm in % 7.0 % Sun 0 min. Distribution WD Values 36302 Distribution WD N-NO 3.3 % Distribution WD NO 2.1 % Distribution WD NO-O 8.4 % Distribution WD O 10.9 % Distribution WD O-SO 12.7 % Distribution WD SO 5.0 % Distribution WD SO-S 2.0 % Distribution WD S 2.6 % Distribution WD S-SW 3.0 % Distribution WD SW 2.2 % Distribution WD SW-W 3.1 % Distribution WD W 6.4 % Distribution WD W-NW 12.7 % Distribution WD NW 6.0 % Distribution WD NW-N 15.1 % Distribution WD N 4.7 % Rain days >0.0 mm Month 6 Rain days >2.0 mm Month 1 Rain days >20.0 mm Month 0 Ice days max < 0°C 5 Cold days min < 0°C 26 Cool days max < 10°C 24 Summer days max >=25°C 0 Hot days max >=30°C 0 Last year same Month: Ice days max < 0°C 3 Last year same Month: Cold days min < 0°C 19 Last year same Month: Cool days max < 10°C 22 Last year same Month: Summer days max >=25°C 0 Last year same Month: Hot days max >=30°C 0 © 1999-2011 Werner Krenn / Mischa Thurnherr - Weatherstation Operating- and Data Acquisition Software - V2.96.7


  ©UMa Astronomy

Creative Commons License
Meteo by UMa Astronomy is licensed under a Creative Commons Attribution-NonCommercial-NoDerivs 3.0 Unported License.