Blahová 09/20/2019
 Last update: 08:38
Updated every 10 minutes
 Cold 
 Akt.temp: 10.9°C
 Max.temp: 10.9°C
 Min.temp: 3.3°C
 Devpoint: 6.3 °C
 Wind speed: 1.4m/s
 Wind direction: N
 Max wind gust: 2.9m/s
 Precipitation: 0.0mm
 Pressure: 1028.1 hPa
 P.tendency: +1.2 hPa/3h
 Humidity: 73%
 Abs.humidity: 7.26 g/m3
Ground temperature
Min.temp 2.5°C /05:08
Akt.temp
12.3°C

2019: Jan | Feb | Mar | Apr | May | Jun | Jul | Aug | Sep | Oct | Nov | Dec 
2018: Jan | Feb | Mar | Apr | May | Jun | Jul | Aug | Sep | Oct | Nov | Dec 
2017: Jan | Feb | Mar | Apr | May | Jun | Jul | Aug | Sep | Oct | Nov | Dec 
2016: Jan | Feb | Mar | Apr | May | Jun | Jul | Aug | Sep | Oct | Nov | Dec 
2015: Jan | Feb | Mar | Apr | May | Jun | Jul | Aug | Sep | Oct | Nov | Dec 
2014: Jan | Feb | Mar | Apr | May | Jun | Jul | Aug | Sep | Oct | Nov | Dec 
2013: Jan | Feb | Mar | Apr | May | Jun | Jul | Aug | Sep | Oct | Nov | Dec 
2012: Jan | Feb | Mar | Apr | May | Jun | Jul | Aug | Sep | Oct | Nov | Dec 
2011: Jan | Feb | Mar | Apr | May | Jun | Jul | Aug | Sep | Oct | Nov | Dec 
2010: Jan | Feb | Mar | Apr | May | Jun | Jul | Aug | Sep | Oct | Nov | Dec 
2009: Jan | Feb | Mar | Apr | May | Jun | Jul | Aug | Sep | Oct | Nov | Dec 
2008: Jan | Feb | Mar | Apr | May | Jun | Jul | Aug | Sep | Oct | Nov | Dec 
2007: Jan | Feb | Mar | Apr | May | Jun | Jul | Aug | Sep | Oct | Nov | Dec 

Report for 2011 03
MONTHLY CLIMATOLOGICAL SUMMARY for March 2011 CITY: Blahová ELEV: 117 m LAT: 48° 5' 7" North LONG: 17° 32' 48" East TEMPERATURE (°C), BAROMETER (hPa), RAIN (mm), WIND SPEED (m/s) MEAN TEMPERATURE WIND DOM trans Ground DAY TEMP HIGH TIME LOW TIME HUM Baro Rain SPEED HIGH TIME DIR pirat min.temp time ------------------------------------------------------------------------------------------------------------------------------ 1 1.3 7.5 12:40 -3.8 23:59 71 1033.3 0.0 2.0 5.4 20:25 N-NE 0.875 -- - - 2 0.7 5.0 11:35 -4.7 02:35 69 1034.9 0.9 2.1 7.8 10:48 E-NE 0.824 -- - - 3 -0.0 1.8 16:20 -1.5 02:00 84 1034.9 0.2 1.0 5.0 12:44 E 0.290 -- - - 4 0.6 8.1 15:05 -4.0 23:49 76 1032.8 0.0 0.4 4.0 16:30 S-SW 0.865 -- - - 5 1.3 7.7 15:05 -4.1 00:06 75 1022.4 0.0 1.0 4.9 13:36 S-SW 0.793 -- - - 6 0.8 6.3 13:00 -1.5 23:47 56 1025.7 0.0 3.2 9.7 14:44 N-NW 0.954 -- - - 7 -1.1 4.7 13:29 -4.5 23:55 53 1037.4 0.0 3.3 11.4 09:24 N-NW 1.184 -- - - 8 -1.1 6.1 14:10 -8.5 06:15 57 1034.1 0.0 1.2 6.4 13:08 E 1.191 -- - - 9 0.4 8.2 13:53 -7.1 04:23 58 1024.5 0.0 1.7 6.7 12:42 E 1.417 -- - - 10 0.7 3.2 16:18 -2.6 02:05 79 1020.8 1.1 1.0 4.6 00:14 E-NE 0.300 -- - - 11 4.6 14.6 13:28 -1.0 23:58 67 1021.2 0.0 1.7 11.1 14:25 W 1.913 -- - - 12 9.2 15.9 14:54 -2.0 02:41 56 1017.2 0.0 4.5 11.6 15:13 SE 2.118 -- - - 13 11.8 17.4 14:58 8.5 03:05 55 1015.1 0.0 3.9 14.9 10:26 S-SE 2.300 -- - - 14 12.7 20.7 14:02 5.7 23:59 62 1018.3 0.0 2.0 12.3 11:23 S-SW 2.807 -- - - 15 12.0 20.0 14:21 2.7 03:04 69 1019.5 0.0 1.6 5.5 12:36 E 2.646 -- - - 16 11.5 15.0 11:53 6.8 05:40 77 1014.0 0.4 2.5 8.4 18:50 E 0.844 -- - - 17 10.6 12.2 11:47 9.0 23:33 89 1005.5 14.8 3.2 9.4 06:55 E 0.321 -- - - 18 4.7 9.1 00:00 2.6 23:35 86 1017.1 13.9 4.3 9.9 09:49 W-NW 0.254 -- - - 19 4.1 4.7 14:37 2.5 01:06 78 1025.7 4.4 5.1 12.8 12:17 N-NW 0.445 -- - - 20 3.8 8.9 14:23 1.0 06:07 68 1031.9 0.0 3.8 11.0 10:13 N-NW 1.028 -- - - 21 4.9 12.1 14:42 -0.8 05:50 60 1036.1 0.0 1.9 7.5 01:49 N-NW 1.759 -- - - 22 6.6 15.0 14:24 -1.2 02:52 62 1035.6 0.0 0.9 5.2 13:49 W-NW 2.025 -- - - 23 9.1 15.9 15:03 1.2 01:17 67 1034.9 0.0 2.8 9.1 12:21 N-NW 1.716 -- - - 24 10.4 17.7 15:24 1.5 05:59 54 1031.2 0.0 2.1 7.8 15:52 W-NW 2.773 -- - - 25 12.4 19.3 14:47 1.3 05:54 56 1017.7 0.0 1.7 6.9 15:09 S-SW 2.763 -- - - 26 8.8 14.2 11:51 4.7 05:57 65 1014.6 0.0 2.1 7.3 09:48 N-NW 1.268 -- - - 27 5.9 9.5 13:52 2.9 05:14 75 1018.5 3.2 1.8 4.9 17:48 SE 0.932 -- - - 28 7.0 13.2 16:10 3.3 23:53 78 1015.8 0.8 0.6 4.6 15:25 S-SW 1.033 -- - - 29 7.4 17.1 15:25 0.2 05:45 65 1018.5 0.0 0.9 4.7 12:48 N-NW 2.083 -- - - 30 9.1 19.3 15:06 -0.6 05:56 60 1019.2 0.0 1.2 6.4 13:34 E-SE 2.667 -- - - 31 11.3 20.5 16:10 1.3 06:14 65 1022.3 0.0 0.7 5.6 17:36 E-NE 2.487 -- - - ------------------------------------------------------------------------------------------------------------------------------ Avg: 5.9 20.7 14 -8.5 8 67 1024.2 39.8 2.1 14.9 13 N-NW 44.876 Wind Run 7050.7 km Calm Values 3780 Calm in % 8.5 % Sun 0 min. Distribution WD Values 40743 Distribution WD N-NO 4.8 % Distribution WD NO 2.0 % Distribution WD NO-O 7.7 % Distribution WD O 10.8 % Distribution WD O-SO 7.6 % Distribution WD SO 7.6 % Distribution WD SO-S 4.0 % Distribution WD S 4.8 % Distribution WD S-SW 5.5 % Distribution WD SW 3.3 % Distribution WD SW-W 3.9 % Distribution WD W 6.3 % Distribution WD W-NW 8.8 % Distribution WD NW 4.3 % Distribution WD NW-N 12.3 % Distribution WD N 6.2 % Rain days >0.0 mm Month 9 Rain days >2.0 mm Month 4 Rain days >20.0 mm Month 0 Ice days max < 0°C 0 Cold days min < 0°C 15 Cool days max < 10°C 14 Summer days max >=25°C 0 Hot days max >=30°C 0 Last year same Month: Ice days max < 0°C 0 Last year same Month: Cold days min < 0°C 12 Last year same Month: Cool days max < 10°C 13 Last year same Month: Summer days max >=25°C 0 Last year same Month: Hot days max >=30°C 0 © 1999-2011 Werner Krenn / Mischa Thurnherr - Weatherstation Operating- and Data Acquisition Software - V2.96.7


  ©UMa Astronomy

Creative Commons License
Meteo by UMa Astronomy is licensed under a Creative Commons Attribution-NonCommercial-NoDerivs 3.0 Unported License.