Blahová 11/18/2019
 Last update: 19:38
Updated every 10 minutes
 Cold 
 Akt.temp: 6.7°C
 Max.temp: 14.1°C
 Min.temp: 6.7°C
 Devpoint: 3 °C
 Wind speed: 1.4m/s
 Wind direction: SE
 Max wind gust: 8.4m/s
 Precipitation: 0.3mm
 Pressure: 1015.4 hPa
 P.tendency: +2.8 hPa/3h
 Humidity: 77%
 Abs.humidity: 5.85 g/m3
Ground temperature
Min.temp 4.0°C /19:38
Akt.temp
4.0°C

2019: Jan | Feb | Mar | Apr | May | Jun | Jul | Aug | Sep | Oct | Nov | Dec 
2018: Jan | Feb | Mar | Apr | May | Jun | Jul | Aug | Sep | Oct | Nov | Dec 
2017: Jan | Feb | Mar | Apr | May | Jun | Jul | Aug | Sep | Oct | Nov | Dec 
2016: Jan | Feb | Mar | Apr | May | Jun | Jul | Aug | Sep | Oct | Nov | Dec 
2015: Jan | Feb | Mar | Apr | May | Jun | Jul | Aug | Sep | Oct | Nov | Dec 
2014: Jan | Feb | Mar | Apr | May | Jun | Jul | Aug | Sep | Oct | Nov | Dec 
2013: Jan | Feb | Mar | Apr | May | Jun | Jul | Aug | Sep | Oct | Nov | Dec 
2012: Jan | Feb | Mar | Apr | May | Jun | Jul | Aug | Sep | Oct | Nov | Dec 
2011: Jan | Feb | Mar | Apr | May | Jun | Jul | Aug | Sep | Oct | Nov | Dec 
2010: Jan | Feb | Mar | Apr | May | Jun | Jul | Aug | Sep | Oct | Nov | Dec 
2009: Jan | Feb | Mar | Apr | May | Jun | Jul | Aug | Sep | Oct | Nov | Dec 
2008: Jan | Feb | Mar | Apr | May | Jun | Jul | Aug | Sep | Oct | Nov | Dec 
2007: Jan | Feb | Mar | Apr | May | Jun | Jul | Aug | Sep | Oct | Nov | Dec 

Report for 2011 04
MONTHLY CLIMATOLOGICAL SUMMARY for April 2011 CITY: Blahová ELEV: 117 m LAT: 48° 5' 7" North LONG: 17° 32' 48" East TEMPERATURE (°C), BAROMETER (hPa), RAIN (mm), WIND SPEED (m/s) MEAN TEMPERATURE WIND DOM trans Ground DAY TEMP HIGH TIME LOW TIME HUM Baro Rain SPEED HIGH TIME DIR pirat min.temp time ------------------------------------------------------------------------------------------------------------------------------ 1 12.8 18.1 14:22 8.6 23:43 77 1023.8 3.0 1.6 8.6 13:13 W 2.183 -- - - 2 13.2 20.6 16:04 5.1 05:42 69 1021.6 0.0 1.3 4.6 15:13 N-NW 3.392 -- - - 3 12.3 20.4 14:25 6.5 04:19 68 1017.4 0.0 1.5 5.8 12:58 E-SE 3.594 -- - - 4 12.8 22.0 14:18 5.8 06:50 69 1017.6 0.3 3.4 11.8 16:47 E-NE 4.041 -- - - 5 9.1 16.6 14:08 5.5 23:44 68 1026.3 0.0 1.5 9.5 00:01 N-NW 2.432 -- - - 6 13.3 18.6 15:53 2.5 03:31 69 1026.6 0.0 1.5 7.4 13:50 W-NW 2.686 -- - - 7 19.8 25.7 16:29 12.2 04:18 56 1017.4 0.0 3.6 12.9 23:54 W 4.057 -- - - 8 13.0 18.9 00:00 10.1 06:41 49 1014.8 0.0 5.2 16.8 07:55 W-NW 2.893 -- - - 9 12.2 16.6 14:21 9.7 23:58 46 1016.8 0.0 5.3 14.9 14:37 W-NW 3.419 -- - - 10 11.9 17.1 16:02 3.6 05:16 50 1019.6 0.0 2.8 15.2 18:26 W-NW 3.344 -- - - 11 12.6 17.3 15:22 7.4 06:11 57 1019.6 0.0 2.2 13.1 01:09 N-NW 2.760 -- - - 12 11.3 19.1 10:37 7.7 06:54 69 1013.3 1.4 2.4 15.3 17:17 W 1.754 -- - - 13 6.7 11.5 12:27 3.8 06:52 70 1014.6 0.0 2.9 12.7 15:20 W-NW 1.683 -- - - 14 6.8 9.3 14:45 4.7 02:14 77 1014.5 0.0 3.9 10.6 11:30 W-NW 0.999 -- - - 15 9.3 14.2 13:13 4.3 01:58 63 1018.9 0.0 3.0 9.1 11:30 N-NW 1.989 -- - - 16 9.8 15.8 11:40 6.1 06:10 60 1022.8 0.0 1.2 6.2 14:19 N 2.229 -- - - 17 9.3 18.0 13:07 1.7 05:40 58 1025.0 0.0 0.5 3.2 10:59 N-NW 3.233 -- - - 18 10.9 20.2 14:33 5.3 01:02 58 1023.0 0.0 0.5 4.3 14:15 N-NW 4.206 -- - - 19 13.9 21.9 15:11 3.1 04:05 55 1019.1 0.0 1.5 4.2 15:09 N-NW 4.984 -- - - 20 13.5 22.9 15:48 4.1 05:29 59 1019.9 0.0 0.8 6.0 10:30 E-SE 4.962 -- - - 21 16.0 25.1 14:19 4.6 05:55 50 1018.1 0.0 1.8 6.4 12:45 E-NE 6.175 -- - - 22 16.3 25.7 14:13 4.8 06:08 49 1015.8 0.0 1.4 6.9 12:27 E-SE 6.399 -- - - 23 17.4 25.9 14:02 6.6 05:11 52 1014.9 0.0 1.8 6.9 17:24 E-SE 6.241 -- - - 24 15.1 24.1 14:39 7.4 05:37 66 1016.8 8.8 2.5 11.3 19:44 E-SE 5.335 -- - - 25 13.9 20.0 15:18 7.2 05:52 75 1019.3 0.0 1.7 5.8 15:03 N 2.404 -- - - 26 11.7 14.0 15:11 10.2 05:31 83 1018.6 8.2 2.1 6.9 20:21 N 0.813 -- - - 27 14.5 21.8 15:15 8.7 02:16 71 1016.0 0.8 1.0 12.6 15:54 N-NE 3.236 -- - - 28 14.5 22.0 15:15 8.4 03:10 68 1013.8 0.0 1.1 7.3 13:04 N 3.608 -- - - 29 14.5 21.9 13:28 7.5 03:31 70 1012.7 0.0 0.9 16.1 17:55 E-NE 3.865 -- - - 30 15.3 22.2 14:15 9.2 01:05 70 1009.3 0.0 0.8 6.4 16:34 N-NE 3.650 -- - - ------------------------------------------------------------------------------------------------------------------------------ Avg: 12.8 25.9 23 1.7 17 63 1018.3 22.6 2.1 16.8 8 N-NW 102.566 Wind Run 7261.1 km Calm Values 1872 Calm in % 4.4 % Sun 0 min. Distribution WD Values 41080 Distribution WD N-NO 7.3 % Distribution WD NO 2.4 % Distribution WD NO-O 6.5 % Distribution WD O 6.2 % Distribution WD O-SO 4.9 % Distribution WD SO 3.7 % Distribution WD SO-S 1.6 % Distribution WD S 2.1 % Distribution WD S-SW 3.5 % Distribution WD SW 3.2 % Distribution WD SW-W 4.8 % Distribution WD W 9.4 % Distribution WD W-NW 14.4 % Distribution WD NW 5.6 % Distribution WD NW-N 14.6 % Distribution WD N 9.8 % Rain days >0.0 mm Month 6 Rain days >2.0 mm Month 3 Rain days >20.0 mm Month 0 Ice days max < 0°C 0 Cold days min < 0°C 0 Cool days max < 10°C 1 Summer days max >=25°C 4 Hot days max >=30°C 0 Last year same Month: Ice days max < 0°C 0 Last year same Month: Cold days min < 0°C 1 Last year same Month: Cool days max < 10°C 2 Last year same Month: Summer days max >=25°C 3 Last year same Month: Hot days max >=30°C 0 © 1999-2011 Werner Krenn / Mischa Thurnherr - Weatherstation Operating- and Data Acquisition Software - V2.96.7


  ©UMa Astronomy

Creative Commons License
Meteo by UMa Astronomy is licensed under a Creative Commons Attribution-NonCommercial-NoDerivs 3.0 Unported License.